{"id":9547,"date":"2022-11-30T16:02:55","date_gmt":"2022-11-30T16:02:55","guid":{"rendered":"https:\/\/vgi.krtk.hu\/?post_type=projekt&#038;p=9547"},"modified":"2024-01-04T15:58:37","modified_gmt":"2024-01-04T15:58:37","slug":"just-transition-in-the-european-car-industry","status":"publish","type":"projekt","link":"https:\/\/vgi.krtk.hu\/en\/projekt\/just-transition-in-the-european-car-industry\/","title":{"rendered":"Just Transition in the European Car industry"},"content":{"rendered":"<h1>Just Transition in the European Car industry<\/h1>\n<p>&nbsp;<\/p>\n<p>Leader of the project: Adelphi Research GmbH, Germany<\/p>\n<p>Local coordinator of the project: <a href=\"https:\/\/vgi.krtk.hu\/en\/colleague\/john-szabo\/\">John Szab\u00f3<\/a> (CERS Institute of World Economics)<\/p>\n<p>Implementation period: 2019 \u2013 2022<\/p>\n<p>This research project supported by The European Climate Initiative (EUKI)<\/p>\n<p>&nbsp;<\/p>\n<h1>ABOUT THE PROJECT<\/h1>\n<p style=\"text-align: justify;\">The project aims to contribute to the successful implementation of the European Green Deal and the achievement of a carbon neutral Europe by enabling a just transition to unfold. It builds an understanding on how the EU\u2019s bid to reduce emissions will affect its automotive industry. The project aims to address the automotive sector\u2019s just transition. Equipped with the new research that the consortium will conduct, the activities under\u00adtaken in the project can be a starting point for the development and implementation of a just and climate-friendly transition of the European automotive sector. The dual goal of reducing greenhouse gas emissions and the income security of Europeans seem to clash at this particular conjuncture. Taking the climate crisis seriously means phasing out internal combustion engines as well as shifting to less labour-intensive EVs and less motorised individual mobility. We seek to support the development of a framework and platform that helps European automotive stakeholders devise strategies and initiate communication on how to transform their activities to meet the demands of a carbon neutral global transportation sector in a just manner. The project\u2019s prime goal and thereby planned impact is to set the tone of automotive sector strategies in a way that social justice is at the heart of the actions considered. By raising public awareness, drafting policy proposals and building networks, the project aims to prompt politicians to confront these challenges. It aims to influence national and EU policy discourses, supporting the realisation of climate targets through a just transition.<\/p>\n<p>&nbsp;<\/p>\n<p><a href=\"https:\/\/justtransition.eu\/\">PROJET&#8217;S WEBSITE AND FINAL REPORT<\/a><\/p>\n","protected":false},"excerpt":{"rendered":"<p>Just Transition in the European Car industry &nbsp; Leader of the project: Adelphi Research GmbH, Germany Local coordinator of the project: John Szab\u00f3 (CERS Institute of World Economics) Implementation period: 2019 \u2013 2022 This research project supported by The European Climate Initiative (EUKI) &nbsp; ABOUT THE PROJECT The project aims to contribute to the successful [&hellip;]<\/p>\n","protected":false},"featured_media":8550,"template":"","meta":{"_acf_changed":false,"inline_featured_image":false,"_links_to":"","_links_to_target":""},"categories":[91],"tags":[],"class_list":["post-9547","projekt","type-projekt","status-publish","has-post-thumbnail","hentry","category-projects"],"acf":[],"yoast_head":"<!-- This site is optimized with the Yoast SEO plugin v25.1 - https:\/\/yoast.com\/wordpress\/plugins\/seo\/ -->\n<title>Just Transition in the European Car industry - VGI<\/title>\n<meta name=\"robots\" content=\"index, follow, max-snippet:-1, max-image-preview:large, max-video-preview:-1\" \/>\n<link rel=\"canonical\" href=\"https:\/\/vgi.krtk.hu\/en\/projekt\/just-transition-in-the-european-car-industry\/\" \/>\n<meta property=\"og:locale\" content=\"en_US\" \/>\n<meta property=\"og:type\" content=\"article\" \/>\n<meta property=\"og:title\" content=\"Just Transition in the European Car industry - VGI\" \/>\n<meta property=\"og:description\" content=\"Just Transition in the European Car industry &nbsp; Leader of the project: Adelphi Research GmbH, Germany Local coordinator of the project: John Szab\u00f3 (CERS Institute of World Economics) Implementation period: 2019 \u2013 2022 This research project supported by The European Climate Initiative (EUKI) &nbsp; ABOUT THE PROJECT The project aims to contribute to the successful [&hellip;]\" \/>\n<meta property=\"og:url\" content=\"https:\/\/vgi.krtk.hu\/en\/projekt\/just-transition-in-the-european-car-industry\/\" \/>\n<meta property=\"og:site_name\" content=\"VGI\" \/>\n<meta property=\"article:modified_time\" content=\"2024-01-04T15:58:37+00:00\" \/>\n<meta property=\"og:image\" content=\"https:\/\/vgi.krtk.hu\/wp-content\/uploads\/2022\/10\/JustTransition.gif\" \/>\n\t<meta property=\"og:image:width\" content=\"395\" \/>\n\t<meta property=\"og:image:height\" content=\"528\" \/>\n\t<meta property=\"og:image:type\" content=\"image\/gif\" \/>\n<meta name=\"twitter:card\" content=\"summary_large_image\" \/>\n<meta name=\"twitter:label1\" content=\"Est. reading time\" \/>\n\t<meta name=\"twitter:data1\" content=\"2 minutes\" \/>\n<script type=\"application\/ld+json\" class=\"yoast-schema-graph\">{\"@context\":\"https:\/\/schema.org\",\"@graph\":[{\"@type\":\"WebPage\",\"@id\":\"https:\/\/vgi.krtk.hu\/en\/projekt\/just-transition-in-the-european-car-industry\/\",\"url\":\"https:\/\/vgi.krtk.hu\/en\/projekt\/just-transition-in-the-european-car-industry\/\",\"name\":\"Just Transition in the European Car industry - VGI\",\"isPartOf\":{\"@id\":\"https:\/\/vgi.krtk.hu\/#website\"},\"primaryImageOfPage\":{\"@id\":\"https:\/\/vgi.krtk.hu\/en\/projekt\/just-transition-in-the-european-car-industry\/#primaryimage\"},\"image\":{\"@id\":\"https:\/\/vgi.krtk.hu\/en\/projekt\/just-transition-in-the-european-car-industry\/#primaryimage\"},\"thumbnailUrl\":\"https:\/\/vgi.krtk.hu\/wp-content\/uploads\/2022\/10\/JustTransition.gif\",\"datePublished\":\"2022-11-30T16:02:55+00:00\",\"dateModified\":\"2024-01-04T15:58:37+00:00\",\"inLanguage\":\"en-US\",\"potentialAction\":[{\"@type\":\"ReadAction\",\"target\":[\"https:\/\/vgi.krtk.hu\/en\/projekt\/just-transition-in-the-european-car-industry\/\"]}]},{\"@type\":\"ImageObject\",\"inLanguage\":\"en-US\",\"@id\":\"https:\/\/vgi.krtk.hu\/en\/projekt\/just-transition-in-the-european-car-industry\/#primaryimage\",\"url\":\"https:\/\/vgi.krtk.hu\/wp-content\/uploads\/2022\/10\/JustTransition.gif\",\"contentUrl\":\"https:\/\/vgi.krtk.hu\/wp-content\/uploads\/2022\/10\/JustTransition.gif\",\"width\":395,\"height\":528},{\"@type\":\"WebSite\",\"@id\":\"https:\/\/vgi.krtk.hu\/#website\",\"url\":\"https:\/\/vgi.krtk.hu\/\",\"name\":\"VGI\",\"description\":\"Vil\u00e1ggazdas\u00e1gi Int\u00e9zet\",\"publisher\":{\"@id\":\"https:\/\/vgi.krtk.hu\/#organization\"},\"potentialAction\":[{\"@type\":\"SearchAction\",\"target\":{\"@type\":\"EntryPoint\",\"urlTemplate\":\"https:\/\/vgi.krtk.hu\/?s={search_term_string}\"},\"query-input\":{\"@type\":\"PropertyValueSpecification\",\"valueRequired\":true,\"valueName\":\"search_term_string\"}}],\"inLanguage\":\"en-US\"},{\"@type\":\"Organization\",\"@id\":\"https:\/\/vgi.krtk.hu\/#organization\",\"name\":\"VGI\",\"url\":\"https:\/\/vgi.krtk.hu\/\",\"logo\":{\"@type\":\"ImageObject\",\"inLanguage\":\"en-US\",\"@id\":\"https:\/\/vgi.krtk.hu\/#\/schema\/logo\/image\/\",\"url\":\"https:\/\/vgi.krtk.hu\/wp-content\/uploads\/2022\/08\/cropped-Group-960-1.png\",\"contentUrl\":\"https:\/\/vgi.krtk.hu\/wp-content\/uploads\/2022\/08\/cropped-Group-960-1.png\",\"width\":199,\"height\":57,\"caption\":\"VGI\"},\"image\":{\"@id\":\"https:\/\/vgi.krtk.hu\/#\/schema\/logo\/image\/\"}}]}<\/script>\n<!-- \/ Yoast SEO plugin. -->","yoast_head_json":{"title":"Just Transition in the European Car industry - VGI","robots":{"index":"index","follow":"follow","max-snippet":"max-snippet:-1","max-image-preview":"max-image-preview:large","max-video-preview":"max-video-preview:-1"},"canonical":"https:\/\/vgi.krtk.hu\/en\/projekt\/just-transition-in-the-european-car-industry\/","og_locale":"en_US","og_type":"article","og_title":"Just Transition in the European Car industry - VGI","og_description":"Just Transition in the European Car industry &nbsp; Leader of the project: Adelphi Research GmbH, Germany Local coordinator of the project: John Szab\u00f3 (CERS Institute of World Economics) Implementation period: 2019 \u2013 2022 This research project supported by The European Climate Initiative (EUKI) &nbsp; ABOUT THE PROJECT The project aims to contribute to the successful [&hellip;]","og_url":"https:\/\/vgi.krtk.hu\/en\/projekt\/just-transition-in-the-european-car-industry\/","og_site_name":"VGI","article_modified_time":"2024-01-04T15:58:37+00:00","og_image":[{"width":395,"height":528,"url":"https:\/\/vgi.krtk.hu\/wp-content\/uploads\/2022\/10\/JustTransition.gif","type":"image\/gif"}],"twitter_card":"summary_large_image","twitter_misc":{"Est. reading time":"2 minutes"},"schema":{"@context":"https:\/\/schema.org","@graph":[{"@type":"WebPage","@id":"https:\/\/vgi.krtk.hu\/en\/projekt\/just-transition-in-the-european-car-industry\/","url":"https:\/\/vgi.krtk.hu\/en\/projekt\/just-transition-in-the-european-car-industry\/","name":"Just Transition in the European Car industry - VGI","isPartOf":{"@id":"https:\/\/vgi.krtk.hu\/#website"},"primaryImageOfPage":{"@id":"https:\/\/vgi.krtk.hu\/en\/projekt\/just-transition-in-the-european-car-industry\/#primaryimage"},"image":{"@id":"https:\/\/vgi.krtk.hu\/en\/projekt\/just-transition-in-the-european-car-industry\/#primaryimage"},"thumbnailUrl":"https:\/\/vgi.krtk.hu\/wp-content\/uploads\/2022\/10\/JustTransition.gif","datePublished":"2022-11-30T16:02:55+00:00","dateModified":"2024-01-04T15:58:37+00:00","inLanguage":"en-US","potentialAction":[{"@type":"ReadAction","target":["https:\/\/vgi.krtk.hu\/en\/projekt\/just-transition-in-the-european-car-industry\/"]}]},{"@type":"ImageObject","inLanguage":"en-US","@id":"https:\/\/vgi.krtk.hu\/en\/projekt\/just-transition-in-the-european-car-industry\/#primaryimage","url":"https:\/\/vgi.krtk.hu\/wp-content\/uploads\/2022\/10\/JustTransition.gif","contentUrl":"https:\/\/vgi.krtk.hu\/wp-content\/uploads\/2022\/10\/JustTransition.gif","width":395,"height":528},{"@type":"WebSite","@id":"https:\/\/vgi.krtk.hu\/#website","url":"https:\/\/vgi.krtk.hu\/","name":"VGI","description":"Vil\u00e1ggazdas\u00e1gi Int\u00e9zet","publisher":{"@id":"https:\/\/vgi.krtk.hu\/#organization"},"potentialAction":[{"@type":"SearchAction","target":{"@type":"EntryPoint","urlTemplate":"https:\/\/vgi.krtk.hu\/?s={search_term_string}"},"query-input":{"@type":"PropertyValueSpecification","valueRequired":true,"valueName":"search_term_string"}}],"inLanguage":"en-US"},{"@type":"Organization","@id":"https:\/\/vgi.krtk.hu\/#organization","name":"VGI","url":"https:\/\/vgi.krtk.hu\/","logo":{"@type":"ImageObject","inLanguage":"en-US","@id":"https:\/\/vgi.krtk.hu\/#\/schema\/logo\/image\/","url":"https:\/\/vgi.krtk.hu\/wp-content\/uploads\/2022\/08\/cropped-Group-960-1.png","contentUrl":"https:\/\/vgi.krtk.hu\/wp-content\/uploads\/2022\/08\/cropped-Group-960-1.png","width":199,"height":57,"caption":"VGI"},"image":{"@id":"https:\/\/vgi.krtk.hu\/#\/schema\/logo\/image\/"}}]}},"_links":{"self":[{"href":"https:\/\/vgi.krtk.hu\/en\/wp-json\/wp\/v2\/projekt\/9547","targetHints":{"allow":["GET"]}}],"collection":[{"href":"https:\/\/vgi.krtk.hu\/en\/wp-json\/wp\/v2\/projekt"}],"about":[{"href":"https:\/\/vgi.krtk.hu\/en\/wp-json\/wp\/v2\/types\/projekt"}],"wp:featuredmedia":[{"embeddable":true,"href":"https:\/\/vgi.krtk.hu\/en\/wp-json\/wp\/v2\/media\/8550"}],"wp:attachment":[{"href":"https:\/\/vgi.krtk.hu\/en\/wp-json\/wp\/v2\/media?parent=9547"}],"wp:term":[{"taxonomy":"category","embeddable":true,"href":"https:\/\/vgi.krtk.hu\/en\/wp-json\/wp\/v2\/categories?post=9547"},{"taxonomy":"post_tag","embeddable":true,"href":"https:\/\/vgi.krtk.hu\/en\/wp-json\/wp\/v2\/tags?post=9547"}],"curies":[{"name":"wp","href":"https:\/\/api.w.org\/{rel}","templated":true}]}}

<h1>Just Transition in the European Car industry</h1>
<p>&nbsp;</p>
<p>Leader of the project: Adelphi Research GmbH, Germany</p>
<p>Local coordinator of the project: <a href="https://vgi.krtk.hu/en/colleague/john-szabo/">John Szabó</a> (CERS Institute of World Economics)</p>
<p>Implementation period: 2019 – 2022</p>
<p>This research project supported by The European Climate Initiative (EUKI)</p>
<p>&nbsp;</p>
<h1>ABOUT THE PROJECT</h1>
<p style="text-align: justify;">The project aims to contribute to the successful implementation of the European Green Deal and the achievement of a carbon neutral Europe by enabling a just transition to unfold. It builds an understanding on how the EU’s bid to reduce emissions will affect its automotive industry. The project aims to address the automotive sector’s just transition. Equipped with the new research that the consortium will conduct, the activities under­taken in the project can be a starting point for the development and implementation of a just and climate-friendly transition of the European automotive sector. The dual goal of reducing greenhouse gas emissions and the income security of Europeans seem to clash at this particular conjuncture. Taking the climate crisis seriously means phasing out internal combustion engines as well as shifting to less labour-intensive EVs and less motorised individual mobility. We seek to support the development of a framework and platform that helps European automotive stakeholders devise strategies and initiate communication on how to transform their activities to meet the demands of a carbon neutral global transportation sector in a just manner. The project’s prime goal and thereby planned impact is to set the tone of automotive sector strategies in a way that social justice is at the heart of the actions considered. By raising public awareness, drafting policy proposals and building networks, the project aims to prompt politicians to confront these challenges. It aims to influence national and EU policy discourses, supporting the realisation of climate targets through a just transition.</p>
<p>&nbsp;</p>
<p><a href="https://justtransition.eu/">PROJET&#8217;S WEBSITE AND FINAL REPORT</a></p>

<p>Just Transition in the European Car industry &nbsp; Leader of the project: Adelphi Research GmbH, Germany Local coordinator of the project: John Szabó (CERS Institute of World Economics) Implementation period: 2019 – 2022 This research project supported by The European Climate Initiative (EUKI) &nbsp; ABOUT THE PROJECT The project aims to contribute to the successful [&hellip;]</p>

<!-- This site is optimized with the Yoast SEO plugin v25.1 - https://yoast.com/wordpress/plugins/seo/ -->
<title>Just Transition in the European Car industry - VGI</title>
<meta name="robots" content="index, follow, max-snippet:-1, max-image-preview:large, max-video-preview:-1" />
<link rel="canonical" href="https://vgi.krtk.hu/en/projekt/just-transition-in-the-european-car-industry/" />
<meta property="og:locale" content="en_US" />
<meta property="og:type" content="article" />
<meta property="og:title" content="Just Transition in the European Car industry - VGI" />
<meta property="og:description" content="Just Transition in the European Car industry &nbsp; Leader of the project: Adelphi Research GmbH, Germany Local coordinator of the project: John Szabó (CERS Institute of World Economics) Implementation period: 2019 – 2022 This research project supported by The European Climate Initiative (EUKI) &nbsp; ABOUT THE PROJECT The project aims to contribute to the successful [&hellip;]" />
<meta property="og:url" content="https://vgi.krtk.hu/en/projekt/just-transition-in-the-european-car-industry/" />
<meta property="og:site_name" content="VGI" />
<meta property="article:modified_time" content="2024-01-04T15:58:37+00:00" />
<meta property="og:image" content="https://vgi.krtk.hu/wp-content/uploads/2022/10/JustTransition.gif" />
	<meta property="og:image:width" content="395" />
	<meta property="og:image:height" content="528" />
	<meta property="og:image:type" content="image/gif" />
<meta name="twitter:card" content="summary_large_image" />
<meta name="twitter:label1" content="Est. reading time" />
	<meta name="twitter:data1" content="2 minutes" />
<script type="application/ld+json" class="yoast-schema-graph">{"@context":"https://schema.org","@graph":[{"@type":"WebPage","@id":"https://vgi.krtk.hu/en/projekt/just-transition-in-the-european-car-industry/","url":"https://vgi.krtk.hu/en/projekt/just-transition-in-the-european-car-industry/","name":"Just Transition in the European Car industry - VGI","isPartOf":{"@id":"https://vgi.krtk.hu/#website"},"primaryImageOfPage":{"@id":"https://vgi.krtk.hu/en/projekt/just-transition-in-the-european-car-industry/#primaryimage"},"image":{"@id":"https://vgi.krtk.hu/en/projekt/just-transition-in-the-european-car-industry/#primaryimage"},"thumbnailUrl":"https://vgi.krtk.hu/wp-content/uploads/2022/10/JustTransition.gif","datePublished":"2022-11-30T16:02:55+00:00","dateModified":"2024-01-04T15:58:37+00:00","inLanguage":"en-US","potentialAction":[{"@type":"ReadAction","target":["https://vgi.krtk.hu/en/projekt/just-transition-in-the-european-car-industry/"]}]},{"@type":"ImageObject","inLanguage":"en-US","@id":"https://vgi.krtk.hu/en/projekt/just-transition-in-the-european-car-industry/#primaryimage","url":"https://vgi.krtk.hu/wp-content/uploads/2022/10/JustTransition.gif","contentUrl":"https://vgi.krtk.hu/wp-content/uploads/2022/10/JustTransition.gif","width":395,"height":528},{"@type":"WebSite","@id":"https://vgi.krtk.hu/#website","url":"https://vgi.krtk.hu/","name":"VGI","description":"Világgazdasági Intézet","publisher":{"@id":"https://vgi.krtk.hu/#organization"},"potentialAction":[{"@type":"SearchAction","target":{"@type":"EntryPoint","urlTemplate":"https://vgi.krtk.hu/?s={search_term_string}"},"query-input":{"@type":"PropertyValueSpecification","valueRequired":true,"valueName":"search_term_string"}}],"inLanguage":"en-US"},{"@type":"Organization","@id":"https://vgi.krtk.hu/#organization","name":"VGI","url":"https://vgi.krtk.hu/","logo":{"@type":"ImageObject","inLanguage":"en-US","@id":"https://vgi.krtk.hu/#/schema/logo/image/","url":"https://vgi.krtk.hu/wp-content/uploads/2022/08/cropped-Group-960-1.png","contentUrl":"https://vgi.krtk.hu/wp-content/uploads/2022/08/cropped-Group-960-1.png","width":199,"height":57,"caption":"VGI"},"image":{"@id":"https://vgi.krtk.hu/#/schema/logo/image/"}}]}</script>
<!-- / Yoast SEO plugin. -->

Just Transition in the European Car industry &nbsp; Leader of the project: Adelphi Research GmbH, Germany Local coordinator of the project: John Szabó (CERS Institute of World Economics) Implementation period: 2019 – 2022 This research project supported by The European Climate Initiative (EUKI) &nbsp; ABOUT THE PROJECT The project aims to contribute to the successful [&hellip;]

Világgazdasági Intézet
