{"id":10694,"date":"2024-10-02T10:39:26","date_gmt":"2024-10-02T10:39:26","guid":{"rendered":"https:\/\/vgi.krtk.hu\/?post_type=publikacio&#038;p=10694"},"modified":"2024-10-02T10:40:37","modified_gmt":"2024-10-02T10:40:37","slug":"mazac-j-muth-d-misik-m-tichy-l-zuk-p-civic-energy-self-defense-in-the-visegrad-gruop","status":"publish","type":"publikacio","link":"https:\/\/vgi.krtk.hu\/en\/publikacio\/mazac-j-muth-d-misik-m-tichy-l-zuk-p-civic-energy-self-defense-in-the-visegrad-gruop\/","title":{"rendered":"Maza\u010d, J., Muth, D., Mi\u0161\u00edk, M., Tich\u00fd, L., \u017buk, P.: Civic Energy Self-Defense in the Visegrad Gruop"},"content":{"rendered":"<h1><span class=\"x193iq5w xeuugli x13faqbe x1vvkbs x1xmvt09 x1lliihq x1s928wv xhkezso x1gmr53x x1cpjm7i x1fgarty x1943h6x xudqn12 x3x7a5m x6prxxf xvq8zen xo1l8bm xzsf02u x1yc453h\" dir=\"auto\">Civic Energy Self-Defense in the Visegrad Gruop<\/span><\/h1>\n<p>&nbsp;<\/p>\n<p>Authors: Jan Maza\u010d, <a href=\"https:\/\/vgi.krtk.hu\/en\/colleague\/daniel-muth\/\">D\u00e1niel Muth<\/a>, Mat\u00fa\u0161 Mi\u0161\u00edk, Luk\u00e1\u0161 Tich\u00fd, Pawe\u0142 \u017buk<\/p>\n<p><span class=\"x193iq5w xeuugli x13faqbe x1vvkbs x1xmvt09 x1lliihq x1s928wv xhkezso x1gmr53x x1cpjm7i x1fgarty x1943h6x xudqn12 x3x7a5m x6prxxf xvq8zen xo1l8bm xzsf02u x1yc453h\" dir=\"auto\">In: <em>Civic Energy Self-Defense in the Visegrad Gruop<\/em>. <\/span>Bratislava: Comenius University, September 2024<\/p>\n<p>&nbsp;<\/p>\n<h1>Abstract<\/h1>\n<p style=\"text-align: justify;\">The war in Ukraine has triggered several different psychological, social, and economic reactions in societies. In the socio-economic aspect, the armed conflict in Ukraine evokes a sense of financial and social threat in many European societies. Among the main reasons for unrest in the economic area is the concern about energy security and price of energy that started in connection with economic recovery from the COVID-19 pandemic and spiked as the consequence of the Russian invasion. To examine these challenges in the Visegrad Group (V4) countries \u2013 the Czech Republic, Hungary, Poland and Slovakia \u2013 the International Visegrad Fund supported project entitled \u201cCivic energy self-defence in the shadow of the war in Ukraine: grassroots energy activities in V4\u201d. This project was implemented by researchers from universities and think-tanks of all four countries and this report is one of its outputs. It presents findings from our empirical research conducted in early 2024. After this short introduction, four chapters discuss results of research conducted in individual countries. Conclusion summarizes the main findings and aggregates them for the whole Visegrad Group. Besides this report the project\u2019s outputs include also four policy briefs with a short summary of our findings and policy recommendations. These policy briefs are in English language, but also all four national languages (Czech, Hungarian, Polish, and Slovak) can be found on project web pages.<\/p>\n","protected":false},"excerpt":{"rendered":"<p>Civic Energy Self-Defense in the Visegrad Gruop &nbsp; Authors: Jan Maza\u010d, D\u00e1niel Muth, Mat\u00fa\u0161 Mi\u0161\u00edk, Luk\u00e1\u0161 Tich\u00fd, Pawe\u0142 \u017buk In: Civic Energy Self-Defense in the Visegrad Gruop. Bratislava: Comenius University, September 2024 &nbsp; Abstract The war in Ukraine has triggered several different psychological, social, and economic reactions in societies. In the socio-economic aspect, the armed [&hellip;]<\/p>\n","protected":false},"featured_media":10685,"template":"","meta":{"_acf_changed":false,"inline_featured_image":false,"_links_to":"","_links_to_target":""},"categories":[104,100],"tags":[355],"class_list":["post-10694","publikacio","type-publikacio","status-publish","has-post-thumbnail","hentry","category-external-publications","category-publications","tag-daniel-muth-en"],"acf":[],"yoast_head":"<!-- This site is optimized with the Yoast SEO plugin v25.1 - https:\/\/yoast.com\/wordpress\/plugins\/seo\/ -->\n<title>Maza\u010d, J., Muth, D., Mi\u0161\u00edk, M., Tich\u00fd, L., \u017buk, P.: Civic Energy Self-Defense in the Visegrad Gruop - VGI<\/title>\n<meta name=\"robots\" content=\"index, follow, max-snippet:-1, max-image-preview:large, max-video-preview:-1\" \/>\n<link rel=\"canonical\" href=\"https:\/\/vgi.krtk.hu\/en\/publikacio\/mazac-j-muth-d-misik-m-tichy-l-zuk-p-civic-energy-self-defense-in-the-visegrad-gruop\/\" \/>\n<meta property=\"og:locale\" content=\"en_US\" \/>\n<meta property=\"og:type\" content=\"article\" \/>\n<meta property=\"og:title\" content=\"Maza\u010d, J., Muth, D., Mi\u0161\u00edk, M., Tich\u00fd, L., \u017buk, P.: Civic Energy Self-Defense in the Visegrad Gruop - VGI\" \/>\n<meta property=\"og:description\" content=\"Civic Energy Self-Defense in the Visegrad Gruop &nbsp; Authors: Jan Maza\u010d, D\u00e1niel Muth, Mat\u00fa\u0161 Mi\u0161\u00edk, Luk\u00e1\u0161 Tich\u00fd, Pawe\u0142 \u017buk In: Civic Energy Self-Defense in the Visegrad Gruop. Bratislava: Comenius University, September 2024 &nbsp; Abstract The war in Ukraine has triggered several different psychological, social, and economic reactions in societies. In the socio-economic aspect, the armed [&hellip;]\" \/>\n<meta property=\"og:url\" content=\"https:\/\/vgi.krtk.hu\/en\/publikacio\/mazac-j-muth-d-misik-m-tichy-l-zuk-p-civic-energy-self-defense-in-the-visegrad-gruop\/\" \/>\n<meta property=\"og:site_name\" content=\"VGI\" \/>\n<meta property=\"article:modified_time\" content=\"2024-10-02T10:40:37+00:00\" \/>\n<meta property=\"og:image\" content=\"https:\/\/vgi.krtk.hu\/wp-content\/uploads\/2024\/10\/Muth_Visegrad.gif\" \/>\n\t<meta property=\"og:image:width\" content=\"823\" \/>\n\t<meta property=\"og:image:height\" content=\"1100\" \/>\n\t<meta property=\"og:image:type\" content=\"image\/gif\" \/>\n<meta name=\"twitter:card\" content=\"summary_large_image\" \/>\n<meta name=\"twitter:label1\" content=\"Est. reading time\" \/>\n\t<meta name=\"twitter:data1\" content=\"2 minutes\" \/>\n<script type=\"application\/ld+json\" class=\"yoast-schema-graph\">{\"@context\":\"https:\/\/schema.org\",\"@graph\":[{\"@type\":\"WebPage\",\"@id\":\"https:\/\/vgi.krtk.hu\/en\/publikacio\/mazac-j-muth-d-misik-m-tichy-l-zuk-p-civic-energy-self-defense-in-the-visegrad-gruop\/\",\"url\":\"https:\/\/vgi.krtk.hu\/en\/publikacio\/mazac-j-muth-d-misik-m-tichy-l-zuk-p-civic-energy-self-defense-in-the-visegrad-gruop\/\",\"name\":\"Maza\u010d, J., Muth, D., Mi\u0161\u00edk, M., Tich\u00fd, L., \u017buk, P.: Civic Energy Self-Defense in the Visegrad Gruop - VGI\",\"isPartOf\":{\"@id\":\"https:\/\/vgi.krtk.hu\/#website\"},\"primaryImageOfPage\":{\"@id\":\"https:\/\/vgi.krtk.hu\/en\/publikacio\/mazac-j-muth-d-misik-m-tichy-l-zuk-p-civic-energy-self-defense-in-the-visegrad-gruop\/#primaryimage\"},\"image\":{\"@id\":\"https:\/\/vgi.krtk.hu\/en\/publikacio\/mazac-j-muth-d-misik-m-tichy-l-zuk-p-civic-energy-self-defense-in-the-visegrad-gruop\/#primaryimage\"},\"thumbnailUrl\":\"https:\/\/vgi.krtk.hu\/wp-content\/uploads\/2024\/10\/Muth_Visegrad.gif\",\"datePublished\":\"2024-10-02T10:39:26+00:00\",\"dateModified\":\"2024-10-02T10:40:37+00:00\",\"inLanguage\":\"en-US\",\"potentialAction\":[{\"@type\":\"ReadAction\",\"target\":[\"https:\/\/vgi.krtk.hu\/en\/publikacio\/mazac-j-muth-d-misik-m-tichy-l-zuk-p-civic-energy-self-defense-in-the-visegrad-gruop\/\"]}]},{\"@type\":\"ImageObject\",\"inLanguage\":\"en-US\",\"@id\":\"https:\/\/vgi.krtk.hu\/en\/publikacio\/mazac-j-muth-d-misik-m-tichy-l-zuk-p-civic-energy-self-defense-in-the-visegrad-gruop\/#primaryimage\",\"url\":\"https:\/\/vgi.krtk.hu\/wp-content\/uploads\/2024\/10\/Muth_Visegrad.gif\",\"contentUrl\":\"https:\/\/vgi.krtk.hu\/wp-content\/uploads\/2024\/10\/Muth_Visegrad.gif\",\"width\":823,\"height\":1100},{\"@type\":\"WebSite\",\"@id\":\"https:\/\/vgi.krtk.hu\/#website\",\"url\":\"https:\/\/vgi.krtk.hu\/\",\"name\":\"VGI\",\"description\":\"Vil\u00e1ggazdas\u00e1gi Int\u00e9zet\",\"publisher\":{\"@id\":\"https:\/\/vgi.krtk.hu\/#organization\"},\"potentialAction\":[{\"@type\":\"SearchAction\",\"target\":{\"@type\":\"EntryPoint\",\"urlTemplate\":\"https:\/\/vgi.krtk.hu\/?s={search_term_string}\"},\"query-input\":{\"@type\":\"PropertyValueSpecification\",\"valueRequired\":true,\"valueName\":\"search_term_string\"}}],\"inLanguage\":\"en-US\"},{\"@type\":\"Organization\",\"@id\":\"https:\/\/vgi.krtk.hu\/#organization\",\"name\":\"VGI\",\"url\":\"https:\/\/vgi.krtk.hu\/\",\"logo\":{\"@type\":\"ImageObject\",\"inLanguage\":\"en-US\",\"@id\":\"https:\/\/vgi.krtk.hu\/#\/schema\/logo\/image\/\",\"url\":\"https:\/\/vgi.krtk.hu\/wp-content\/uploads\/2022\/08\/cropped-Group-960-1.png\",\"contentUrl\":\"https:\/\/vgi.krtk.hu\/wp-content\/uploads\/2022\/08\/cropped-Group-960-1.png\",\"width\":199,\"height\":57,\"caption\":\"VGI\"},\"image\":{\"@id\":\"https:\/\/vgi.krtk.hu\/#\/schema\/logo\/image\/\"}}]}<\/script>\n<!-- \/ Yoast SEO plugin. -->","yoast_head_json":{"title":"Maza\u010d, J., Muth, D., Mi\u0161\u00edk, M., Tich\u00fd, L., \u017buk, P.: Civic Energy Self-Defense in the Visegrad Gruop - VGI","robots":{"index":"index","follow":"follow","max-snippet":"max-snippet:-1","max-image-preview":"max-image-preview:large","max-video-preview":"max-video-preview:-1"},"canonical":"https:\/\/vgi.krtk.hu\/en\/publikacio\/mazac-j-muth-d-misik-m-tichy-l-zuk-p-civic-energy-self-defense-in-the-visegrad-gruop\/","og_locale":"en_US","og_type":"article","og_title":"Maza\u010d, J., Muth, D., Mi\u0161\u00edk, M., Tich\u00fd, L., \u017buk, P.: Civic Energy Self-Defense in the Visegrad Gruop - VGI","og_description":"Civic Energy Self-Defense in the Visegrad Gruop &nbsp; Authors: Jan Maza\u010d, D\u00e1niel Muth, Mat\u00fa\u0161 Mi\u0161\u00edk, Luk\u00e1\u0161 Tich\u00fd, Pawe\u0142 \u017buk In: Civic Energy Self-Defense in the Visegrad Gruop. Bratislava: Comenius University, September 2024 &nbsp; Abstract The war in Ukraine has triggered several different psychological, social, and economic reactions in societies. In the socio-economic aspect, the armed [&hellip;]","og_url":"https:\/\/vgi.krtk.hu\/en\/publikacio\/mazac-j-muth-d-misik-m-tichy-l-zuk-p-civic-energy-self-defense-in-the-visegrad-gruop\/","og_site_name":"VGI","article_modified_time":"2024-10-02T10:40:37+00:00","og_image":[{"width":823,"height":1100,"url":"https:\/\/vgi.krtk.hu\/wp-content\/uploads\/2024\/10\/Muth_Visegrad.gif","type":"image\/gif"}],"twitter_card":"summary_large_image","twitter_misc":{"Est. reading time":"2 minutes"},"schema":{"@context":"https:\/\/schema.org","@graph":[{"@type":"WebPage","@id":"https:\/\/vgi.krtk.hu\/en\/publikacio\/mazac-j-muth-d-misik-m-tichy-l-zuk-p-civic-energy-self-defense-in-the-visegrad-gruop\/","url":"https:\/\/vgi.krtk.hu\/en\/publikacio\/mazac-j-muth-d-misik-m-tichy-l-zuk-p-civic-energy-self-defense-in-the-visegrad-gruop\/","name":"Maza\u010d, J., Muth, D., Mi\u0161\u00edk, M., Tich\u00fd, L., \u017buk, P.: Civic Energy Self-Defense in the Visegrad Gruop - VGI","isPartOf":{"@id":"https:\/\/vgi.krtk.hu\/#website"},"primaryImageOfPage":{"@id":"https:\/\/vgi.krtk.hu\/en\/publikacio\/mazac-j-muth-d-misik-m-tichy-l-zuk-p-civic-energy-self-defense-in-the-visegrad-gruop\/#primaryimage"},"image":{"@id":"https:\/\/vgi.krtk.hu\/en\/publikacio\/mazac-j-muth-d-misik-m-tichy-l-zuk-p-civic-energy-self-defense-in-the-visegrad-gruop\/#primaryimage"},"thumbnailUrl":"https:\/\/vgi.krtk.hu\/wp-content\/uploads\/2024\/10\/Muth_Visegrad.gif","datePublished":"2024-10-02T10:39:26+00:00","dateModified":"2024-10-02T10:40:37+00:00","inLanguage":"en-US","potentialAction":[{"@type":"ReadAction","target":["https:\/\/vgi.krtk.hu\/en\/publikacio\/mazac-j-muth-d-misik-m-tichy-l-zuk-p-civic-energy-self-defense-in-the-visegrad-gruop\/"]}]},{"@type":"ImageObject","inLanguage":"en-US","@id":"https:\/\/vgi.krtk.hu\/en\/publikacio\/mazac-j-muth-d-misik-m-tichy-l-zuk-p-civic-energy-self-defense-in-the-visegrad-gruop\/#primaryimage","url":"https:\/\/vgi.krtk.hu\/wp-content\/uploads\/2024\/10\/Muth_Visegrad.gif","contentUrl":"https:\/\/vgi.krtk.hu\/wp-content\/uploads\/2024\/10\/Muth_Visegrad.gif","width":823,"height":1100},{"@type":"WebSite","@id":"https:\/\/vgi.krtk.hu\/#website","url":"https:\/\/vgi.krtk.hu\/","name":"VGI","description":"Vil\u00e1ggazdas\u00e1gi Int\u00e9zet","publisher":{"@id":"https:\/\/vgi.krtk.hu\/#organization"},"potentialAction":[{"@type":"SearchAction","target":{"@type":"EntryPoint","urlTemplate":"https:\/\/vgi.krtk.hu\/?s={search_term_string}"},"query-input":{"@type":"PropertyValueSpecification","valueRequired":true,"valueName":"search_term_string"}}],"inLanguage":"en-US"},{"@type":"Organization","@id":"https:\/\/vgi.krtk.hu\/#organization","name":"VGI","url":"https:\/\/vgi.krtk.hu\/","logo":{"@type":"ImageObject","inLanguage":"en-US","@id":"https:\/\/vgi.krtk.hu\/#\/schema\/logo\/image\/","url":"https:\/\/vgi.krtk.hu\/wp-content\/uploads\/2022\/08\/cropped-Group-960-1.png","contentUrl":"https:\/\/vgi.krtk.hu\/wp-content\/uploads\/2022\/08\/cropped-Group-960-1.png","width":199,"height":57,"caption":"VGI"},"image":{"@id":"https:\/\/vgi.krtk.hu\/#\/schema\/logo\/image\/"}}]}},"_links":{"self":[{"href":"https:\/\/vgi.krtk.hu\/en\/wp-json\/wp\/v2\/publikacio\/10694","targetHints":{"allow":["GET"]}}],"collection":[{"href":"https:\/\/vgi.krtk.hu\/en\/wp-json\/wp\/v2\/publikacio"}],"about":[{"href":"https:\/\/vgi.krtk.hu\/en\/wp-json\/wp\/v2\/types\/publikacio"}],"wp:featuredmedia":[{"embeddable":true,"href":"https:\/\/vgi.krtk.hu\/en\/wp-json\/wp\/v2\/media\/10685"}],"wp:attachment":[{"href":"https:\/\/vgi.krtk.hu\/en\/wp-json\/wp\/v2\/media?parent=10694"}],"wp:term":[{"taxonomy":"category","embeddable":true,"href":"https:\/\/vgi.krtk.hu\/en\/wp-json\/wp\/v2\/categories?post=10694"},{"taxonomy":"post_tag","embeddable":true,"href":"https:\/\/vgi.krtk.hu\/en\/wp-json\/wp\/v2\/tags?post=10694"}],"curies":[{"name":"wp","href":"https:\/\/api.w.org\/{rel}","templated":true}]}}

Mazač, J., Muth, D., Mišík, M., Tichý, L., Żuk, P.: Civic Energy Self-Defense in the Visegrad Gruop

<h1><span class="x193iq5w xeuugli x13faqbe x1vvkbs x1xmvt09 x1lliihq x1s928wv xhkezso x1gmr53x x1cpjm7i x1fgarty x1943h6x xudqn12 x3x7a5m x6prxxf xvq8zen xo1l8bm xzsf02u x1yc453h" dir="auto">Civic Energy Self-Defense in the Visegrad Gruop</span></h1>
<p>&nbsp;</p>
<p>Authors: Jan Mazač, <a href="https://vgi.krtk.hu/en/colleague/daniel-muth/">Dániel Muth</a>, Matúš Mišík, Lukáš Tichý, Paweł Żuk</p>
<p><span class="x193iq5w xeuugli x13faqbe x1vvkbs x1xmvt09 x1lliihq x1s928wv xhkezso x1gmr53x x1cpjm7i x1fgarty x1943h6x xudqn12 x3x7a5m x6prxxf xvq8zen xo1l8bm xzsf02u x1yc453h" dir="auto">In: <em>Civic Energy Self-Defense in the Visegrad Gruop</em>. </span>Bratislava: Comenius University, September 2024</p>
<p>&nbsp;</p>
<h1>Abstract</h1>
<p style="text-align: justify;">The war in Ukraine has triggered several different psychological, social, and economic reactions in societies. In the socio-economic aspect, the armed conflict in Ukraine evokes a sense of financial and social threat in many European societies. Among the main reasons for unrest in the economic area is the concern about energy security and price of energy that started in connection with economic recovery from the COVID-19 pandemic and spiked as the consequence of the Russian invasion. To examine these challenges in the Visegrad Group (V4) countries – the Czech Republic, Hungary, Poland and Slovakia – the International Visegrad Fund supported project entitled “Civic energy self-defence in the shadow of the war in Ukraine: grassroots energy activities in V4”. This project was implemented by researchers from universities and think-tanks of all four countries and this report is one of its outputs. It presents findings from our empirical research conducted in early 2024. After this short introduction, four chapters discuss results of research conducted in individual countries. Conclusion summarizes the main findings and aggregates them for the whole Visegrad Group. Besides this report the project’s outputs include also four policy briefs with a short summary of our findings and policy recommendations. These policy briefs are in English language, but also all four national languages (Czech, Hungarian, Polish, and Slovak) can be found on project web pages.</p>

<p>Civic Energy Self-Defense in the Visegrad Gruop &nbsp; Authors: Jan Mazač, Dániel Muth, Matúš Mišík, Lukáš Tichý, Paweł Żuk In: Civic Energy Self-Defense in the Visegrad Gruop. Bratislava: Comenius University, September 2024 &nbsp; Abstract The war in Ukraine has triggered several different psychological, social, and economic reactions in societies. In the socio-economic aspect, the armed [&hellip;]</p>

<!-- This site is optimized with the Yoast SEO plugin v25.1 - https://yoast.com/wordpress/plugins/seo/ -->
<title>Mazač, J., Muth, D., Mišík, M., Tichý, L., Żuk, P.: Civic Energy Self-Defense in the Visegrad Gruop - VGI</title>
<meta name="robots" content="index, follow, max-snippet:-1, max-image-preview:large, max-video-preview:-1" />
<link rel="canonical" href="https://vgi.krtk.hu/en/publikacio/mazac-j-muth-d-misik-m-tichy-l-zuk-p-civic-energy-self-defense-in-the-visegrad-gruop/" />
<meta property="og:locale" content="en_US" />
<meta property="og:type" content="article" />
<meta property="og:title" content="Mazač, J., Muth, D., Mišík, M., Tichý, L., Żuk, P.: Civic Energy Self-Defense in the Visegrad Gruop - VGI" />
<meta property="og:description" content="Civic Energy Self-Defense in the Visegrad Gruop &nbsp; Authors: Jan Mazač, Dániel Muth, Matúš Mišík, Lukáš Tichý, Paweł Żuk In: Civic Energy Self-Defense in the Visegrad Gruop. Bratislava: Comenius University, September 2024 &nbsp; Abstract The war in Ukraine has triggered several different psychological, social, and economic reactions in societies. In the socio-economic aspect, the armed [&hellip;]" />
<meta property="og:url" content="https://vgi.krtk.hu/en/publikacio/mazac-j-muth-d-misik-m-tichy-l-zuk-p-civic-energy-self-defense-in-the-visegrad-gruop/" />
<meta property="og:site_name" content="VGI" />
<meta property="article:modified_time" content="2024-10-02T10:40:37+00:00" />
<meta property="og:image" content="https://vgi.krtk.hu/wp-content/uploads/2024/10/Muth_Visegrad.gif" />
	<meta property="og:image:width" content="823" />
	<meta property="og:image:height" content="1100" />
	<meta property="og:image:type" content="image/gif" />
<meta name="twitter:card" content="summary_large_image" />
<meta name="twitter:label1" content="Est. reading time" />
	<meta name="twitter:data1" content="2 minutes" />
<script type="application/ld+json" class="yoast-schema-graph">{"@context":"https://schema.org","@graph":[{"@type":"WebPage","@id":"https://vgi.krtk.hu/en/publikacio/mazac-j-muth-d-misik-m-tichy-l-zuk-p-civic-energy-self-defense-in-the-visegrad-gruop/","url":"https://vgi.krtk.hu/en/publikacio/mazac-j-muth-d-misik-m-tichy-l-zuk-p-civic-energy-self-defense-in-the-visegrad-gruop/","name":"Mazač, J., Muth, D., Mišík, M., Tichý, L., Żuk, P.: Civic Energy Self-Defense in the Visegrad Gruop - VGI","isPartOf":{"@id":"https://vgi.krtk.hu/#website"},"primaryImageOfPage":{"@id":"https://vgi.krtk.hu/en/publikacio/mazac-j-muth-d-misik-m-tichy-l-zuk-p-civic-energy-self-defense-in-the-visegrad-gruop/#primaryimage"},"image":{"@id":"https://vgi.krtk.hu/en/publikacio/mazac-j-muth-d-misik-m-tichy-l-zuk-p-civic-energy-self-defense-in-the-visegrad-gruop/#primaryimage"},"thumbnailUrl":"https://vgi.krtk.hu/wp-content/uploads/2024/10/Muth_Visegrad.gif","datePublished":"2024-10-02T10:39:26+00:00","dateModified":"2024-10-02T10:40:37+00:00","inLanguage":"en-US","potentialAction":[{"@type":"ReadAction","target":["https://vgi.krtk.hu/en/publikacio/mazac-j-muth-d-misik-m-tichy-l-zuk-p-civic-energy-self-defense-in-the-visegrad-gruop/"]}]},{"@type":"ImageObject","inLanguage":"en-US","@id":"https://vgi.krtk.hu/en/publikacio/mazac-j-muth-d-misik-m-tichy-l-zuk-p-civic-energy-self-defense-in-the-visegrad-gruop/#primaryimage","url":"https://vgi.krtk.hu/wp-content/uploads/2024/10/Muth_Visegrad.gif","contentUrl":"https://vgi.krtk.hu/wp-content/uploads/2024/10/Muth_Visegrad.gif","width":823,"height":1100},{"@type":"WebSite","@id":"https://vgi.krtk.hu/#website","url":"https://vgi.krtk.hu/","name":"VGI","description":"Világgazdasági Intézet","publisher":{"@id":"https://vgi.krtk.hu/#organization"},"potentialAction":[{"@type":"SearchAction","target":{"@type":"EntryPoint","urlTemplate":"https://vgi.krtk.hu/?s={search_term_string}"},"query-input":{"@type":"PropertyValueSpecification","valueRequired":true,"valueName":"search_term_string"}}],"inLanguage":"en-US"},{"@type":"Organization","@id":"https://vgi.krtk.hu/#organization","name":"VGI","url":"https://vgi.krtk.hu/","logo":{"@type":"ImageObject","inLanguage":"en-US","@id":"https://vgi.krtk.hu/#/schema/logo/image/","url":"https://vgi.krtk.hu/wp-content/uploads/2022/08/cropped-Group-960-1.png","contentUrl":"https://vgi.krtk.hu/wp-content/uploads/2022/08/cropped-Group-960-1.png","width":199,"height":57,"caption":"VGI"},"image":{"@id":"https://vgi.krtk.hu/#/schema/logo/image/"}}]}</script>
<!-- / Yoast SEO plugin. -->

Mazač, J., Muth, D., Mišík, M., Tichý, L., Żuk, P.: Civic Energy Self-Defense in the Visegrad Gruop - VGI

Civic Energy Self-Defense in the Visegrad Gruop &nbsp; Authors: Jan Mazač, Dániel Muth, Matúš Mišík, Lukáš Tichý, Paweł Żuk In: Civic Energy Self-Defense in the Visegrad Gruop. Bratislava: Comenius University, September 2024 &nbsp; Abstract The war in Ukraine has triggered several different psychological, social, and economic reactions in societies. In the socio-economic aspect, the armed [&hellip;]

Világgazdasági Intézet
