{"id":10742,"date":"2024-10-25T20:34:49","date_gmt":"2024-10-25T20:34:49","guid":{"rendered":"https:\/\/vgi.krtk.hu\/?post_type=publikacio&#038;p=10742"},"modified":"2024-10-25T20:36:18","modified_gmt":"2024-10-25T20:36:18","slug":"lakocai-cs-wellbeing-and-sustainability-in-europe-in-the-2010s-an-empirical-analysis","status":"publish","type":"publikacio","link":"https:\/\/vgi.krtk.hu\/en\/publikacio\/lakocai-cs-wellbeing-and-sustainability-in-europe-in-the-2010s-an-empirical-analysis\/","title":{"rendered":"Lak\u00f3cai, Cs.: Wellbeing and sustainability in Europe in the 2010s\u2013An empirical analysis"},"content":{"rendered":"<h1 id=\"screen-reader-main-title\" class=\"Head u-font-serif u-h2 u-margin-s-ver\"><span class=\"title-text\">Wellbeing and sustainability in Europe in the 2010s\u2013An empirical analysis<\/span><\/h1>\n<p>&nbsp;<\/p>\n<p>Author: <a href=\"https:\/\/vgi.krtk.hu\/en\/colleague\/lakocai-csaba\/\">Csaba Lak\u00f3cai<\/a><\/p>\n<p>In: <em>Wellbeing, Space and Society<\/em>, Volume 7, December 2024, 100225<\/p>\n<p>DOI: <a href=\"https:\/\/doi.org\/10.1016\/j.wss.2024.100225\">doi.org\/10.1016\/j.wss.2024.100225<\/a><\/p>\n<p>&nbsp;<\/p>\n<h1>Abstract<\/h1>\n<p style=\"text-align: justify;\">The decade of the 2010s was characterized by relative economic stability in Europe. Most of the countries had recovered from the financial crisis of the previous decade while the new socio-economic crises, brought by the early 2020s, were not yet on the horizon. The economic stability of this period does not mean the absence of systemic issues at all. Environmental degradation, aging societies, refugee crisis, or offshore scandals are but just to mention a few. However, due to the period of relative stability, the direct impact of these issues in different countries can be better illustrated and compared over the 2010s than during the crisis periods. In order to prove empirically this presumption, I apply longitudinal statistical data analyses, as well as cross-sectional regressions, among 39 European countries. The examined outcome variables are the Happy Planet Index (HPI), as an informal indicator of progress, and its sub-components, as proxy indicators for (subjective) wellbeing and (objective) sustainability. The results confirm the diverse trends in terms of wellbeing and sustainability in spite of the roughly even formal economic growth over the period. This highlights the necessity for a multifaceted approach to assess progress.<\/p>\n","protected":false},"excerpt":{"rendered":"<p>Wellbeing and sustainability in Europe in the 2010s\u2013An empirical analysis &nbsp; Author: Csaba Lak\u00f3cai In: Wellbeing, Space and Society, Volume 7, December 2024, 100225 DOI: doi.org\/10.1016\/j.wss.2024.100225 &nbsp; Abstract The decade of the 2010s was characterized by relative economic stability in Europe. Most of the countries had recovered from the financial crisis of the previous decade [&hellip;]<\/p>\n","protected":false},"featured_media":10741,"template":"","meta":{"_acf_changed":false,"inline_featured_image":false,"_links_to":"","_links_to_target":""},"categories":[104,100],"tags":[],"class_list":["post-10742","publikacio","type-publikacio","status-publish","has-post-thumbnail","hentry","category-external-publications","category-publications"],"acf":[],"yoast_head":"<!-- This site is optimized with the Yoast SEO plugin v25.1 - https:\/\/yoast.com\/wordpress\/plugins\/seo\/ -->\n<title>Lak\u00f3cai, Cs.: Wellbeing and sustainability in Europe in the 2010s\u2013An empirical analysis - VGI<\/title>\n<meta name=\"robots\" content=\"index, follow, max-snippet:-1, max-image-preview:large, max-video-preview:-1\" \/>\n<link rel=\"canonical\" href=\"https:\/\/vgi.krtk.hu\/en\/publikacio\/lakocai-cs-wellbeing-and-sustainability-in-europe-in-the-2010s-an-empirical-analysis\/\" \/>\n<meta property=\"og:locale\" content=\"en_US\" \/>\n<meta property=\"og:type\" content=\"article\" \/>\n<meta property=\"og:title\" content=\"Lak\u00f3cai, Cs.: Wellbeing and sustainability in Europe in the 2010s\u2013An empirical analysis - VGI\" \/>\n<meta property=\"og:description\" content=\"Wellbeing and sustainability in Europe in the 2010s\u2013An empirical analysis &nbsp; Author: Csaba Lak\u00f3cai In: Wellbeing, Space and Society, Volume 7, December 2024, 100225 DOI: doi.org\/10.1016\/j.wss.2024.100225 &nbsp; Abstract The decade of the 2010s was characterized by relative economic stability in Europe. Most of the countries had recovered from the financial crisis of the previous decade [&hellip;]\" \/>\n<meta property=\"og:url\" content=\"https:\/\/vgi.krtk.hu\/en\/publikacio\/lakocai-cs-wellbeing-and-sustainability-in-europe-in-the-2010s-an-empirical-analysis\/\" \/>\n<meta property=\"og:site_name\" content=\"VGI\" \/>\n<meta property=\"article:modified_time\" content=\"2024-10-25T20:36:18+00:00\" \/>\n<meta property=\"og:image\" content=\"https:\/\/vgi.krtk.hu\/wp-content\/uploads\/2024\/10\/Wellbeing-Space-and-Society.gif\" \/>\n\t<meta property=\"og:image:width\" content=\"823\" \/>\n\t<meta property=\"og:image:height\" content=\"1100\" \/>\n\t<meta property=\"og:image:type\" content=\"image\/gif\" \/>\n<meta name=\"twitter:card\" content=\"summary_large_image\" \/>\n<meta name=\"twitter:label1\" content=\"Est. reading time\" \/>\n\t<meta name=\"twitter:data1\" content=\"2 minutes\" \/>\n<script type=\"application\/ld+json\" class=\"yoast-schema-graph\">{\"@context\":\"https:\/\/schema.org\",\"@graph\":[{\"@type\":\"WebPage\",\"@id\":\"https:\/\/vgi.krtk.hu\/en\/publikacio\/lakocai-cs-wellbeing-and-sustainability-in-europe-in-the-2010s-an-empirical-analysis\/\",\"url\":\"https:\/\/vgi.krtk.hu\/en\/publikacio\/lakocai-cs-wellbeing-and-sustainability-in-europe-in-the-2010s-an-empirical-analysis\/\",\"name\":\"Lak\u00f3cai, Cs.: Wellbeing and sustainability in Europe in the 2010s\u2013An empirical analysis - VGI\",\"isPartOf\":{\"@id\":\"https:\/\/vgi.krtk.hu\/#website\"},\"primaryImageOfPage\":{\"@id\":\"https:\/\/vgi.krtk.hu\/en\/publikacio\/lakocai-cs-wellbeing-and-sustainability-in-europe-in-the-2010s-an-empirical-analysis\/#primaryimage\"},\"image\":{\"@id\":\"https:\/\/vgi.krtk.hu\/en\/publikacio\/lakocai-cs-wellbeing-and-sustainability-in-europe-in-the-2010s-an-empirical-analysis\/#primaryimage\"},\"thumbnailUrl\":\"https:\/\/vgi.krtk.hu\/wp-content\/uploads\/2024\/10\/Wellbeing-Space-and-Society.gif\",\"datePublished\":\"2024-10-25T20:34:49+00:00\",\"dateModified\":\"2024-10-25T20:36:18+00:00\",\"inLanguage\":\"en-US\",\"potentialAction\":[{\"@type\":\"ReadAction\",\"target\":[\"https:\/\/vgi.krtk.hu\/en\/publikacio\/lakocai-cs-wellbeing-and-sustainability-in-europe-in-the-2010s-an-empirical-analysis\/\"]}]},{\"@type\":\"ImageObject\",\"inLanguage\":\"en-US\",\"@id\":\"https:\/\/vgi.krtk.hu\/en\/publikacio\/lakocai-cs-wellbeing-and-sustainability-in-europe-in-the-2010s-an-empirical-analysis\/#primaryimage\",\"url\":\"https:\/\/vgi.krtk.hu\/wp-content\/uploads\/2024\/10\/Wellbeing-Space-and-Society.gif\",\"contentUrl\":\"https:\/\/vgi.krtk.hu\/wp-content\/uploads\/2024\/10\/Wellbeing-Space-and-Society.gif\",\"width\":823,\"height\":1100},{\"@type\":\"WebSite\",\"@id\":\"https:\/\/vgi.krtk.hu\/#website\",\"url\":\"https:\/\/vgi.krtk.hu\/\",\"name\":\"VGI\",\"description\":\"Vil\u00e1ggazdas\u00e1gi Int\u00e9zet\",\"publisher\":{\"@id\":\"https:\/\/vgi.krtk.hu\/#organization\"},\"potentialAction\":[{\"@type\":\"SearchAction\",\"target\":{\"@type\":\"EntryPoint\",\"urlTemplate\":\"https:\/\/vgi.krtk.hu\/?s={search_term_string}\"},\"query-input\":{\"@type\":\"PropertyValueSpecification\",\"valueRequired\":true,\"valueName\":\"search_term_string\"}}],\"inLanguage\":\"en-US\"},{\"@type\":\"Organization\",\"@id\":\"https:\/\/vgi.krtk.hu\/#organization\",\"name\":\"VGI\",\"url\":\"https:\/\/vgi.krtk.hu\/\",\"logo\":{\"@type\":\"ImageObject\",\"inLanguage\":\"en-US\",\"@id\":\"https:\/\/vgi.krtk.hu\/#\/schema\/logo\/image\/\",\"url\":\"https:\/\/vgi.krtk.hu\/wp-content\/uploads\/2022\/08\/cropped-Group-960-1.png\",\"contentUrl\":\"https:\/\/vgi.krtk.hu\/wp-content\/uploads\/2022\/08\/cropped-Group-960-1.png\",\"width\":199,\"height\":57,\"caption\":\"VGI\"},\"image\":{\"@id\":\"https:\/\/vgi.krtk.hu\/#\/schema\/logo\/image\/\"}}]}<\/script>\n<!-- \/ Yoast SEO plugin. -->","yoast_head_json":{"title":"Lak\u00f3cai, Cs.: Wellbeing and sustainability in Europe in the 2010s\u2013An empirical analysis - VGI","robots":{"index":"index","follow":"follow","max-snippet":"max-snippet:-1","max-image-preview":"max-image-preview:large","max-video-preview":"max-video-preview:-1"},"canonical":"https:\/\/vgi.krtk.hu\/en\/publikacio\/lakocai-cs-wellbeing-and-sustainability-in-europe-in-the-2010s-an-empirical-analysis\/","og_locale":"en_US","og_type":"article","og_title":"Lak\u00f3cai, Cs.: Wellbeing and sustainability in Europe in the 2010s\u2013An empirical analysis - VGI","og_description":"Wellbeing and sustainability in Europe in the 2010s\u2013An empirical analysis &nbsp; Author: Csaba Lak\u00f3cai In: Wellbeing, Space and Society, Volume 7, December 2024, 100225 DOI: doi.org\/10.1016\/j.wss.2024.100225 &nbsp; Abstract The decade of the 2010s was characterized by relative economic stability in Europe. Most of the countries had recovered from the financial crisis of the previous decade [&hellip;]","og_url":"https:\/\/vgi.krtk.hu\/en\/publikacio\/lakocai-cs-wellbeing-and-sustainability-in-europe-in-the-2010s-an-empirical-analysis\/","og_site_name":"VGI","article_modified_time":"2024-10-25T20:36:18+00:00","og_image":[{"width":823,"height":1100,"url":"https:\/\/vgi.krtk.hu\/wp-content\/uploads\/2024\/10\/Wellbeing-Space-and-Society.gif","type":"image\/gif"}],"twitter_card":"summary_large_image","twitter_misc":{"Est. reading time":"2 minutes"},"schema":{"@context":"https:\/\/schema.org","@graph":[{"@type":"WebPage","@id":"https:\/\/vgi.krtk.hu\/en\/publikacio\/lakocai-cs-wellbeing-and-sustainability-in-europe-in-the-2010s-an-empirical-analysis\/","url":"https:\/\/vgi.krtk.hu\/en\/publikacio\/lakocai-cs-wellbeing-and-sustainability-in-europe-in-the-2010s-an-empirical-analysis\/","name":"Lak\u00f3cai, Cs.: Wellbeing and sustainability in Europe in the 2010s\u2013An empirical analysis - VGI","isPartOf":{"@id":"https:\/\/vgi.krtk.hu\/#website"},"primaryImageOfPage":{"@id":"https:\/\/vgi.krtk.hu\/en\/publikacio\/lakocai-cs-wellbeing-and-sustainability-in-europe-in-the-2010s-an-empirical-analysis\/#primaryimage"},"image":{"@id":"https:\/\/vgi.krtk.hu\/en\/publikacio\/lakocai-cs-wellbeing-and-sustainability-in-europe-in-the-2010s-an-empirical-analysis\/#primaryimage"},"thumbnailUrl":"https:\/\/vgi.krtk.hu\/wp-content\/uploads\/2024\/10\/Wellbeing-Space-and-Society.gif","datePublished":"2024-10-25T20:34:49+00:00","dateModified":"2024-10-25T20:36:18+00:00","inLanguage":"en-US","potentialAction":[{"@type":"ReadAction","target":["https:\/\/vgi.krtk.hu\/en\/publikacio\/lakocai-cs-wellbeing-and-sustainability-in-europe-in-the-2010s-an-empirical-analysis\/"]}]},{"@type":"ImageObject","inLanguage":"en-US","@id":"https:\/\/vgi.krtk.hu\/en\/publikacio\/lakocai-cs-wellbeing-and-sustainability-in-europe-in-the-2010s-an-empirical-analysis\/#primaryimage","url":"https:\/\/vgi.krtk.hu\/wp-content\/uploads\/2024\/10\/Wellbeing-Space-and-Society.gif","contentUrl":"https:\/\/vgi.krtk.hu\/wp-content\/uploads\/2024\/10\/Wellbeing-Space-and-Society.gif","width":823,"height":1100},{"@type":"WebSite","@id":"https:\/\/vgi.krtk.hu\/#website","url":"https:\/\/vgi.krtk.hu\/","name":"VGI","description":"Vil\u00e1ggazdas\u00e1gi Int\u00e9zet","publisher":{"@id":"https:\/\/vgi.krtk.hu\/#organization"},"potentialAction":[{"@type":"SearchAction","target":{"@type":"EntryPoint","urlTemplate":"https:\/\/vgi.krtk.hu\/?s={search_term_string}"},"query-input":{"@type":"PropertyValueSpecification","valueRequired":true,"valueName":"search_term_string"}}],"inLanguage":"en-US"},{"@type":"Organization","@id":"https:\/\/vgi.krtk.hu\/#organization","name":"VGI","url":"https:\/\/vgi.krtk.hu\/","logo":{"@type":"ImageObject","inLanguage":"en-US","@id":"https:\/\/vgi.krtk.hu\/#\/schema\/logo\/image\/","url":"https:\/\/vgi.krtk.hu\/wp-content\/uploads\/2022\/08\/cropped-Group-960-1.png","contentUrl":"https:\/\/vgi.krtk.hu\/wp-content\/uploads\/2022\/08\/cropped-Group-960-1.png","width":199,"height":57,"caption":"VGI"},"image":{"@id":"https:\/\/vgi.krtk.hu\/#\/schema\/logo\/image\/"}}]}},"_links":{"self":[{"href":"https:\/\/vgi.krtk.hu\/en\/wp-json\/wp\/v2\/publikacio\/10742","targetHints":{"allow":["GET"]}}],"collection":[{"href":"https:\/\/vgi.krtk.hu\/en\/wp-json\/wp\/v2\/publikacio"}],"about":[{"href":"https:\/\/vgi.krtk.hu\/en\/wp-json\/wp\/v2\/types\/publikacio"}],"wp:featuredmedia":[{"embeddable":true,"href":"https:\/\/vgi.krtk.hu\/en\/wp-json\/wp\/v2\/media\/10741"}],"wp:attachment":[{"href":"https:\/\/vgi.krtk.hu\/en\/wp-json\/wp\/v2\/media?parent=10742"}],"wp:term":[{"taxonomy":"category","embeddable":true,"href":"https:\/\/vgi.krtk.hu\/en\/wp-json\/wp\/v2\/categories?post=10742"},{"taxonomy":"post_tag","embeddable":true,"href":"https:\/\/vgi.krtk.hu\/en\/wp-json\/wp\/v2\/tags?post=10742"}],"curies":[{"name":"wp","href":"https:\/\/api.w.org\/{rel}","templated":true}]}}

Lakócai, Cs.: Wellbeing and sustainability in Europe in the 2010s–An empirical analysis

<h1 id="screen-reader-main-title" class="Head u-font-serif u-h2 u-margin-s-ver"><span class="title-text">Wellbeing and sustainability in Europe in the 2010s–An empirical analysis</span></h1>
<p>&nbsp;</p>
<p>Author: <a href="https://vgi.krtk.hu/en/colleague/lakocai-csaba/">Csaba Lakócai</a></p>
<p>In: <em>Wellbeing, Space and Society</em>, Volume 7, December 2024, 100225</p>
<p>DOI: <a href="https://doi.org/10.1016/j.wss.2024.100225">doi.org/10.1016/j.wss.2024.100225</a></p>
<p>&nbsp;</p>
<h1>Abstract</h1>
<p style="text-align: justify;">The decade of the 2010s was characterized by relative economic stability in Europe. Most of the countries had recovered from the financial crisis of the previous decade while the new socio-economic crises, brought by the early 2020s, were not yet on the horizon. The economic stability of this period does not mean the absence of systemic issues at all. Environmental degradation, aging societies, refugee crisis, or offshore scandals are but just to mention a few. However, due to the period of relative stability, the direct impact of these issues in different countries can be better illustrated and compared over the 2010s than during the crisis periods. In order to prove empirically this presumption, I apply longitudinal statistical data analyses, as well as cross-sectional regressions, among 39 European countries. The examined outcome variables are the Happy Planet Index (HPI), as an informal indicator of progress, and its sub-components, as proxy indicators for (subjective) wellbeing and (objective) sustainability. The results confirm the diverse trends in terms of wellbeing and sustainability in spite of the roughly even formal economic growth over the period. This highlights the necessity for a multifaceted approach to assess progress.</p>

<p>Wellbeing and sustainability in Europe in the 2010s–An empirical analysis &nbsp; Author: Csaba Lakócai In: Wellbeing, Space and Society, Volume 7, December 2024, 100225 DOI: doi.org/10.1016/j.wss.2024.100225 &nbsp; Abstract The decade of the 2010s was characterized by relative economic stability in Europe. Most of the countries had recovered from the financial crisis of the previous decade [&hellip;]</p>

<!-- This site is optimized with the Yoast SEO plugin v25.1 - https://yoast.com/wordpress/plugins/seo/ -->
<title>Lakócai, Cs.: Wellbeing and sustainability in Europe in the 2010s–An empirical analysis - VGI</title>
<meta name="robots" content="index, follow, max-snippet:-1, max-image-preview:large, max-video-preview:-1" />
<link rel="canonical" href="https://vgi.krtk.hu/en/publikacio/lakocai-cs-wellbeing-and-sustainability-in-europe-in-the-2010s-an-empirical-analysis/" />
<meta property="og:locale" content="en_US" />
<meta property="og:type" content="article" />
<meta property="og:title" content="Lakócai, Cs.: Wellbeing and sustainability in Europe in the 2010s–An empirical analysis - VGI" />
<meta property="og:description" content="Wellbeing and sustainability in Europe in the 2010s–An empirical analysis &nbsp; Author: Csaba Lakócai In: Wellbeing, Space and Society, Volume 7, December 2024, 100225 DOI: doi.org/10.1016/j.wss.2024.100225 &nbsp; Abstract The decade of the 2010s was characterized by relative economic stability in Europe. Most of the countries had recovered from the financial crisis of the previous decade [&hellip;]" />
<meta property="og:url" content="https://vgi.krtk.hu/en/publikacio/lakocai-cs-wellbeing-and-sustainability-in-europe-in-the-2010s-an-empirical-analysis/" />
<meta property="og:site_name" content="VGI" />
<meta property="article:modified_time" content="2024-10-25T20:36:18+00:00" />
<meta property="og:image" content="https://vgi.krtk.hu/wp-content/uploads/2024/10/Wellbeing-Space-and-Society.gif" />
	<meta property="og:image:width" content="823" />
	<meta property="og:image:height" content="1100" />
	<meta property="og:image:type" content="image/gif" />
<meta name="twitter:card" content="summary_large_image" />
<meta name="twitter:label1" content="Est. reading time" />
	<meta name="twitter:data1" content="2 minutes" />
<script type="application/ld+json" class="yoast-schema-graph">{"@context":"https://schema.org","@graph":[{"@type":"WebPage","@id":"https://vgi.krtk.hu/en/publikacio/lakocai-cs-wellbeing-and-sustainability-in-europe-in-the-2010s-an-empirical-analysis/","url":"https://vgi.krtk.hu/en/publikacio/lakocai-cs-wellbeing-and-sustainability-in-europe-in-the-2010s-an-empirical-analysis/","name":"Lakócai, Cs.: Wellbeing and sustainability in Europe in the 2010s–An empirical analysis - VGI","isPartOf":{"@id":"https://vgi.krtk.hu/#website"},"primaryImageOfPage":{"@id":"https://vgi.krtk.hu/en/publikacio/lakocai-cs-wellbeing-and-sustainability-in-europe-in-the-2010s-an-empirical-analysis/#primaryimage"},"image":{"@id":"https://vgi.krtk.hu/en/publikacio/lakocai-cs-wellbeing-and-sustainability-in-europe-in-the-2010s-an-empirical-analysis/#primaryimage"},"thumbnailUrl":"https://vgi.krtk.hu/wp-content/uploads/2024/10/Wellbeing-Space-and-Society.gif","datePublished":"2024-10-25T20:34:49+00:00","dateModified":"2024-10-25T20:36:18+00:00","inLanguage":"en-US","potentialAction":[{"@type":"ReadAction","target":["https://vgi.krtk.hu/en/publikacio/lakocai-cs-wellbeing-and-sustainability-in-europe-in-the-2010s-an-empirical-analysis/"]}]},{"@type":"ImageObject","inLanguage":"en-US","@id":"https://vgi.krtk.hu/en/publikacio/lakocai-cs-wellbeing-and-sustainability-in-europe-in-the-2010s-an-empirical-analysis/#primaryimage","url":"https://vgi.krtk.hu/wp-content/uploads/2024/10/Wellbeing-Space-and-Society.gif","contentUrl":"https://vgi.krtk.hu/wp-content/uploads/2024/10/Wellbeing-Space-and-Society.gif","width":823,"height":1100},{"@type":"WebSite","@id":"https://vgi.krtk.hu/#website","url":"https://vgi.krtk.hu/","name":"VGI","description":"Világgazdasági Intézet","publisher":{"@id":"https://vgi.krtk.hu/#organization"},"potentialAction":[{"@type":"SearchAction","target":{"@type":"EntryPoint","urlTemplate":"https://vgi.krtk.hu/?s={search_term_string}"},"query-input":{"@type":"PropertyValueSpecification","valueRequired":true,"valueName":"search_term_string"}}],"inLanguage":"en-US"},{"@type":"Organization","@id":"https://vgi.krtk.hu/#organization","name":"VGI","url":"https://vgi.krtk.hu/","logo":{"@type":"ImageObject","inLanguage":"en-US","@id":"https://vgi.krtk.hu/#/schema/logo/image/","url":"https://vgi.krtk.hu/wp-content/uploads/2022/08/cropped-Group-960-1.png","contentUrl":"https://vgi.krtk.hu/wp-content/uploads/2022/08/cropped-Group-960-1.png","width":199,"height":57,"caption":"VGI"},"image":{"@id":"https://vgi.krtk.hu/#/schema/logo/image/"}}]}</script>
<!-- / Yoast SEO plugin. -->

Lakócai, Cs.: Wellbeing and sustainability in Europe in the 2010s–An empirical analysis - VGI

Wellbeing and sustainability in Europe in the 2010s–An empirical analysis &nbsp; Author: Csaba Lakócai In: Wellbeing, Space and Society, Volume 7, December 2024, 100225 DOI: doi.org/10.1016/j.wss.2024.100225 &nbsp; Abstract The decade of the 2010s was characterized by relative economic stability in Europe. Most of the countries had recovered from the financial crisis of the previous decade [&hellip;]

Világgazdasági Intézet
