{"id":11279,"date":"2025-05-27T11:24:33","date_gmt":"2025-05-27T11:24:33","guid":{"rendered":"https:\/\/vgi.krtk.hu\/?post_type=publikacio&#038;p=11279"},"modified":"2025-05-27T11:26:03","modified_gmt":"2025-05-27T11:26:03","slug":"lakocai-cs-wellbeing-and-environmental-performance-of-the-visegrad-countries-at-the-beginning-of-the-21st-century","status":"publish","type":"publikacio","link":"https:\/\/vgi.krtk.hu\/en\/publikacio\/lakocai-cs-wellbeing-and-environmental-performance-of-the-visegrad-countries-at-the-beginning-of-the-21st-century\/","title":{"rendered":"Lak\u00f3cai, Cs.: Wellbeing and environmental performance of the Visegrad countries at the beginning of the 21st century"},"content":{"rendered":"<h1><strong>Wellbeing and environmental performance of the Visegrad countries at the beginning of the 21st century<\/strong><\/h1>\n<p>Author: <a href=\"https:\/\/vgi.krtk.hu\/en\/colleague\/lakocai-csaba\/\">Csaba Lak\u00f3cai<\/a><\/p>\n<p>In: <em>Journal of Contemporary Central and Eastern Europe, 1\u201316.<\/em><\/p>\n<p>DOI:\u00a0 <a href=\"https:\/\/doi.org\/10.1080\/25739638.2025.2507607\">https:\/\/doi.org\/10.1080\/25739638.2025.2507607<\/a><\/p>\n<h1>Abstract<\/h1>\n<p>Literature finds convergence between Western and Eastern Europe in terms of formal macro-economic and social indicators since the end of the last century. Yet, the East-West difference in Europe is still significant. In parallel with the European convergence process, the social preferences have been changing since the turn of the millennium, moving beyond the 20<sup>th<\/sup>\u00a0century paradigm of economic growth. The changing concept of development is reflected in the increasing concerns about the social and environmental conditions, which have led to the multiplication of alternative development indicator sets. In accordance with this paradigm shift, the paper aims to analyse the wellbeing and environmental performance of four Central and Eastern European countries, collectively referred to as the Visegrad countries, namely the Czech Republic, Hungary, Poland and Slovakia, from the second half of the 2000s until the end of the 2010s. It also analyses the pre-pandemic social conditions at the NUTS2 regional level. The findings indicate that, in order to enhance the quality of life, the Visegrad countries should prioritize the social and environmental dimensions of development, rather than solely focusing on economic growth.<\/p>\n","protected":false},"excerpt":{"rendered":"<p>Wellbeing and environmental performance of the Visegrad countries at the beginning of the 21st century Author: Csaba Lak\u00f3cai In: Journal of Contemporary Central and Eastern Europe, 1\u201316. DOI:\u00a0 https:\/\/doi.org\/10.1080\/25739638.2025.2507607 Abstract Literature finds convergence between Western and Eastern Europe in terms of formal macro-economic and social indicators since the end of the last century. Yet, the [&hellip;]<\/p>\n","protected":false},"featured_media":38,"template":"","meta":{"_acf_changed":false,"inline_featured_image":false,"_links_to":"","_links_to_target":""},"categories":[104,100],"tags":[627,626,614],"class_list":["post-11279","publikacio","type-publikacio","status-publish","has-post-thumbnail","hentry","category-external-publications","category-publications","tag-environmental-performance-en","tag-visegrad-countries-en","tag-wellbeing-en"],"acf":[],"yoast_head":"<!-- This site is optimized with the Yoast SEO plugin v25.1 - https:\/\/yoast.com\/wordpress\/plugins\/seo\/ -->\n<title>Lak\u00f3cai, Cs.: Wellbeing and environmental performance of the Visegrad countries at the beginning of the 21st century - VGI<\/title>\n<meta name=\"robots\" content=\"index, follow, max-snippet:-1, max-image-preview:large, max-video-preview:-1\" \/>\n<link rel=\"canonical\" href=\"https:\/\/vgi.krtk.hu\/en\/publikacio\/lakocai-cs-wellbeing-and-environmental-performance-of-the-visegrad-countries-at-the-beginning-of-the-21st-century\/\" \/>\n<meta property=\"og:locale\" content=\"en_US\" \/>\n<meta property=\"og:type\" content=\"article\" \/>\n<meta property=\"og:title\" content=\"Lak\u00f3cai, Cs.: Wellbeing and environmental performance of the Visegrad countries at the beginning of the 21st century - VGI\" \/>\n<meta property=\"og:description\" content=\"Wellbeing and environmental performance of the Visegrad countries at the beginning of the 21st century Author: Csaba Lak\u00f3cai In: Journal of Contemporary Central and Eastern Europe, 1\u201316. DOI:\u00a0 https:\/\/doi.org\/10.1080\/25739638.2025.2507607 Abstract Literature finds convergence between Western and Eastern Europe in terms of formal macro-economic and social indicators since the end of the last century. Yet, the [&hellip;]\" \/>\n<meta property=\"og:url\" content=\"https:\/\/vgi.krtk.hu\/en\/publikacio\/lakocai-cs-wellbeing-and-environmental-performance-of-the-visegrad-countries-at-the-beginning-of-the-21st-century\/\" \/>\n<meta property=\"og:site_name\" content=\"VGI\" \/>\n<meta property=\"article:modified_time\" content=\"2025-05-27T11:26:03+00:00\" \/>\n<meta property=\"og:image\" content=\"https:\/\/vgi.krtk.hu\/wp-content\/uploads\/2025\/05\/Lakocai-journal-allo.webp\" \/>\n\t<meta property=\"og:image:width\" content=\"200\" \/>\n\t<meta property=\"og:image:height\" content=\"286\" \/>\n\t<meta property=\"og:image:type\" content=\"image\/webp\" \/>\n<meta name=\"twitter:card\" content=\"summary_large_image\" \/>\n<meta name=\"twitter:label1\" content=\"Est. reading time\" \/>\n\t<meta name=\"twitter:data1\" content=\"2 minutes\" \/>\n<script type=\"application\/ld+json\" class=\"yoast-schema-graph\">{\"@context\":\"https:\/\/schema.org\",\"@graph\":[{\"@type\":\"WebPage\",\"@id\":\"https:\/\/vgi.krtk.hu\/en\/publikacio\/lakocai-cs-wellbeing-and-environmental-performance-of-the-visegrad-countries-at-the-beginning-of-the-21st-century\/\",\"url\":\"https:\/\/vgi.krtk.hu\/en\/publikacio\/lakocai-cs-wellbeing-and-environmental-performance-of-the-visegrad-countries-at-the-beginning-of-the-21st-century\/\",\"name\":\"Lak\u00f3cai, Cs.: Wellbeing and environmental performance of the Visegrad countries at the beginning of the 21st century - VGI\",\"isPartOf\":{\"@id\":\"https:\/\/vgi.krtk.hu\/#website\"},\"primaryImageOfPage\":{\"@id\":\"https:\/\/vgi.krtk.hu\/en\/publikacio\/lakocai-cs-wellbeing-and-environmental-performance-of-the-visegrad-countries-at-the-beginning-of-the-21st-century\/#primaryimage\"},\"image\":{\"@id\":\"https:\/\/vgi.krtk.hu\/en\/publikacio\/lakocai-cs-wellbeing-and-environmental-performance-of-the-visegrad-countries-at-the-beginning-of-the-21st-century\/#primaryimage\"},\"thumbnailUrl\":\"https:\/\/vgi.krtk.hu\/wp-content\/uploads\/2022\/05\/placeholder.png\",\"datePublished\":\"2025-05-27T11:24:33+00:00\",\"dateModified\":\"2025-05-27T11:26:03+00:00\",\"inLanguage\":\"en-US\",\"potentialAction\":[{\"@type\":\"ReadAction\",\"target\":[\"https:\/\/vgi.krtk.hu\/en\/publikacio\/lakocai-cs-wellbeing-and-environmental-performance-of-the-visegrad-countries-at-the-beginning-of-the-21st-century\/\"]}]},{\"@type\":\"ImageObject\",\"inLanguage\":\"en-US\",\"@id\":\"https:\/\/vgi.krtk.hu\/en\/publikacio\/lakocai-cs-wellbeing-and-environmental-performance-of-the-visegrad-countries-at-the-beginning-of-the-21st-century\/#primaryimage\",\"url\":\"https:\/\/vgi.krtk.hu\/wp-content\/uploads\/2022\/05\/placeholder.png\",\"contentUrl\":\"https:\/\/vgi.krtk.hu\/wp-content\/uploads\/2022\/05\/placeholder.png\",\"width\":1200,\"height\":800},{\"@type\":\"WebSite\",\"@id\":\"https:\/\/vgi.krtk.hu\/#website\",\"url\":\"https:\/\/vgi.krtk.hu\/\",\"name\":\"VGI\",\"description\":\"Vil\u00e1ggazdas\u00e1gi Int\u00e9zet\",\"publisher\":{\"@id\":\"https:\/\/vgi.krtk.hu\/#organization\"},\"potentialAction\":[{\"@type\":\"SearchAction\",\"target\":{\"@type\":\"EntryPoint\",\"urlTemplate\":\"https:\/\/vgi.krtk.hu\/?s={search_term_string}\"},\"query-input\":{\"@type\":\"PropertyValueSpecification\",\"valueRequired\":true,\"valueName\":\"search_term_string\"}}],\"inLanguage\":\"en-US\"},{\"@type\":\"Organization\",\"@id\":\"https:\/\/vgi.krtk.hu\/#organization\",\"name\":\"VGI\",\"url\":\"https:\/\/vgi.krtk.hu\/\",\"logo\":{\"@type\":\"ImageObject\",\"inLanguage\":\"en-US\",\"@id\":\"https:\/\/vgi.krtk.hu\/#\/schema\/logo\/image\/\",\"url\":\"https:\/\/vgi.krtk.hu\/wp-content\/uploads\/2022\/08\/cropped-Group-960-1.png\",\"contentUrl\":\"https:\/\/vgi.krtk.hu\/wp-content\/uploads\/2022\/08\/cropped-Group-960-1.png\",\"width\":199,\"height\":57,\"caption\":\"VGI\"},\"image\":{\"@id\":\"https:\/\/vgi.krtk.hu\/#\/schema\/logo\/image\/\"}}]}<\/script>\n<!-- \/ Yoast SEO plugin. -->","yoast_head_json":{"title":"Lak\u00f3cai, Cs.: Wellbeing and environmental performance of the Visegrad countries at the beginning of the 21st century - VGI","robots":{"index":"index","follow":"follow","max-snippet":"max-snippet:-1","max-image-preview":"max-image-preview:large","max-video-preview":"max-video-preview:-1"},"canonical":"https:\/\/vgi.krtk.hu\/en\/publikacio\/lakocai-cs-wellbeing-and-environmental-performance-of-the-visegrad-countries-at-the-beginning-of-the-21st-century\/","og_locale":"en_US","og_type":"article","og_title":"Lak\u00f3cai, Cs.: Wellbeing and environmental performance of the Visegrad countries at the beginning of the 21st century - VGI","og_description":"Wellbeing and environmental performance of the Visegrad countries at the beginning of the 21st century Author: Csaba Lak\u00f3cai In: Journal of Contemporary Central and Eastern Europe, 1\u201316. DOI:\u00a0 https:\/\/doi.org\/10.1080\/25739638.2025.2507607 Abstract Literature finds convergence between Western and Eastern Europe in terms of formal macro-economic and social indicators since the end of the last century. Yet, the [&hellip;]","og_url":"https:\/\/vgi.krtk.hu\/en\/publikacio\/lakocai-cs-wellbeing-and-environmental-performance-of-the-visegrad-countries-at-the-beginning-of-the-21st-century\/","og_site_name":"VGI","article_modified_time":"2025-05-27T11:26:03+00:00","og_image":[{"width":200,"height":286,"url":"https:\/\/vgi.krtk.hu\/wp-content\/uploads\/2025\/05\/Lakocai-journal-allo.webp","type":"image\/webp"}],"twitter_card":"summary_large_image","twitter_misc":{"Est. reading time":"2 minutes"},"schema":{"@context":"https:\/\/schema.org","@graph":[{"@type":"WebPage","@id":"https:\/\/vgi.krtk.hu\/en\/publikacio\/lakocai-cs-wellbeing-and-environmental-performance-of-the-visegrad-countries-at-the-beginning-of-the-21st-century\/","url":"https:\/\/vgi.krtk.hu\/en\/publikacio\/lakocai-cs-wellbeing-and-environmental-performance-of-the-visegrad-countries-at-the-beginning-of-the-21st-century\/","name":"Lak\u00f3cai, Cs.: Wellbeing and environmental performance of the Visegrad countries at the beginning of the 21st century - VGI","isPartOf":{"@id":"https:\/\/vgi.krtk.hu\/#website"},"primaryImageOfPage":{"@id":"https:\/\/vgi.krtk.hu\/en\/publikacio\/lakocai-cs-wellbeing-and-environmental-performance-of-the-visegrad-countries-at-the-beginning-of-the-21st-century\/#primaryimage"},"image":{"@id":"https:\/\/vgi.krtk.hu\/en\/publikacio\/lakocai-cs-wellbeing-and-environmental-performance-of-the-visegrad-countries-at-the-beginning-of-the-21st-century\/#primaryimage"},"thumbnailUrl":"https:\/\/vgi.krtk.hu\/wp-content\/uploads\/2022\/05\/placeholder.png","datePublished":"2025-05-27T11:24:33+00:00","dateModified":"2025-05-27T11:26:03+00:00","inLanguage":"en-US","potentialAction":[{"@type":"ReadAction","target":["https:\/\/vgi.krtk.hu\/en\/publikacio\/lakocai-cs-wellbeing-and-environmental-performance-of-the-visegrad-countries-at-the-beginning-of-the-21st-century\/"]}]},{"@type":"ImageObject","inLanguage":"en-US","@id":"https:\/\/vgi.krtk.hu\/en\/publikacio\/lakocai-cs-wellbeing-and-environmental-performance-of-the-visegrad-countries-at-the-beginning-of-the-21st-century\/#primaryimage","url":"https:\/\/vgi.krtk.hu\/wp-content\/uploads\/2022\/05\/placeholder.png","contentUrl":"https:\/\/vgi.krtk.hu\/wp-content\/uploads\/2022\/05\/placeholder.png","width":1200,"height":800},{"@type":"WebSite","@id":"https:\/\/vgi.krtk.hu\/#website","url":"https:\/\/vgi.krtk.hu\/","name":"VGI","description":"Vil\u00e1ggazdas\u00e1gi Int\u00e9zet","publisher":{"@id":"https:\/\/vgi.krtk.hu\/#organization"},"potentialAction":[{"@type":"SearchAction","target":{"@type":"EntryPoint","urlTemplate":"https:\/\/vgi.krtk.hu\/?s={search_term_string}"},"query-input":{"@type":"PropertyValueSpecification","valueRequired":true,"valueName":"search_term_string"}}],"inLanguage":"en-US"},{"@type":"Organization","@id":"https:\/\/vgi.krtk.hu\/#organization","name":"VGI","url":"https:\/\/vgi.krtk.hu\/","logo":{"@type":"ImageObject","inLanguage":"en-US","@id":"https:\/\/vgi.krtk.hu\/#\/schema\/logo\/image\/","url":"https:\/\/vgi.krtk.hu\/wp-content\/uploads\/2022\/08\/cropped-Group-960-1.png","contentUrl":"https:\/\/vgi.krtk.hu\/wp-content\/uploads\/2022\/08\/cropped-Group-960-1.png","width":199,"height":57,"caption":"VGI"},"image":{"@id":"https:\/\/vgi.krtk.hu\/#\/schema\/logo\/image\/"}}]}},"_links":{"self":[{"href":"https:\/\/vgi.krtk.hu\/en\/wp-json\/wp\/v2\/publikacio\/11279","targetHints":{"allow":["GET"]}}],"collection":[{"href":"https:\/\/vgi.krtk.hu\/en\/wp-json\/wp\/v2\/publikacio"}],"about":[{"href":"https:\/\/vgi.krtk.hu\/en\/wp-json\/wp\/v2\/types\/publikacio"}],"wp:featuredmedia":[{"embeddable":true,"href":"https:\/\/vgi.krtk.hu\/en\/wp-json\/wp\/v2\/media\/38"}],"wp:attachment":[{"href":"https:\/\/vgi.krtk.hu\/en\/wp-json\/wp\/v2\/media?parent=11279"}],"wp:term":[{"taxonomy":"category","embeddable":true,"href":"https:\/\/vgi.krtk.hu\/en\/wp-json\/wp\/v2\/categories?post=11279"},{"taxonomy":"post_tag","embeddable":true,"href":"https:\/\/vgi.krtk.hu\/en\/wp-json\/wp\/v2\/tags?post=11279"}],"curies":[{"name":"wp","href":"https:\/\/api.w.org\/{rel}","templated":true}]}}

Lakócai, Cs.: Wellbeing and environmental performance of the Visegrad countries at the beginning of the 21st century

<h1><strong>Wellbeing and environmental performance of the Visegrad countries at the beginning of the 21st century</strong></h1>
<p>Author: <a href="https://vgi.krtk.hu/en/colleague/lakocai-csaba/">Csaba Lakócai</a></p>
<p>In: <em>Journal of Contemporary Central and Eastern Europe, 1–16.</em></p>
<p>DOI:  <a href="https://doi.org/10.1080/25739638.2025.2507607">https://doi.org/10.1080/25739638.2025.2507607</a></p>
<h1>Abstract</h1>
<p>Literature finds convergence between Western and Eastern Europe in terms of formal macro-economic and social indicators since the end of the last century. Yet, the East-West difference in Europe is still significant. In parallel with the European convergence process, the social preferences have been changing since the turn of the millennium, moving beyond the 20<sup>th</sup> century paradigm of economic growth. The changing concept of development is reflected in the increasing concerns about the social and environmental conditions, which have led to the multiplication of alternative development indicator sets. In accordance with this paradigm shift, the paper aims to analyse the wellbeing and environmental performance of four Central and Eastern European countries, collectively referred to as the Visegrad countries, namely the Czech Republic, Hungary, Poland and Slovakia, from the second half of the 2000s until the end of the 2010s. It also analyses the pre-pandemic social conditions at the NUTS2 regional level. The findings indicate that, in order to enhance the quality of life, the Visegrad countries should prioritize the social and environmental dimensions of development, rather than solely focusing on economic growth.</p>

<p>Wellbeing and environmental performance of the Visegrad countries at the beginning of the 21st century Author: Csaba Lakócai In: Journal of Contemporary Central and Eastern Europe, 1–16. DOI:  https://doi.org/10.1080/25739638.2025.2507607 Abstract Literature finds convergence between Western and Eastern Europe in terms of formal macro-economic and social indicators since the end of the last century. Yet, the [&hellip;]</p>

<!-- This site is optimized with the Yoast SEO plugin v25.1 - https://yoast.com/wordpress/plugins/seo/ -->
<title>Lakócai, Cs.: Wellbeing and environmental performance of the Visegrad countries at the beginning of the 21st century - VGI</title>
<meta name="robots" content="index, follow, max-snippet:-1, max-image-preview:large, max-video-preview:-1" />
<link rel="canonical" href="https://vgi.krtk.hu/en/publikacio/lakocai-cs-wellbeing-and-environmental-performance-of-the-visegrad-countries-at-the-beginning-of-the-21st-century/" />
<meta property="og:locale" content="en_US" />
<meta property="og:type" content="article" />
<meta property="og:title" content="Lakócai, Cs.: Wellbeing and environmental performance of the Visegrad countries at the beginning of the 21st century - VGI" />
<meta property="og:description" content="Wellbeing and environmental performance of the Visegrad countries at the beginning of the 21st century Author: Csaba Lakócai In: Journal of Contemporary Central and Eastern Europe, 1–16. DOI:  https://doi.org/10.1080/25739638.2025.2507607 Abstract Literature finds convergence between Western and Eastern Europe in terms of formal macro-economic and social indicators since the end of the last century. Yet, the [&hellip;]" />
<meta property="og:url" content="https://vgi.krtk.hu/en/publikacio/lakocai-cs-wellbeing-and-environmental-performance-of-the-visegrad-countries-at-the-beginning-of-the-21st-century/" />
<meta property="og:site_name" content="VGI" />
<meta property="article:modified_time" content="2025-05-27T11:26:03+00:00" />
<meta property="og:image" content="https://vgi.krtk.hu/wp-content/uploads/2025/05/Lakocai-journal-allo.webp" />
	<meta property="og:image:width" content="200" />
	<meta property="og:image:height" content="286" />
	<meta property="og:image:type" content="image/webp" />
<meta name="twitter:card" content="summary_large_image" />
<meta name="twitter:label1" content="Est. reading time" />
	<meta name="twitter:data1" content="2 minutes" />
<script type="application/ld+json" class="yoast-schema-graph">{"@context":"https://schema.org","@graph":[{"@type":"WebPage","@id":"https://vgi.krtk.hu/en/publikacio/lakocai-cs-wellbeing-and-environmental-performance-of-the-visegrad-countries-at-the-beginning-of-the-21st-century/","url":"https://vgi.krtk.hu/en/publikacio/lakocai-cs-wellbeing-and-environmental-performance-of-the-visegrad-countries-at-the-beginning-of-the-21st-century/","name":"Lakócai, Cs.: Wellbeing and environmental performance of the Visegrad countries at the beginning of the 21st century - VGI","isPartOf":{"@id":"https://vgi.krtk.hu/#website"},"primaryImageOfPage":{"@id":"https://vgi.krtk.hu/en/publikacio/lakocai-cs-wellbeing-and-environmental-performance-of-the-visegrad-countries-at-the-beginning-of-the-21st-century/#primaryimage"},"image":{"@id":"https://vgi.krtk.hu/en/publikacio/lakocai-cs-wellbeing-and-environmental-performance-of-the-visegrad-countries-at-the-beginning-of-the-21st-century/#primaryimage"},"thumbnailUrl":"https://vgi.krtk.hu/wp-content/uploads/2022/05/placeholder.png","datePublished":"2025-05-27T11:24:33+00:00","dateModified":"2025-05-27T11:26:03+00:00","inLanguage":"en-US","potentialAction":[{"@type":"ReadAction","target":["https://vgi.krtk.hu/en/publikacio/lakocai-cs-wellbeing-and-environmental-performance-of-the-visegrad-countries-at-the-beginning-of-the-21st-century/"]}]},{"@type":"ImageObject","inLanguage":"en-US","@id":"https://vgi.krtk.hu/en/publikacio/lakocai-cs-wellbeing-and-environmental-performance-of-the-visegrad-countries-at-the-beginning-of-the-21st-century/#primaryimage","url":"https://vgi.krtk.hu/wp-content/uploads/2022/05/placeholder.png","contentUrl":"https://vgi.krtk.hu/wp-content/uploads/2022/05/placeholder.png","width":1200,"height":800},{"@type":"WebSite","@id":"https://vgi.krtk.hu/#website","url":"https://vgi.krtk.hu/","name":"VGI","description":"Világgazdasági Intézet","publisher":{"@id":"https://vgi.krtk.hu/#organization"},"potentialAction":[{"@type":"SearchAction","target":{"@type":"EntryPoint","urlTemplate":"https://vgi.krtk.hu/?s={search_term_string}"},"query-input":{"@type":"PropertyValueSpecification","valueRequired":true,"valueName":"search_term_string"}}],"inLanguage":"en-US"},{"@type":"Organization","@id":"https://vgi.krtk.hu/#organization","name":"VGI","url":"https://vgi.krtk.hu/","logo":{"@type":"ImageObject","inLanguage":"en-US","@id":"https://vgi.krtk.hu/#/schema/logo/image/","url":"https://vgi.krtk.hu/wp-content/uploads/2022/08/cropped-Group-960-1.png","contentUrl":"https://vgi.krtk.hu/wp-content/uploads/2022/08/cropped-Group-960-1.png","width":199,"height":57,"caption":"VGI"},"image":{"@id":"https://vgi.krtk.hu/#/schema/logo/image/"}}]}</script>
<!-- / Yoast SEO plugin. -->

Lakócai, Cs.: Wellbeing and environmental performance of the Visegrad countries at the beginning of the 21st century - VGI

Wellbeing and environmental performance of the Visegrad countries at the beginning of the 21st century Author: Csaba Lakócai In: Journal of Contemporary Central and Eastern Europe, 1–16. DOI:  https://doi.org/10.1080/25739638.2025.2507607 Abstract Literature finds convergence between Western and Eastern Europe in terms of formal macro-economic and social indicators since the end of the last century. Yet, the [&hellip;]

Világgazdasági Intézet
