{"id":11414,"date":"2025-06-18T09:57:51","date_gmt":"2025-06-18T09:57:51","guid":{"rendered":"https:\/\/vgi.krtk.hu\/?post_type=publikacio&#038;p=11414"},"modified":"2025-06-18T09:59:41","modified_gmt":"2025-06-18T09:59:41","slug":"koller-b-arato-k-dysfunctional-advocates-analysis-of-the-visegrad-group-positions-on-the-enlargement-policy-of-the-eu-2014-2025","status":"publish","type":"publikacio","link":"https:\/\/vgi.krtk.hu\/en\/publikacio\/koller-b-arato-k-dysfunctional-advocates-analysis-of-the-visegrad-group-positions-on-the-enlargement-policy-of-the-eu-2014-2025\/","title":{"rendered":"Koller, B., Arat\u00f3, K.: Dysfunctional advocates? analysis of the Visegrad Group positions on the enlargement policy of the EU (2014\u20132025)"},"content":{"rendered":"<h1>Dysfunctional advocates? analysis of the Visegrad Group positions on the enlargement policy of the EU (2014\u20132025)<\/h1>\n<p>Authors: <a href=\"https:\/\/vgi.krtk.hu\/en\/colleague\/koller-boglarka\/\">Bogl\u00e1rka Koller<\/a> and Krisztina Arat\u00f3<\/p>\n<p>In: <em>Comparative Eurpoean Politics (2025)<\/em><\/p>\n<p>DOI: https:\/\/doi.org\/10.1057\/s41295-025-00427-6<\/p>\n<p>&nbsp;<\/p>\n<h1>Abstract<\/h1>\n<p>The Visegrad Group (V4), a unique subregional cooperation within the European Union, has experienced a negative shift following the Russian aggression in Ukraine. The Russian aggression in Ukraine also triggered another development in the EU. Enlargement has been halted since 2013 and has become the centre of attention again. The official candidate status was granted swiftly to Ukraine, Moldova, and Georgia, which also put the Western Balkans\u2019 future in the spotlight. This article aims to interpret the four Visegrad states\u2019 positions on the EU\u2019s enlargement policy and alterations in these by looking for explanatory causes in the 2014\u20132025 period. Enlargement is of high relevance in the region, not only because of the V4 countries\u2019 accession to the EU twenty years ago and of its complex, sometimes conflictual interactions with the EU institutions since then but also because the candidate countries are located in the immediate neighbourhood of the V4 region, that brings the geopolitical aspects of the policy in the spotlight. After conceptualizing the V4, process tracing methodology is applied to answer the question of the V4 states\u2019 view and influence on the enlargement policy of the EU. This article aims not to determine the future perspectives of the European Union\u2019s overall enlargement policy but to focus solely on the Visegrad countries. Still, the conclusions of this article can contribute to the general understanding of the debates on the future of enlargement.<\/p>\n","protected":false},"excerpt":{"rendered":"<p>Dysfunctional advocates? analysis of the Visegrad Group positions on the enlargement policy of the EU (2014\u20132025) Authors: Bogl\u00e1rka Koller and Krisztina Arat\u00f3 In: Comparative Eurpoean Politics (2025) DOI: https:\/\/doi.org\/10.1057\/s41295-025-00427-6 &nbsp; Abstract The Visegrad Group (V4), a unique subregional cooperation within the European Union, has experienced a negative shift following the Russian aggression in Ukraine. The [&hellip;]<\/p>\n","protected":false},"featured_media":38,"template":"","meta":{"_acf_changed":false,"inline_featured_image":false,"_links_to":"","_links_to_target":""},"categories":[104,100],"tags":[281,247,676,677,675],"class_list":["post-11414","publikacio","type-publikacio","status-publish","has-post-thumbnail","hentry","category-external-publications","category-publications","tag-enlargement","tag-european-union","tag-v4-en","tag-visegrad-cooperation-en","tag-visegrad-group-en"],"acf":[],"yoast_head":"<!-- This site is optimized with the Yoast SEO plugin v25.1 - https:\/\/yoast.com\/wordpress\/plugins\/seo\/ -->\n<title>Koller, B., Arat\u00f3, K.: Dysfunctional advocates? analysis of the Visegrad Group positions on the enlargement policy of the EU (2014\u20132025) - VGI<\/title>\n<meta name=\"robots\" content=\"index, follow, max-snippet:-1, max-image-preview:large, max-video-preview:-1\" \/>\n<link rel=\"canonical\" href=\"https:\/\/vgi.krtk.hu\/en\/publikacio\/koller-b-arato-k-dysfunctional-advocates-analysis-of-the-visegrad-group-positions-on-the-enlargement-policy-of-the-eu-2014-2025\/\" \/>\n<meta property=\"og:locale\" content=\"en_US\" \/>\n<meta property=\"og:type\" content=\"article\" \/>\n<meta property=\"og:title\" content=\"Koller, B., Arat\u00f3, K.: Dysfunctional advocates? analysis of the Visegrad Group positions on the enlargement policy of the EU (2014\u20132025) - VGI\" \/>\n<meta property=\"og:description\" content=\"Dysfunctional advocates? analysis of the Visegrad Group positions on the enlargement policy of the EU (2014\u20132025) Authors: Bogl\u00e1rka Koller and Krisztina Arat\u00f3 In: Comparative Eurpoean Politics (2025) DOI: https:\/\/doi.org\/10.1057\/s41295-025-00427-6 &nbsp; Abstract The Visegrad Group (V4), a unique subregional cooperation within the European Union, has experienced a negative shift following the Russian aggression in Ukraine. The [&hellip;]\" \/>\n<meta property=\"og:url\" content=\"https:\/\/vgi.krtk.hu\/en\/publikacio\/koller-b-arato-k-dysfunctional-advocates-analysis-of-the-visegrad-group-positions-on-the-enlargement-policy-of-the-eu-2014-2025\/\" \/>\n<meta property=\"og:site_name\" content=\"VGI\" \/>\n<meta property=\"article:modified_time\" content=\"2025-06-18T09:59:41+00:00\" \/>\n<meta property=\"og:image\" content=\"https:\/\/vgi.krtk.hu\/wp-content\/uploads\/2025\/06\/Bogi_CEP.jpg\" \/>\n\t<meta property=\"og:image:width\" content=\"153\" \/>\n\t<meta property=\"og:image:height\" content=\"232\" \/>\n\t<meta property=\"og:image:type\" content=\"image\/jpeg\" \/>\n<meta name=\"twitter:card\" content=\"summary_large_image\" \/>\n<meta name=\"twitter:label1\" content=\"Est. reading time\" \/>\n\t<meta name=\"twitter:data1\" content=\"2 minutes\" \/>\n<script type=\"application\/ld+json\" class=\"yoast-schema-graph\">{\"@context\":\"https:\/\/schema.org\",\"@graph\":[{\"@type\":\"WebPage\",\"@id\":\"https:\/\/vgi.krtk.hu\/en\/publikacio\/koller-b-arato-k-dysfunctional-advocates-analysis-of-the-visegrad-group-positions-on-the-enlargement-policy-of-the-eu-2014-2025\/\",\"url\":\"https:\/\/vgi.krtk.hu\/en\/publikacio\/koller-b-arato-k-dysfunctional-advocates-analysis-of-the-visegrad-group-positions-on-the-enlargement-policy-of-the-eu-2014-2025\/\",\"name\":\"Koller, B., Arat\u00f3, K.: Dysfunctional advocates? analysis of the Visegrad Group positions on the enlargement policy of the EU (2014\u20132025) - VGI\",\"isPartOf\":{\"@id\":\"https:\/\/vgi.krtk.hu\/#website\"},\"primaryImageOfPage\":{\"@id\":\"https:\/\/vgi.krtk.hu\/en\/publikacio\/koller-b-arato-k-dysfunctional-advocates-analysis-of-the-visegrad-group-positions-on-the-enlargement-policy-of-the-eu-2014-2025\/#primaryimage\"},\"image\":{\"@id\":\"https:\/\/vgi.krtk.hu\/en\/publikacio\/koller-b-arato-k-dysfunctional-advocates-analysis-of-the-visegrad-group-positions-on-the-enlargement-policy-of-the-eu-2014-2025\/#primaryimage\"},\"thumbnailUrl\":\"https:\/\/vgi.krtk.hu\/wp-content\/uploads\/2022\/05\/placeholder.png\",\"datePublished\":\"2025-06-18T09:57:51+00:00\",\"dateModified\":\"2025-06-18T09:59:41+00:00\",\"inLanguage\":\"en-US\",\"potentialAction\":[{\"@type\":\"ReadAction\",\"target\":[\"https:\/\/vgi.krtk.hu\/en\/publikacio\/koller-b-arato-k-dysfunctional-advocates-analysis-of-the-visegrad-group-positions-on-the-enlargement-policy-of-the-eu-2014-2025\/\"]}]},{\"@type\":\"ImageObject\",\"inLanguage\":\"en-US\",\"@id\":\"https:\/\/vgi.krtk.hu\/en\/publikacio\/koller-b-arato-k-dysfunctional-advocates-analysis-of-the-visegrad-group-positions-on-the-enlargement-policy-of-the-eu-2014-2025\/#primaryimage\",\"url\":\"https:\/\/vgi.krtk.hu\/wp-content\/uploads\/2022\/05\/placeholder.png\",\"contentUrl\":\"https:\/\/vgi.krtk.hu\/wp-content\/uploads\/2022\/05\/placeholder.png\",\"width\":1200,\"height\":800},{\"@type\":\"WebSite\",\"@id\":\"https:\/\/vgi.krtk.hu\/#website\",\"url\":\"https:\/\/vgi.krtk.hu\/\",\"name\":\"VGI\",\"description\":\"Vil\u00e1ggazdas\u00e1gi Int\u00e9zet\",\"publisher\":{\"@id\":\"https:\/\/vgi.krtk.hu\/#organization\"},\"potentialAction\":[{\"@type\":\"SearchAction\",\"target\":{\"@type\":\"EntryPoint\",\"urlTemplate\":\"https:\/\/vgi.krtk.hu\/?s={search_term_string}\"},\"query-input\":{\"@type\":\"PropertyValueSpecification\",\"valueRequired\":true,\"valueName\":\"search_term_string\"}}],\"inLanguage\":\"en-US\"},{\"@type\":\"Organization\",\"@id\":\"https:\/\/vgi.krtk.hu\/#organization\",\"name\":\"VGI\",\"url\":\"https:\/\/vgi.krtk.hu\/\",\"logo\":{\"@type\":\"ImageObject\",\"inLanguage\":\"en-US\",\"@id\":\"https:\/\/vgi.krtk.hu\/#\/schema\/logo\/image\/\",\"url\":\"https:\/\/vgi.krtk.hu\/wp-content\/uploads\/2022\/08\/cropped-Group-960-1.png\",\"contentUrl\":\"https:\/\/vgi.krtk.hu\/wp-content\/uploads\/2022\/08\/cropped-Group-960-1.png\",\"width\":199,\"height\":57,\"caption\":\"VGI\"},\"image\":{\"@id\":\"https:\/\/vgi.krtk.hu\/#\/schema\/logo\/image\/\"}}]}<\/script>\n<!-- \/ Yoast SEO plugin. -->","yoast_head_json":{"title":"Koller, B., Arat\u00f3, K.: Dysfunctional advocates? analysis of the Visegrad Group positions on the enlargement policy of the EU (2014\u20132025) - VGI","robots":{"index":"index","follow":"follow","max-snippet":"max-snippet:-1","max-image-preview":"max-image-preview:large","max-video-preview":"max-video-preview:-1"},"canonical":"https:\/\/vgi.krtk.hu\/en\/publikacio\/koller-b-arato-k-dysfunctional-advocates-analysis-of-the-visegrad-group-positions-on-the-enlargement-policy-of-the-eu-2014-2025\/","og_locale":"en_US","og_type":"article","og_title":"Koller, B., Arat\u00f3, K.: Dysfunctional advocates? analysis of the Visegrad Group positions on the enlargement policy of the EU (2014\u20132025) - VGI","og_description":"Dysfunctional advocates? analysis of the Visegrad Group positions on the enlargement policy of the EU (2014\u20132025) Authors: Bogl\u00e1rka Koller and Krisztina Arat\u00f3 In: Comparative Eurpoean Politics (2025) DOI: https:\/\/doi.org\/10.1057\/s41295-025-00427-6 &nbsp; Abstract The Visegrad Group (V4), a unique subregional cooperation within the European Union, has experienced a negative shift following the Russian aggression in Ukraine. The [&hellip;]","og_url":"https:\/\/vgi.krtk.hu\/en\/publikacio\/koller-b-arato-k-dysfunctional-advocates-analysis-of-the-visegrad-group-positions-on-the-enlargement-policy-of-the-eu-2014-2025\/","og_site_name":"VGI","article_modified_time":"2025-06-18T09:59:41+00:00","og_image":[{"width":153,"height":232,"url":"https:\/\/vgi.krtk.hu\/wp-content\/uploads\/2025\/06\/Bogi_CEP.jpg","type":"image\/jpeg"}],"twitter_card":"summary_large_image","twitter_misc":{"Est. reading time":"2 minutes"},"schema":{"@context":"https:\/\/schema.org","@graph":[{"@type":"WebPage","@id":"https:\/\/vgi.krtk.hu\/en\/publikacio\/koller-b-arato-k-dysfunctional-advocates-analysis-of-the-visegrad-group-positions-on-the-enlargement-policy-of-the-eu-2014-2025\/","url":"https:\/\/vgi.krtk.hu\/en\/publikacio\/koller-b-arato-k-dysfunctional-advocates-analysis-of-the-visegrad-group-positions-on-the-enlargement-policy-of-the-eu-2014-2025\/","name":"Koller, B., Arat\u00f3, K.: Dysfunctional advocates? analysis of the Visegrad Group positions on the enlargement policy of the EU (2014\u20132025) - VGI","isPartOf":{"@id":"https:\/\/vgi.krtk.hu\/#website"},"primaryImageOfPage":{"@id":"https:\/\/vgi.krtk.hu\/en\/publikacio\/koller-b-arato-k-dysfunctional-advocates-analysis-of-the-visegrad-group-positions-on-the-enlargement-policy-of-the-eu-2014-2025\/#primaryimage"},"image":{"@id":"https:\/\/vgi.krtk.hu\/en\/publikacio\/koller-b-arato-k-dysfunctional-advocates-analysis-of-the-visegrad-group-positions-on-the-enlargement-policy-of-the-eu-2014-2025\/#primaryimage"},"thumbnailUrl":"https:\/\/vgi.krtk.hu\/wp-content\/uploads\/2022\/05\/placeholder.png","datePublished":"2025-06-18T09:57:51+00:00","dateModified":"2025-06-18T09:59:41+00:00","inLanguage":"en-US","potentialAction":[{"@type":"ReadAction","target":["https:\/\/vgi.krtk.hu\/en\/publikacio\/koller-b-arato-k-dysfunctional-advocates-analysis-of-the-visegrad-group-positions-on-the-enlargement-policy-of-the-eu-2014-2025\/"]}]},{"@type":"ImageObject","inLanguage":"en-US","@id":"https:\/\/vgi.krtk.hu\/en\/publikacio\/koller-b-arato-k-dysfunctional-advocates-analysis-of-the-visegrad-group-positions-on-the-enlargement-policy-of-the-eu-2014-2025\/#primaryimage","url":"https:\/\/vgi.krtk.hu\/wp-content\/uploads\/2022\/05\/placeholder.png","contentUrl":"https:\/\/vgi.krtk.hu\/wp-content\/uploads\/2022\/05\/placeholder.png","width":1200,"height":800},{"@type":"WebSite","@id":"https:\/\/vgi.krtk.hu\/#website","url":"https:\/\/vgi.krtk.hu\/","name":"VGI","description":"Vil\u00e1ggazdas\u00e1gi Int\u00e9zet","publisher":{"@id":"https:\/\/vgi.krtk.hu\/#organization"},"potentialAction":[{"@type":"SearchAction","target":{"@type":"EntryPoint","urlTemplate":"https:\/\/vgi.krtk.hu\/?s={search_term_string}"},"query-input":{"@type":"PropertyValueSpecification","valueRequired":true,"valueName":"search_term_string"}}],"inLanguage":"en-US"},{"@type":"Organization","@id":"https:\/\/vgi.krtk.hu\/#organization","name":"VGI","url":"https:\/\/vgi.krtk.hu\/","logo":{"@type":"ImageObject","inLanguage":"en-US","@id":"https:\/\/vgi.krtk.hu\/#\/schema\/logo\/image\/","url":"https:\/\/vgi.krtk.hu\/wp-content\/uploads\/2022\/08\/cropped-Group-960-1.png","contentUrl":"https:\/\/vgi.krtk.hu\/wp-content\/uploads\/2022\/08\/cropped-Group-960-1.png","width":199,"height":57,"caption":"VGI"},"image":{"@id":"https:\/\/vgi.krtk.hu\/#\/schema\/logo\/image\/"}}]}},"_links":{"self":[{"href":"https:\/\/vgi.krtk.hu\/en\/wp-json\/wp\/v2\/publikacio\/11414","targetHints":{"allow":["GET"]}}],"collection":[{"href":"https:\/\/vgi.krtk.hu\/en\/wp-json\/wp\/v2\/publikacio"}],"about":[{"href":"https:\/\/vgi.krtk.hu\/en\/wp-json\/wp\/v2\/types\/publikacio"}],"wp:featuredmedia":[{"embeddable":true,"href":"https:\/\/vgi.krtk.hu\/en\/wp-json\/wp\/v2\/media\/38"}],"wp:attachment":[{"href":"https:\/\/vgi.krtk.hu\/en\/wp-json\/wp\/v2\/media?parent=11414"}],"wp:term":[{"taxonomy":"category","embeddable":true,"href":"https:\/\/vgi.krtk.hu\/en\/wp-json\/wp\/v2\/categories?post=11414"},{"taxonomy":"post_tag","embeddable":true,"href":"https:\/\/vgi.krtk.hu\/en\/wp-json\/wp\/v2\/tags?post=11414"}],"curies":[{"name":"wp","href":"https:\/\/api.w.org\/{rel}","templated":true}]}}

Koller, B., Arató, K.: Dysfunctional advocates? analysis of the Visegrad Group positions on the enlargement policy of the EU (2014–2025)

<h1>Dysfunctional advocates? analysis of the Visegrad Group positions on the enlargement policy of the EU (2014–2025)</h1>
<p>Authors: <a href="https://vgi.krtk.hu/en/colleague/koller-boglarka/">Boglárka Koller</a> and Krisztina Arató</p>
<p>In: <em>Comparative Eurpoean Politics (2025)</em></p>
<p>DOI: https://doi.org/10.1057/s41295-025-00427-6</p>
<p>&nbsp;</p>
<h1>Abstract</h1>
<p>The Visegrad Group (V4), a unique subregional cooperation within the European Union, has experienced a negative shift following the Russian aggression in Ukraine. The Russian aggression in Ukraine also triggered another development in the EU. Enlargement has been halted since 2013 and has become the centre of attention again. The official candidate status was granted swiftly to Ukraine, Moldova, and Georgia, which also put the Western Balkans’ future in the spotlight. This article aims to interpret the four Visegrad states’ positions on the EU’s enlargement policy and alterations in these by looking for explanatory causes in the 2014–2025 period. Enlargement is of high relevance in the region, not only because of the V4 countries’ accession to the EU twenty years ago and of its complex, sometimes conflictual interactions with the EU institutions since then but also because the candidate countries are located in the immediate neighbourhood of the V4 region, that brings the geopolitical aspects of the policy in the spotlight. After conceptualizing the V4, process tracing methodology is applied to answer the question of the V4 states’ view and influence on the enlargement policy of the EU. This article aims not to determine the future perspectives of the European Union’s overall enlargement policy but to focus solely on the Visegrad countries. Still, the conclusions of this article can contribute to the general understanding of the debates on the future of enlargement.</p>

<p>Dysfunctional advocates? analysis of the Visegrad Group positions on the enlargement policy of the EU (2014–2025) Authors: Boglárka Koller and Krisztina Arató In: Comparative Eurpoean Politics (2025) DOI: https://doi.org/10.1057/s41295-025-00427-6 &nbsp; Abstract The Visegrad Group (V4), a unique subregional cooperation within the European Union, has experienced a negative shift following the Russian aggression in Ukraine. The [&hellip;]</p>

<!-- This site is optimized with the Yoast SEO plugin v25.1 - https://yoast.com/wordpress/plugins/seo/ -->
<title>Koller, B., Arató, K.: Dysfunctional advocates? analysis of the Visegrad Group positions on the enlargement policy of the EU (2014–2025) - VGI</title>
<meta name="robots" content="index, follow, max-snippet:-1, max-image-preview:large, max-video-preview:-1" />
<link rel="canonical" href="https://vgi.krtk.hu/en/publikacio/koller-b-arato-k-dysfunctional-advocates-analysis-of-the-visegrad-group-positions-on-the-enlargement-policy-of-the-eu-2014-2025/" />
<meta property="og:locale" content="en_US" />
<meta property="og:type" content="article" />
<meta property="og:title" content="Koller, B., Arató, K.: Dysfunctional advocates? analysis of the Visegrad Group positions on the enlargement policy of the EU (2014–2025) - VGI" />
<meta property="og:description" content="Dysfunctional advocates? analysis of the Visegrad Group positions on the enlargement policy of the EU (2014–2025) Authors: Boglárka Koller and Krisztina Arató In: Comparative Eurpoean Politics (2025) DOI: https://doi.org/10.1057/s41295-025-00427-6 &nbsp; Abstract The Visegrad Group (V4), a unique subregional cooperation within the European Union, has experienced a negative shift following the Russian aggression in Ukraine. The [&hellip;]" />
<meta property="og:url" content="https://vgi.krtk.hu/en/publikacio/koller-b-arato-k-dysfunctional-advocates-analysis-of-the-visegrad-group-positions-on-the-enlargement-policy-of-the-eu-2014-2025/" />
<meta property="og:site_name" content="VGI" />
<meta property="article:modified_time" content="2025-06-18T09:59:41+00:00" />
<meta property="og:image" content="https://vgi.krtk.hu/wp-content/uploads/2025/06/Bogi_CEP.jpg" />
	<meta property="og:image:width" content="153" />
	<meta property="og:image:height" content="232" />
	<meta property="og:image:type" content="image/jpeg" />
<meta name="twitter:card" content="summary_large_image" />
<meta name="twitter:label1" content="Est. reading time" />
	<meta name="twitter:data1" content="2 minutes" />
<script type="application/ld+json" class="yoast-schema-graph">{"@context":"https://schema.org","@graph":[{"@type":"WebPage","@id":"https://vgi.krtk.hu/en/publikacio/koller-b-arato-k-dysfunctional-advocates-analysis-of-the-visegrad-group-positions-on-the-enlargement-policy-of-the-eu-2014-2025/","url":"https://vgi.krtk.hu/en/publikacio/koller-b-arato-k-dysfunctional-advocates-analysis-of-the-visegrad-group-positions-on-the-enlargement-policy-of-the-eu-2014-2025/","name":"Koller, B., Arató, K.: Dysfunctional advocates? analysis of the Visegrad Group positions on the enlargement policy of the EU (2014–2025) - VGI","isPartOf":{"@id":"https://vgi.krtk.hu/#website"},"primaryImageOfPage":{"@id":"https://vgi.krtk.hu/en/publikacio/koller-b-arato-k-dysfunctional-advocates-analysis-of-the-visegrad-group-positions-on-the-enlargement-policy-of-the-eu-2014-2025/#primaryimage"},"image":{"@id":"https://vgi.krtk.hu/en/publikacio/koller-b-arato-k-dysfunctional-advocates-analysis-of-the-visegrad-group-positions-on-the-enlargement-policy-of-the-eu-2014-2025/#primaryimage"},"thumbnailUrl":"https://vgi.krtk.hu/wp-content/uploads/2022/05/placeholder.png","datePublished":"2025-06-18T09:57:51+00:00","dateModified":"2025-06-18T09:59:41+00:00","inLanguage":"en-US","potentialAction":[{"@type":"ReadAction","target":["https://vgi.krtk.hu/en/publikacio/koller-b-arato-k-dysfunctional-advocates-analysis-of-the-visegrad-group-positions-on-the-enlargement-policy-of-the-eu-2014-2025/"]}]},{"@type":"ImageObject","inLanguage":"en-US","@id":"https://vgi.krtk.hu/en/publikacio/koller-b-arato-k-dysfunctional-advocates-analysis-of-the-visegrad-group-positions-on-the-enlargement-policy-of-the-eu-2014-2025/#primaryimage","url":"https://vgi.krtk.hu/wp-content/uploads/2022/05/placeholder.png","contentUrl":"https://vgi.krtk.hu/wp-content/uploads/2022/05/placeholder.png","width":1200,"height":800},{"@type":"WebSite","@id":"https://vgi.krtk.hu/#website","url":"https://vgi.krtk.hu/","name":"VGI","description":"Világgazdasági Intézet","publisher":{"@id":"https://vgi.krtk.hu/#organization"},"potentialAction":[{"@type":"SearchAction","target":{"@type":"EntryPoint","urlTemplate":"https://vgi.krtk.hu/?s={search_term_string}"},"query-input":{"@type":"PropertyValueSpecification","valueRequired":true,"valueName":"search_term_string"}}],"inLanguage":"en-US"},{"@type":"Organization","@id":"https://vgi.krtk.hu/#organization","name":"VGI","url":"https://vgi.krtk.hu/","logo":{"@type":"ImageObject","inLanguage":"en-US","@id":"https://vgi.krtk.hu/#/schema/logo/image/","url":"https://vgi.krtk.hu/wp-content/uploads/2022/08/cropped-Group-960-1.png","contentUrl":"https://vgi.krtk.hu/wp-content/uploads/2022/08/cropped-Group-960-1.png","width":199,"height":57,"caption":"VGI"},"image":{"@id":"https://vgi.krtk.hu/#/schema/logo/image/"}}]}</script>
<!-- / Yoast SEO plugin. -->

Koller, B., Arató, K.: Dysfunctional advocates? analysis of the Visegrad Group positions on the enlargement policy of the EU (2014–2025) - VGI

Dysfunctional advocates? analysis of the Visegrad Group positions on the enlargement policy of the EU (2014–2025) Authors: Boglárka Koller and Krisztina Arató In: Comparative Eurpoean Politics (2025) DOI: https://doi.org/10.1057/s41295-025-00427-6 &nbsp; Abstract The Visegrad Group (V4), a unique subregional cooperation within the European Union, has experienced a negative shift following the Russian aggression in Ukraine. The [&hellip;]

Világgazdasági Intézet
