{"id":11429,"date":"2025-06-23T12:09:33","date_gmt":"2025-06-23T12:09:33","guid":{"rendered":"https:\/\/vgi.krtk.hu\/?post_type=publikacio&#038;p=11429"},"modified":"2025-06-23T12:09:33","modified_gmt":"2025-06-23T12:09:33","slug":"weiner-cs-muth-d-who-would-support-and-payfor-a-residential-carbon-tax-in-hungary-and-under-what-conditions","status":"publish","type":"publikacio","link":"https:\/\/vgi.krtk.hu\/en\/publikacio\/weiner-cs-muth-d-who-would-support-and-payfor-a-residential-carbon-tax-in-hungary-and-under-what-conditions\/","title":{"rendered":"Weiner, Cs., Muth, D.: Who would support and payfor a residential carbon tax in Hungary \u2013 and under what conditions?"},"content":{"rendered":"<h1>Who would support and payfor a residential carbon tax in Hungary \u2013 and under what conditions?<\/h1>\n<p>Authors: <a href=\"https:\/\/vgi.krtk.hu\/en\/colleague\/csaba-weiner\/\">Csaba Weiner<\/a>, <a href=\"https:\/\/vgi.krtk.hu\/en\/colleague\/daniel-muth\/\">D\u00e1niel Muth<\/a><\/p>\n<p>In: <em>Policy Brief N\u00b02\u00a0<\/em>&#8211; KRTK<\/p>\n<p>&nbsp;<\/p>\n<h1>Abstract<\/h1>\n<p>Anthropogenic carbon dioxide emissions, primarily from the combustion of fossil fuels, are the main driver of climate change. Reducing these emissions is therefore essential. One way to do so is through carbon pricing, which gives emissions a cost and thereby encourages households and businesses to adjust their behaviour to minimise expenses. Two key instruments are carbon taxes and emissions trading systems (ETS).<\/p>\n<p>As part of its climate goals, the EU will extend the ETS to the building and transport sectors in 2027, aiming to reduce greenhouse gas emissions by at least 55% by 2030 compared to 1990 levels. This is expected to raise the price of heating fuels and motor fuels \u2013 directly affecting household well-being in Hungary.<\/p>\n<p>Public acceptance of carbon pricing largely depends on how fair and effective people perceive these policies to be. Carbon pricing tends to place a relatively higher burden on poorer households: demand for heating and transport fuels is relatively inelastic, while low-emission alternatives such as heat pumps and electric vehicles remain expensive. At the same time, carbon taxes generate significant public revenue, which can be recycled to improve economic, social, and environmental conditions \u2013 potentially increasing public support.<\/p>\n<p>This brief examines the level of public acceptance of, and willingness to pay (WTP) for, a carbon tax in Hungary, as well as how revenue recycling measures may influence these attitudes.<\/p>\n","protected":false},"excerpt":{"rendered":"<p>Who would support and payfor a residential carbon tax in Hungary \u2013 and under what conditions? Authors: Csaba Weiner, D\u00e1niel Muth In: Policy Brief N\u00b02\u00a0&#8211; KRTK &nbsp; Abstract Anthropogenic carbon dioxide emissions, primarily from the combustion of fossil fuels, are the main driver of climate change. Reducing these emissions is therefore essential. One way to [&hellip;]<\/p>\n","protected":false},"featured_media":11426,"template":"","meta":{"_acf_changed":false,"inline_featured_image":false,"_links_to":"","_links_to_target":""},"categories":[104,100],"tags":[705,706,707,708,160],"class_list":["post-11429","publikacio","type-publikacio","status-publish","has-post-thumbnail","hentry","category-external-publications","category-publications","tag-carbon-dioxide-emissions","tag-carbon-taxes","tag-emissions-trading-systems","tag-ets-en","tag-hungary-en"],"acf":[],"yoast_head":"<!-- This site is optimized with the Yoast SEO plugin v25.1 - https:\/\/yoast.com\/wordpress\/plugins\/seo\/ -->\n<title>Weiner, Cs., Muth, D.: Who would support and payfor a residential carbon tax in Hungary \u2013 and under what conditions? - VGI<\/title>\n<meta name=\"robots\" content=\"index, follow, max-snippet:-1, max-image-preview:large, max-video-preview:-1\" \/>\n<link rel=\"canonical\" href=\"https:\/\/vgi.krtk.hu\/en\/publikacio\/weiner-cs-muth-d-who-would-support-and-payfor-a-residential-carbon-tax-in-hungary-and-under-what-conditions\/\" \/>\n<meta property=\"og:locale\" content=\"en_US\" \/>\n<meta property=\"og:type\" content=\"article\" \/>\n<meta property=\"og:title\" content=\"Weiner, Cs., Muth, D.: Who would support and payfor a residential carbon tax in Hungary \u2013 and under what conditions? - VGI\" \/>\n<meta property=\"og:description\" content=\"Who would support and payfor a residential carbon tax in Hungary \u2013 and under what conditions? Authors: Csaba Weiner, D\u00e1niel Muth In: Policy Brief N\u00b02\u00a0&#8211; KRTK &nbsp; Abstract Anthropogenic carbon dioxide emissions, primarily from the combustion of fossil fuels, are the main driver of climate change. Reducing these emissions is therefore essential. One way to [&hellip;]\" \/>\n<meta property=\"og:url\" content=\"https:\/\/vgi.krtk.hu\/en\/publikacio\/weiner-cs-muth-d-who-would-support-and-payfor-a-residential-carbon-tax-in-hungary-and-under-what-conditions\/\" \/>\n<meta property=\"og:site_name\" content=\"VGI\" \/>\n<meta property=\"og:image\" content=\"https:\/\/vgi.krtk.hu\/wp-content\/uploads\/2025\/06\/policy_brief_02_cover.jpg\" \/>\n\t<meta property=\"og:image:width\" content=\"621\" \/>\n\t<meta property=\"og:image:height\" content=\"875\" \/>\n\t<meta property=\"og:image:type\" content=\"image\/jpeg\" \/>\n<meta name=\"twitter:card\" content=\"summary_large_image\" \/>\n<meta name=\"twitter:label1\" content=\"Est. reading time\" \/>\n\t<meta name=\"twitter:data1\" content=\"2 minutes\" \/>\n<script type=\"application\/ld+json\" class=\"yoast-schema-graph\">{\"@context\":\"https:\/\/schema.org\",\"@graph\":[{\"@type\":\"WebPage\",\"@id\":\"https:\/\/vgi.krtk.hu\/en\/publikacio\/weiner-cs-muth-d-who-would-support-and-payfor-a-residential-carbon-tax-in-hungary-and-under-what-conditions\/\",\"url\":\"https:\/\/vgi.krtk.hu\/en\/publikacio\/weiner-cs-muth-d-who-would-support-and-payfor-a-residential-carbon-tax-in-hungary-and-under-what-conditions\/\",\"name\":\"Weiner, Cs., Muth, D.: Who would support and payfor a residential carbon tax in Hungary \u2013 and under what conditions? - VGI\",\"isPartOf\":{\"@id\":\"https:\/\/vgi.krtk.hu\/#website\"},\"primaryImageOfPage\":{\"@id\":\"https:\/\/vgi.krtk.hu\/en\/publikacio\/weiner-cs-muth-d-who-would-support-and-payfor-a-residential-carbon-tax-in-hungary-and-under-what-conditions\/#primaryimage\"},\"image\":{\"@id\":\"https:\/\/vgi.krtk.hu\/en\/publikacio\/weiner-cs-muth-d-who-would-support-and-payfor-a-residential-carbon-tax-in-hungary-and-under-what-conditions\/#primaryimage\"},\"thumbnailUrl\":\"https:\/\/vgi.krtk.hu\/wp-content\/uploads\/2025\/06\/policy_brief_02_cover.jpg\",\"datePublished\":\"2025-06-23T12:09:33+00:00\",\"inLanguage\":\"en-US\",\"potentialAction\":[{\"@type\":\"ReadAction\",\"target\":[\"https:\/\/vgi.krtk.hu\/en\/publikacio\/weiner-cs-muth-d-who-would-support-and-payfor-a-residential-carbon-tax-in-hungary-and-under-what-conditions\/\"]}]},{\"@type\":\"ImageObject\",\"inLanguage\":\"en-US\",\"@id\":\"https:\/\/vgi.krtk.hu\/en\/publikacio\/weiner-cs-muth-d-who-would-support-and-payfor-a-residential-carbon-tax-in-hungary-and-under-what-conditions\/#primaryimage\",\"url\":\"https:\/\/vgi.krtk.hu\/wp-content\/uploads\/2025\/06\/policy_brief_02_cover.jpg\",\"contentUrl\":\"https:\/\/vgi.krtk.hu\/wp-content\/uploads\/2025\/06\/policy_brief_02_cover.jpg\",\"width\":621,\"height\":875},{\"@type\":\"WebSite\",\"@id\":\"https:\/\/vgi.krtk.hu\/#website\",\"url\":\"https:\/\/vgi.krtk.hu\/\",\"name\":\"VGI\",\"description\":\"Vil\u00e1ggazdas\u00e1gi Int\u00e9zet\",\"publisher\":{\"@id\":\"https:\/\/vgi.krtk.hu\/#organization\"},\"potentialAction\":[{\"@type\":\"SearchAction\",\"target\":{\"@type\":\"EntryPoint\",\"urlTemplate\":\"https:\/\/vgi.krtk.hu\/?s={search_term_string}\"},\"query-input\":{\"@type\":\"PropertyValueSpecification\",\"valueRequired\":true,\"valueName\":\"search_term_string\"}}],\"inLanguage\":\"en-US\"},{\"@type\":\"Organization\",\"@id\":\"https:\/\/vgi.krtk.hu\/#organization\",\"name\":\"VGI\",\"url\":\"https:\/\/vgi.krtk.hu\/\",\"logo\":{\"@type\":\"ImageObject\",\"inLanguage\":\"en-US\",\"@id\":\"https:\/\/vgi.krtk.hu\/#\/schema\/logo\/image\/\",\"url\":\"https:\/\/vgi.krtk.hu\/wp-content\/uploads\/2022\/08\/cropped-Group-960-1.png\",\"contentUrl\":\"https:\/\/vgi.krtk.hu\/wp-content\/uploads\/2022\/08\/cropped-Group-960-1.png\",\"width\":199,\"height\":57,\"caption\":\"VGI\"},\"image\":{\"@id\":\"https:\/\/vgi.krtk.hu\/#\/schema\/logo\/image\/\"}}]}<\/script>\n<!-- \/ Yoast SEO plugin. -->","yoast_head_json":{"title":"Weiner, Cs., Muth, D.: Who would support and payfor a residential carbon tax in Hungary \u2013 and under what conditions? - VGI","robots":{"index":"index","follow":"follow","max-snippet":"max-snippet:-1","max-image-preview":"max-image-preview:large","max-video-preview":"max-video-preview:-1"},"canonical":"https:\/\/vgi.krtk.hu\/en\/publikacio\/weiner-cs-muth-d-who-would-support-and-payfor-a-residential-carbon-tax-in-hungary-and-under-what-conditions\/","og_locale":"en_US","og_type":"article","og_title":"Weiner, Cs., Muth, D.: Who would support and payfor a residential carbon tax in Hungary \u2013 and under what conditions? - VGI","og_description":"Who would support and payfor a residential carbon tax in Hungary \u2013 and under what conditions? Authors: Csaba Weiner, D\u00e1niel Muth In: Policy Brief N\u00b02\u00a0&#8211; KRTK &nbsp; Abstract Anthropogenic carbon dioxide emissions, primarily from the combustion of fossil fuels, are the main driver of climate change. Reducing these emissions is therefore essential. One way to [&hellip;]","og_url":"https:\/\/vgi.krtk.hu\/en\/publikacio\/weiner-cs-muth-d-who-would-support-and-payfor-a-residential-carbon-tax-in-hungary-and-under-what-conditions\/","og_site_name":"VGI","og_image":[{"width":621,"height":875,"url":"https:\/\/vgi.krtk.hu\/wp-content\/uploads\/2025\/06\/policy_brief_02_cover.jpg","type":"image\/jpeg"}],"twitter_card":"summary_large_image","twitter_misc":{"Est. reading time":"2 minutes"},"schema":{"@context":"https:\/\/schema.org","@graph":[{"@type":"WebPage","@id":"https:\/\/vgi.krtk.hu\/en\/publikacio\/weiner-cs-muth-d-who-would-support-and-payfor-a-residential-carbon-tax-in-hungary-and-under-what-conditions\/","url":"https:\/\/vgi.krtk.hu\/en\/publikacio\/weiner-cs-muth-d-who-would-support-and-payfor-a-residential-carbon-tax-in-hungary-and-under-what-conditions\/","name":"Weiner, Cs., Muth, D.: Who would support and payfor a residential carbon tax in Hungary \u2013 and under what conditions? - VGI","isPartOf":{"@id":"https:\/\/vgi.krtk.hu\/#website"},"primaryImageOfPage":{"@id":"https:\/\/vgi.krtk.hu\/en\/publikacio\/weiner-cs-muth-d-who-would-support-and-payfor-a-residential-carbon-tax-in-hungary-and-under-what-conditions\/#primaryimage"},"image":{"@id":"https:\/\/vgi.krtk.hu\/en\/publikacio\/weiner-cs-muth-d-who-would-support-and-payfor-a-residential-carbon-tax-in-hungary-and-under-what-conditions\/#primaryimage"},"thumbnailUrl":"https:\/\/vgi.krtk.hu\/wp-content\/uploads\/2025\/06\/policy_brief_02_cover.jpg","datePublished":"2025-06-23T12:09:33+00:00","inLanguage":"en-US","potentialAction":[{"@type":"ReadAction","target":["https:\/\/vgi.krtk.hu\/en\/publikacio\/weiner-cs-muth-d-who-would-support-and-payfor-a-residential-carbon-tax-in-hungary-and-under-what-conditions\/"]}]},{"@type":"ImageObject","inLanguage":"en-US","@id":"https:\/\/vgi.krtk.hu\/en\/publikacio\/weiner-cs-muth-d-who-would-support-and-payfor-a-residential-carbon-tax-in-hungary-and-under-what-conditions\/#primaryimage","url":"https:\/\/vgi.krtk.hu\/wp-content\/uploads\/2025\/06\/policy_brief_02_cover.jpg","contentUrl":"https:\/\/vgi.krtk.hu\/wp-content\/uploads\/2025\/06\/policy_brief_02_cover.jpg","width":621,"height":875},{"@type":"WebSite","@id":"https:\/\/vgi.krtk.hu\/#website","url":"https:\/\/vgi.krtk.hu\/","name":"VGI","description":"Vil\u00e1ggazdas\u00e1gi Int\u00e9zet","publisher":{"@id":"https:\/\/vgi.krtk.hu\/#organization"},"potentialAction":[{"@type":"SearchAction","target":{"@type":"EntryPoint","urlTemplate":"https:\/\/vgi.krtk.hu\/?s={search_term_string}"},"query-input":{"@type":"PropertyValueSpecification","valueRequired":true,"valueName":"search_term_string"}}],"inLanguage":"en-US"},{"@type":"Organization","@id":"https:\/\/vgi.krtk.hu\/#organization","name":"VGI","url":"https:\/\/vgi.krtk.hu\/","logo":{"@type":"ImageObject","inLanguage":"en-US","@id":"https:\/\/vgi.krtk.hu\/#\/schema\/logo\/image\/","url":"https:\/\/vgi.krtk.hu\/wp-content\/uploads\/2022\/08\/cropped-Group-960-1.png","contentUrl":"https:\/\/vgi.krtk.hu\/wp-content\/uploads\/2022\/08\/cropped-Group-960-1.png","width":199,"height":57,"caption":"VGI"},"image":{"@id":"https:\/\/vgi.krtk.hu\/#\/schema\/logo\/image\/"}}]}},"_links":{"self":[{"href":"https:\/\/vgi.krtk.hu\/en\/wp-json\/wp\/v2\/publikacio\/11429","targetHints":{"allow":["GET"]}}],"collection":[{"href":"https:\/\/vgi.krtk.hu\/en\/wp-json\/wp\/v2\/publikacio"}],"about":[{"href":"https:\/\/vgi.krtk.hu\/en\/wp-json\/wp\/v2\/types\/publikacio"}],"wp:featuredmedia":[{"embeddable":true,"href":"https:\/\/vgi.krtk.hu\/en\/wp-json\/wp\/v2\/media\/11426"}],"wp:attachment":[{"href":"https:\/\/vgi.krtk.hu\/en\/wp-json\/wp\/v2\/media?parent=11429"}],"wp:term":[{"taxonomy":"category","embeddable":true,"href":"https:\/\/vgi.krtk.hu\/en\/wp-json\/wp\/v2\/categories?post=11429"},{"taxonomy":"post_tag","embeddable":true,"href":"https:\/\/vgi.krtk.hu\/en\/wp-json\/wp\/v2\/tags?post=11429"}],"curies":[{"name":"wp","href":"https:\/\/api.w.org\/{rel}","templated":true}]}}

<h1>Who would support and payfor a residential carbon tax in Hungary – and under what conditions?</h1>
<p>Authors: <a href="https://vgi.krtk.hu/en/colleague/csaba-weiner/">Csaba Weiner</a>, <a href="https://vgi.krtk.hu/en/colleague/daniel-muth/">Dániel Muth</a></p>
<p>In: <em>Policy Brief N°2 </em>&#8211; KRTK</p>
<p>&nbsp;</p>
<h1>Abstract</h1>
<p>Anthropogenic carbon dioxide emissions, primarily from the combustion of fossil fuels, are the main driver of climate change. Reducing these emissions is therefore essential. One way to do so is through carbon pricing, which gives emissions a cost and thereby encourages households and businesses to adjust their behaviour to minimise expenses. Two key instruments are carbon taxes and emissions trading systems (ETS).</p>
<p>As part of its climate goals, the EU will extend the ETS to the building and transport sectors in 2027, aiming to reduce greenhouse gas emissions by at least 55% by 2030 compared to 1990 levels. This is expected to raise the price of heating fuels and motor fuels – directly affecting household well-being in Hungary.</p>
<p>Public acceptance of carbon pricing largely depends on how fair and effective people perceive these policies to be. Carbon pricing tends to place a relatively higher burden on poorer households: demand for heating and transport fuels is relatively inelastic, while low-emission alternatives such as heat pumps and electric vehicles remain expensive. At the same time, carbon taxes generate significant public revenue, which can be recycled to improve economic, social, and environmental conditions – potentially increasing public support.</p>
<p>This brief examines the level of public acceptance of, and willingness to pay (WTP) for, a carbon tax in Hungary, as well as how revenue recycling measures may influence these attitudes.</p>

<p>Who would support and payfor a residential carbon tax in Hungary – and under what conditions? Authors: Csaba Weiner, Dániel Muth In: Policy Brief N°2 &#8211; KRTK &nbsp; Abstract Anthropogenic carbon dioxide emissions, primarily from the combustion of fossil fuels, are the main driver of climate change. Reducing these emissions is therefore essential. One way to [&hellip;]</p>

<!-- This site is optimized with the Yoast SEO plugin v25.1 - https://yoast.com/wordpress/plugins/seo/ -->
<title>Weiner, Cs., Muth, D.: Who would support and payfor a residential carbon tax in Hungary – and under what conditions? - VGI</title>
<meta name="robots" content="index, follow, max-snippet:-1, max-image-preview:large, max-video-preview:-1" />
<link rel="canonical" href="https://vgi.krtk.hu/en/publikacio/weiner-cs-muth-d-who-would-support-and-payfor-a-residential-carbon-tax-in-hungary-and-under-what-conditions/" />
<meta property="og:locale" content="en_US" />
<meta property="og:type" content="article" />
<meta property="og:title" content="Weiner, Cs., Muth, D.: Who would support and payfor a residential carbon tax in Hungary – and under what conditions? - VGI" />
<meta property="og:description" content="Who would support and payfor a residential carbon tax in Hungary – and under what conditions? Authors: Csaba Weiner, Dániel Muth In: Policy Brief N°2 &#8211; KRTK &nbsp; Abstract Anthropogenic carbon dioxide emissions, primarily from the combustion of fossil fuels, are the main driver of climate change. Reducing these emissions is therefore essential. One way to [&hellip;]" />
<meta property="og:url" content="https://vgi.krtk.hu/en/publikacio/weiner-cs-muth-d-who-would-support-and-payfor-a-residential-carbon-tax-in-hungary-and-under-what-conditions/" />
<meta property="og:site_name" content="VGI" />
<meta property="og:image" content="https://vgi.krtk.hu/wp-content/uploads/2025/06/policy_brief_02_cover.jpg" />
	<meta property="og:image:width" content="621" />
	<meta property="og:image:height" content="875" />
	<meta property="og:image:type" content="image/jpeg" />
<meta name="twitter:card" content="summary_large_image" />
<meta name="twitter:label1" content="Est. reading time" />
	<meta name="twitter:data1" content="2 minutes" />
<script type="application/ld+json" class="yoast-schema-graph">{"@context":"https://schema.org","@graph":[{"@type":"WebPage","@id":"https://vgi.krtk.hu/en/publikacio/weiner-cs-muth-d-who-would-support-and-payfor-a-residential-carbon-tax-in-hungary-and-under-what-conditions/","url":"https://vgi.krtk.hu/en/publikacio/weiner-cs-muth-d-who-would-support-and-payfor-a-residential-carbon-tax-in-hungary-and-under-what-conditions/","name":"Weiner, Cs., Muth, D.: Who would support and payfor a residential carbon tax in Hungary – and under what conditions? - VGI","isPartOf":{"@id":"https://vgi.krtk.hu/#website"},"primaryImageOfPage":{"@id":"https://vgi.krtk.hu/en/publikacio/weiner-cs-muth-d-who-would-support-and-payfor-a-residential-carbon-tax-in-hungary-and-under-what-conditions/#primaryimage"},"image":{"@id":"https://vgi.krtk.hu/en/publikacio/weiner-cs-muth-d-who-would-support-and-payfor-a-residential-carbon-tax-in-hungary-and-under-what-conditions/#primaryimage"},"thumbnailUrl":"https://vgi.krtk.hu/wp-content/uploads/2025/06/policy_brief_02_cover.jpg","datePublished":"2025-06-23T12:09:33+00:00","inLanguage":"en-US","potentialAction":[{"@type":"ReadAction","target":["https://vgi.krtk.hu/en/publikacio/weiner-cs-muth-d-who-would-support-and-payfor-a-residential-carbon-tax-in-hungary-and-under-what-conditions/"]}]},{"@type":"ImageObject","inLanguage":"en-US","@id":"https://vgi.krtk.hu/en/publikacio/weiner-cs-muth-d-who-would-support-and-payfor-a-residential-carbon-tax-in-hungary-and-under-what-conditions/#primaryimage","url":"https://vgi.krtk.hu/wp-content/uploads/2025/06/policy_brief_02_cover.jpg","contentUrl":"https://vgi.krtk.hu/wp-content/uploads/2025/06/policy_brief_02_cover.jpg","width":621,"height":875},{"@type":"WebSite","@id":"https://vgi.krtk.hu/#website","url":"https://vgi.krtk.hu/","name":"VGI","description":"Világgazdasági Intézet","publisher":{"@id":"https://vgi.krtk.hu/#organization"},"potentialAction":[{"@type":"SearchAction","target":{"@type":"EntryPoint","urlTemplate":"https://vgi.krtk.hu/?s={search_term_string}"},"query-input":{"@type":"PropertyValueSpecification","valueRequired":true,"valueName":"search_term_string"}}],"inLanguage":"en-US"},{"@type":"Organization","@id":"https://vgi.krtk.hu/#organization","name":"VGI","url":"https://vgi.krtk.hu/","logo":{"@type":"ImageObject","inLanguage":"en-US","@id":"https://vgi.krtk.hu/#/schema/logo/image/","url":"https://vgi.krtk.hu/wp-content/uploads/2022/08/cropped-Group-960-1.png","contentUrl":"https://vgi.krtk.hu/wp-content/uploads/2022/08/cropped-Group-960-1.png","width":199,"height":57,"caption":"VGI"},"image":{"@id":"https://vgi.krtk.hu/#/schema/logo/image/"}}]}</script>
<!-- / Yoast SEO plugin. -->

Who would support and payfor a residential carbon tax in Hungary – and under what conditions? Authors: Csaba Weiner, Dániel Muth In: Policy Brief N°2 &#8211; KRTK &nbsp; Abstract Anthropogenic carbon dioxide emissions, primarily from the combustion of fossil fuels, are the main driver of climate change. Reducing these emissions is therefore essential. One way to [&hellip;]

Világgazdasági Intézet
