{"id":11721,"date":"2025-10-14T12:03:07","date_gmt":"2025-10-14T12:03:07","guid":{"rendered":"https:\/\/vgi.krtk.hu\/?post_type=publikacio&#038;p=11721"},"modified":"2025-10-14T12:05:33","modified_gmt":"2025-10-14T12:05:33","slug":"elteto-a-shimbov-b-alguacil-m-global-value-chain-participation-and-the-technology-structure-of-exports-experience-from-the-central-and-southeast-european-countries","status":"publish","type":"publikacio","link":"https:\/\/vgi.krtk.hu\/en\/publikacio\/elteto-a-shimbov-b-alguacil-m-global-value-chain-participation-and-the-technology-structure-of-exports-experience-from-the-central-and-southeast-european-countries\/","title":{"rendered":"\u00c9ltet\u0151, A., Shimbov, B., Alguacil, M.: Global value chain participation and the technology structure of exports: experience from the Central and Southeast European countries."},"content":{"rendered":"<h1>Global value chain participation and the technology structure of exports: experience from the Central and Southeast European countries.<\/h1>\n<p>Authors: <a href=\"https:\/\/vgi.krtk.hu\/en\/colleague\/andrea-elteto\/\">Andrea \u00c9ltet\u0151<\/a>, Bojan Shimbov, Maite Alguacil<\/p>\n<p>In: <em>Journal of Applied Economics<\/em>,\u00a0<em>28<\/em>(1).<\/p>\n<p>DOI: https:\/\/doi.org\/10.1080\/15140326.2025.2564968<\/p>\n<p>&nbsp;<\/p>\n<h1>Abstract<\/h1>\n<p>This paper examines the relationship between global value chain (GVC) participation and technology absorption in Central and Southeast European countries from 1996 to 2019, with a particular focus on trade in high-tech products. We construct a novel GVC participation measure using the latest Broad Economic Categories (BEC) classification, which distinguishes between generic and specialized intermediate goods. In addition, we analyze the technological composition of exports at both the country and sectoral levels. Using panel data estimation techniques, we find that stronger participation in GVCs significantly increases the export of high-tech products, with results robust across different specifications, including instrumental variable approaches and controls for innovation, human capital, and institutional quality. The findings highlight the critical role of GVC integration in fostering technological upgrading and suggest that policies supporting deeper participation, combined with investments in innovation and skills, can accelerate long-term economic development in the region.<\/p>\n","protected":false},"excerpt":{"rendered":"<p>Global value chain participation and the technology structure of exports: experience from the Central and Southeast European countries. Authors: Andrea \u00c9ltet\u0151, Bojan Shimbov, Maite Alguacil In: Journal of Applied Economics,\u00a028(1). DOI: https:\/\/doi.org\/10.1080\/15140326.2025.2564968 &nbsp; Abstract This paper examines the relationship between global value chain (GVC) participation and technology absorption in Central and Southeast European countries from [&hellip;]<\/p>\n","protected":false},"featured_media":11720,"template":"","meta":{"_acf_changed":false,"inline_featured_image":false,"_links_to":"","_links_to_target":""},"categories":[104,100],"tags":[852,230,851],"class_list":["post-11721","publikacio","type-publikacio","status-publish","has-post-thumbnail","hentry","category-external-publications","category-publications","tag-central-and-southeastern-european-countries-en","tag-global-value-chains","tag-technology-structure-of-exports-en"],"acf":[],"yoast_head":"<!-- This site is optimized with the Yoast SEO plugin v25.1 - https:\/\/yoast.com\/wordpress\/plugins\/seo\/ -->\n<title>\u00c9ltet\u0151, A., Shimbov, B., Alguacil, M.: Global value chain participation and the technology structure of exports: experience from the Central and Southeast European countries. - VGI<\/title>\n<meta name=\"robots\" content=\"index, follow, max-snippet:-1, max-image-preview:large, max-video-preview:-1\" \/>\n<link rel=\"canonical\" href=\"https:\/\/vgi.krtk.hu\/en\/publikacio\/elteto-a-shimbov-b-alguacil-m-global-value-chain-participation-and-the-technology-structure-of-exports-experience-from-the-central-and-southeast-european-countries\/\" \/>\n<meta property=\"og:locale\" content=\"en_US\" \/>\n<meta property=\"og:type\" content=\"article\" \/>\n<meta property=\"og:title\" content=\"\u00c9ltet\u0151, A., Shimbov, B., Alguacil, M.: Global value chain participation and the technology structure of exports: experience from the Central and Southeast European countries. - VGI\" \/>\n<meta property=\"og:description\" content=\"Global value chain participation and the technology structure of exports: experience from the Central and Southeast European countries. Authors: Andrea \u00c9ltet\u0151, Bojan Shimbov, Maite Alguacil In: Journal of Applied Economics,\u00a028(1). DOI: https:\/\/doi.org\/10.1080\/15140326.2025.2564968 &nbsp; Abstract This paper examines the relationship between global value chain (GVC) participation and technology absorption in Central and Southeast European countries from [&hellip;]\" \/>\n<meta property=\"og:url\" content=\"https:\/\/vgi.krtk.hu\/en\/publikacio\/elteto-a-shimbov-b-alguacil-m-global-value-chain-participation-and-the-technology-structure-of-exports-experience-from-the-central-and-southeast-european-countries\/\" \/>\n<meta property=\"og:site_name\" content=\"VGI\" \/>\n<meta property=\"article:modified_time\" content=\"2025-10-14T12:05:33+00:00\" \/>\n<meta property=\"og:image\" content=\"https:\/\/vgi.krtk.hu\/wp-content\/uploads\/2025\/10\/Journal-of-Applied-Economics.jpg\" \/>\n\t<meta property=\"og:image:width\" content=\"200\" \/>\n\t<meta property=\"og:image:height\" content=\"300\" \/>\n\t<meta property=\"og:image:type\" content=\"image\/jpeg\" \/>\n<meta name=\"twitter:card\" content=\"summary_large_image\" \/>\n<meta name=\"twitter:label1\" content=\"Est. reading time\" \/>\n\t<meta name=\"twitter:data1\" content=\"2 minutes\" \/>\n<script type=\"application\/ld+json\" class=\"yoast-schema-graph\">{\"@context\":\"https:\/\/schema.org\",\"@graph\":[{\"@type\":\"WebPage\",\"@id\":\"https:\/\/vgi.krtk.hu\/en\/publikacio\/elteto-a-shimbov-b-alguacil-m-global-value-chain-participation-and-the-technology-structure-of-exports-experience-from-the-central-and-southeast-european-countries\/\",\"url\":\"https:\/\/vgi.krtk.hu\/en\/publikacio\/elteto-a-shimbov-b-alguacil-m-global-value-chain-participation-and-the-technology-structure-of-exports-experience-from-the-central-and-southeast-european-countries\/\",\"name\":\"\u00c9ltet\u0151, A., Shimbov, B., Alguacil, M.: Global value chain participation and the technology structure of exports: experience from the Central and Southeast European countries. - VGI\",\"isPartOf\":{\"@id\":\"https:\/\/vgi.krtk.hu\/#website\"},\"primaryImageOfPage\":{\"@id\":\"https:\/\/vgi.krtk.hu\/en\/publikacio\/elteto-a-shimbov-b-alguacil-m-global-value-chain-participation-and-the-technology-structure-of-exports-experience-from-the-central-and-southeast-european-countries\/#primaryimage\"},\"image\":{\"@id\":\"https:\/\/vgi.krtk.hu\/en\/publikacio\/elteto-a-shimbov-b-alguacil-m-global-value-chain-participation-and-the-technology-structure-of-exports-experience-from-the-central-and-southeast-european-countries\/#primaryimage\"},\"thumbnailUrl\":\"https:\/\/vgi.krtk.hu\/wp-content\/uploads\/2025\/10\/Journal-of-Applied-Economics.jpg\",\"datePublished\":\"2025-10-14T12:03:07+00:00\",\"dateModified\":\"2025-10-14T12:05:33+00:00\",\"inLanguage\":\"en-US\",\"potentialAction\":[{\"@type\":\"ReadAction\",\"target\":[\"https:\/\/vgi.krtk.hu\/en\/publikacio\/elteto-a-shimbov-b-alguacil-m-global-value-chain-participation-and-the-technology-structure-of-exports-experience-from-the-central-and-southeast-european-countries\/\"]}]},{\"@type\":\"ImageObject\",\"inLanguage\":\"en-US\",\"@id\":\"https:\/\/vgi.krtk.hu\/en\/publikacio\/elteto-a-shimbov-b-alguacil-m-global-value-chain-participation-and-the-technology-structure-of-exports-experience-from-the-central-and-southeast-european-countries\/#primaryimage\",\"url\":\"https:\/\/vgi.krtk.hu\/wp-content\/uploads\/2025\/10\/Journal-of-Applied-Economics.jpg\",\"contentUrl\":\"https:\/\/vgi.krtk.hu\/wp-content\/uploads\/2025\/10\/Journal-of-Applied-Economics.jpg\",\"width\":200,\"height\":300},{\"@type\":\"WebSite\",\"@id\":\"https:\/\/vgi.krtk.hu\/#website\",\"url\":\"https:\/\/vgi.krtk.hu\/\",\"name\":\"VGI\",\"description\":\"Vil\u00e1ggazdas\u00e1gi Int\u00e9zet\",\"publisher\":{\"@id\":\"https:\/\/vgi.krtk.hu\/#organization\"},\"potentialAction\":[{\"@type\":\"SearchAction\",\"target\":{\"@type\":\"EntryPoint\",\"urlTemplate\":\"https:\/\/vgi.krtk.hu\/?s={search_term_string}\"},\"query-input\":{\"@type\":\"PropertyValueSpecification\",\"valueRequired\":true,\"valueName\":\"search_term_string\"}}],\"inLanguage\":\"en-US\"},{\"@type\":\"Organization\",\"@id\":\"https:\/\/vgi.krtk.hu\/#organization\",\"name\":\"VGI\",\"url\":\"https:\/\/vgi.krtk.hu\/\",\"logo\":{\"@type\":\"ImageObject\",\"inLanguage\":\"en-US\",\"@id\":\"https:\/\/vgi.krtk.hu\/#\/schema\/logo\/image\/\",\"url\":\"https:\/\/vgi.krtk.hu\/wp-content\/uploads\/2022\/08\/cropped-Group-960-1.png\",\"contentUrl\":\"https:\/\/vgi.krtk.hu\/wp-content\/uploads\/2022\/08\/cropped-Group-960-1.png\",\"width\":199,\"height\":57,\"caption\":\"VGI\"},\"image\":{\"@id\":\"https:\/\/vgi.krtk.hu\/#\/schema\/logo\/image\/\"}}]}<\/script>\n<!-- \/ Yoast SEO plugin. -->","yoast_head_json":{"title":"\u00c9ltet\u0151, A., Shimbov, B., Alguacil, M.: Global value chain participation and the technology structure of exports: experience from the Central and Southeast European countries. - VGI","robots":{"index":"index","follow":"follow","max-snippet":"max-snippet:-1","max-image-preview":"max-image-preview:large","max-video-preview":"max-video-preview:-1"},"canonical":"https:\/\/vgi.krtk.hu\/en\/publikacio\/elteto-a-shimbov-b-alguacil-m-global-value-chain-participation-and-the-technology-structure-of-exports-experience-from-the-central-and-southeast-european-countries\/","og_locale":"en_US","og_type":"article","og_title":"\u00c9ltet\u0151, A., Shimbov, B., Alguacil, M.: Global value chain participation and the technology structure of exports: experience from the Central and Southeast European countries. - VGI","og_description":"Global value chain participation and the technology structure of exports: experience from the Central and Southeast European countries. Authors: Andrea \u00c9ltet\u0151, Bojan Shimbov, Maite Alguacil In: Journal of Applied Economics,\u00a028(1). DOI: https:\/\/doi.org\/10.1080\/15140326.2025.2564968 &nbsp; Abstract This paper examines the relationship between global value chain (GVC) participation and technology absorption in Central and Southeast European countries from [&hellip;]","og_url":"https:\/\/vgi.krtk.hu\/en\/publikacio\/elteto-a-shimbov-b-alguacil-m-global-value-chain-participation-and-the-technology-structure-of-exports-experience-from-the-central-and-southeast-european-countries\/","og_site_name":"VGI","article_modified_time":"2025-10-14T12:05:33+00:00","og_image":[{"width":200,"height":300,"url":"https:\/\/vgi.krtk.hu\/wp-content\/uploads\/2025\/10\/Journal-of-Applied-Economics.jpg","type":"image\/jpeg"}],"twitter_card":"summary_large_image","twitter_misc":{"Est. reading time":"2 minutes"},"schema":{"@context":"https:\/\/schema.org","@graph":[{"@type":"WebPage","@id":"https:\/\/vgi.krtk.hu\/en\/publikacio\/elteto-a-shimbov-b-alguacil-m-global-value-chain-participation-and-the-technology-structure-of-exports-experience-from-the-central-and-southeast-european-countries\/","url":"https:\/\/vgi.krtk.hu\/en\/publikacio\/elteto-a-shimbov-b-alguacil-m-global-value-chain-participation-and-the-technology-structure-of-exports-experience-from-the-central-and-southeast-european-countries\/","name":"\u00c9ltet\u0151, A., Shimbov, B., Alguacil, M.: Global value chain participation and the technology structure of exports: experience from the Central and Southeast European countries. - VGI","isPartOf":{"@id":"https:\/\/vgi.krtk.hu\/#website"},"primaryImageOfPage":{"@id":"https:\/\/vgi.krtk.hu\/en\/publikacio\/elteto-a-shimbov-b-alguacil-m-global-value-chain-participation-and-the-technology-structure-of-exports-experience-from-the-central-and-southeast-european-countries\/#primaryimage"},"image":{"@id":"https:\/\/vgi.krtk.hu\/en\/publikacio\/elteto-a-shimbov-b-alguacil-m-global-value-chain-participation-and-the-technology-structure-of-exports-experience-from-the-central-and-southeast-european-countries\/#primaryimage"},"thumbnailUrl":"https:\/\/vgi.krtk.hu\/wp-content\/uploads\/2025\/10\/Journal-of-Applied-Economics.jpg","datePublished":"2025-10-14T12:03:07+00:00","dateModified":"2025-10-14T12:05:33+00:00","inLanguage":"en-US","potentialAction":[{"@type":"ReadAction","target":["https:\/\/vgi.krtk.hu\/en\/publikacio\/elteto-a-shimbov-b-alguacil-m-global-value-chain-participation-and-the-technology-structure-of-exports-experience-from-the-central-and-southeast-european-countries\/"]}]},{"@type":"ImageObject","inLanguage":"en-US","@id":"https:\/\/vgi.krtk.hu\/en\/publikacio\/elteto-a-shimbov-b-alguacil-m-global-value-chain-participation-and-the-technology-structure-of-exports-experience-from-the-central-and-southeast-european-countries\/#primaryimage","url":"https:\/\/vgi.krtk.hu\/wp-content\/uploads\/2025\/10\/Journal-of-Applied-Economics.jpg","contentUrl":"https:\/\/vgi.krtk.hu\/wp-content\/uploads\/2025\/10\/Journal-of-Applied-Economics.jpg","width":200,"height":300},{"@type":"WebSite","@id":"https:\/\/vgi.krtk.hu\/#website","url":"https:\/\/vgi.krtk.hu\/","name":"VGI","description":"Vil\u00e1ggazdas\u00e1gi Int\u00e9zet","publisher":{"@id":"https:\/\/vgi.krtk.hu\/#organization"},"potentialAction":[{"@type":"SearchAction","target":{"@type":"EntryPoint","urlTemplate":"https:\/\/vgi.krtk.hu\/?s={search_term_string}"},"query-input":{"@type":"PropertyValueSpecification","valueRequired":true,"valueName":"search_term_string"}}],"inLanguage":"en-US"},{"@type":"Organization","@id":"https:\/\/vgi.krtk.hu\/#organization","name":"VGI","url":"https:\/\/vgi.krtk.hu\/","logo":{"@type":"ImageObject","inLanguage":"en-US","@id":"https:\/\/vgi.krtk.hu\/#\/schema\/logo\/image\/","url":"https:\/\/vgi.krtk.hu\/wp-content\/uploads\/2022\/08\/cropped-Group-960-1.png","contentUrl":"https:\/\/vgi.krtk.hu\/wp-content\/uploads\/2022\/08\/cropped-Group-960-1.png","width":199,"height":57,"caption":"VGI"},"image":{"@id":"https:\/\/vgi.krtk.hu\/#\/schema\/logo\/image\/"}}]}},"_links":{"self":[{"href":"https:\/\/vgi.krtk.hu\/en\/wp-json\/wp\/v2\/publikacio\/11721","targetHints":{"allow":["GET"]}}],"collection":[{"href":"https:\/\/vgi.krtk.hu\/en\/wp-json\/wp\/v2\/publikacio"}],"about":[{"href":"https:\/\/vgi.krtk.hu\/en\/wp-json\/wp\/v2\/types\/publikacio"}],"wp:featuredmedia":[{"embeddable":true,"href":"https:\/\/vgi.krtk.hu\/en\/wp-json\/wp\/v2\/media\/11720"}],"wp:attachment":[{"href":"https:\/\/vgi.krtk.hu\/en\/wp-json\/wp\/v2\/media?parent=11721"}],"wp:term":[{"taxonomy":"category","embeddable":true,"href":"https:\/\/vgi.krtk.hu\/en\/wp-json\/wp\/v2\/categories?post=11721"},{"taxonomy":"post_tag","embeddable":true,"href":"https:\/\/vgi.krtk.hu\/en\/wp-json\/wp\/v2\/tags?post=11721"}],"curies":[{"name":"wp","href":"https:\/\/api.w.org\/{rel}","templated":true}]}}

Éltető, A., Shimbov, B., Alguacil, M.: Global value chain participation and the technology structure of exports: experience from the Central and Southeast European countries.

<h1>Global value chain participation and the technology structure of exports: experience from the Central and Southeast European countries.</h1>
<p>Authors: <a href="https://vgi.krtk.hu/en/colleague/andrea-elteto/">Andrea Éltető</a>, Bojan Shimbov, Maite Alguacil</p>
<p>In: <em>Journal of Applied Economics</em>, <em>28</em>(1).</p>
<p>DOI: https://doi.org/10.1080/15140326.2025.2564968</p>
<p>&nbsp;</p>
<h1>Abstract</h1>
<p>This paper examines the relationship between global value chain (GVC) participation and technology absorption in Central and Southeast European countries from 1996 to 2019, with a particular focus on trade in high-tech products. We construct a novel GVC participation measure using the latest Broad Economic Categories (BEC) classification, which distinguishes between generic and specialized intermediate goods. In addition, we analyze the technological composition of exports at both the country and sectoral levels. Using panel data estimation techniques, we find that stronger participation in GVCs significantly increases the export of high-tech products, with results robust across different specifications, including instrumental variable approaches and controls for innovation, human capital, and institutional quality. The findings highlight the critical role of GVC integration in fostering technological upgrading and suggest that policies supporting deeper participation, combined with investments in innovation and skills, can accelerate long-term economic development in the region.</p>

<p>Global value chain participation and the technology structure of exports: experience from the Central and Southeast European countries. Authors: Andrea Éltető, Bojan Shimbov, Maite Alguacil In: Journal of Applied Economics, 28(1). DOI: https://doi.org/10.1080/15140326.2025.2564968 &nbsp; Abstract This paper examines the relationship between global value chain (GVC) participation and technology absorption in Central and Southeast European countries from [&hellip;]</p>

<!-- This site is optimized with the Yoast SEO plugin v25.1 - https://yoast.com/wordpress/plugins/seo/ -->
<title>Éltető, A., Shimbov, B., Alguacil, M.: Global value chain participation and the technology structure of exports: experience from the Central and Southeast European countries. - VGI</title>
<meta name="robots" content="index, follow, max-snippet:-1, max-image-preview:large, max-video-preview:-1" />
<link rel="canonical" href="https://vgi.krtk.hu/en/publikacio/elteto-a-shimbov-b-alguacil-m-global-value-chain-participation-and-the-technology-structure-of-exports-experience-from-the-central-and-southeast-european-countries/" />
<meta property="og:locale" content="en_US" />
<meta property="og:type" content="article" />
<meta property="og:title" content="Éltető, A., Shimbov, B., Alguacil, M.: Global value chain participation and the technology structure of exports: experience from the Central and Southeast European countries. - VGI" />
<meta property="og:description" content="Global value chain participation and the technology structure of exports: experience from the Central and Southeast European countries. Authors: Andrea Éltető, Bojan Shimbov, Maite Alguacil In: Journal of Applied Economics, 28(1). DOI: https://doi.org/10.1080/15140326.2025.2564968 &nbsp; Abstract This paper examines the relationship between global value chain (GVC) participation and technology absorption in Central and Southeast European countries from [&hellip;]" />
<meta property="og:url" content="https://vgi.krtk.hu/en/publikacio/elteto-a-shimbov-b-alguacil-m-global-value-chain-participation-and-the-technology-structure-of-exports-experience-from-the-central-and-southeast-european-countries/" />
<meta property="og:site_name" content="VGI" />
<meta property="article:modified_time" content="2025-10-14T12:05:33+00:00" />
<meta property="og:image" content="https://vgi.krtk.hu/wp-content/uploads/2025/10/Journal-of-Applied-Economics.jpg" />
	<meta property="og:image:width" content="200" />
	<meta property="og:image:height" content="300" />
	<meta property="og:image:type" content="image/jpeg" />
<meta name="twitter:card" content="summary_large_image" />
<meta name="twitter:label1" content="Est. reading time" />
	<meta name="twitter:data1" content="2 minutes" />
<script type="application/ld+json" class="yoast-schema-graph">{"@context":"https://schema.org","@graph":[{"@type":"WebPage","@id":"https://vgi.krtk.hu/en/publikacio/elteto-a-shimbov-b-alguacil-m-global-value-chain-participation-and-the-technology-structure-of-exports-experience-from-the-central-and-southeast-european-countries/","url":"https://vgi.krtk.hu/en/publikacio/elteto-a-shimbov-b-alguacil-m-global-value-chain-participation-and-the-technology-structure-of-exports-experience-from-the-central-and-southeast-european-countries/","name":"Éltető, A., Shimbov, B., Alguacil, M.: Global value chain participation and the technology structure of exports: experience from the Central and Southeast European countries. - VGI","isPartOf":{"@id":"https://vgi.krtk.hu/#website"},"primaryImageOfPage":{"@id":"https://vgi.krtk.hu/en/publikacio/elteto-a-shimbov-b-alguacil-m-global-value-chain-participation-and-the-technology-structure-of-exports-experience-from-the-central-and-southeast-european-countries/#primaryimage"},"image":{"@id":"https://vgi.krtk.hu/en/publikacio/elteto-a-shimbov-b-alguacil-m-global-value-chain-participation-and-the-technology-structure-of-exports-experience-from-the-central-and-southeast-european-countries/#primaryimage"},"thumbnailUrl":"https://vgi.krtk.hu/wp-content/uploads/2025/10/Journal-of-Applied-Economics.jpg","datePublished":"2025-10-14T12:03:07+00:00","dateModified":"2025-10-14T12:05:33+00:00","inLanguage":"en-US","potentialAction":[{"@type":"ReadAction","target":["https://vgi.krtk.hu/en/publikacio/elteto-a-shimbov-b-alguacil-m-global-value-chain-participation-and-the-technology-structure-of-exports-experience-from-the-central-and-southeast-european-countries/"]}]},{"@type":"ImageObject","inLanguage":"en-US","@id":"https://vgi.krtk.hu/en/publikacio/elteto-a-shimbov-b-alguacil-m-global-value-chain-participation-and-the-technology-structure-of-exports-experience-from-the-central-and-southeast-european-countries/#primaryimage","url":"https://vgi.krtk.hu/wp-content/uploads/2025/10/Journal-of-Applied-Economics.jpg","contentUrl":"https://vgi.krtk.hu/wp-content/uploads/2025/10/Journal-of-Applied-Economics.jpg","width":200,"height":300},{"@type":"WebSite","@id":"https://vgi.krtk.hu/#website","url":"https://vgi.krtk.hu/","name":"VGI","description":"Világgazdasági Intézet","publisher":{"@id":"https://vgi.krtk.hu/#organization"},"potentialAction":[{"@type":"SearchAction","target":{"@type":"EntryPoint","urlTemplate":"https://vgi.krtk.hu/?s={search_term_string}"},"query-input":{"@type":"PropertyValueSpecification","valueRequired":true,"valueName":"search_term_string"}}],"inLanguage":"en-US"},{"@type":"Organization","@id":"https://vgi.krtk.hu/#organization","name":"VGI","url":"https://vgi.krtk.hu/","logo":{"@type":"ImageObject","inLanguage":"en-US","@id":"https://vgi.krtk.hu/#/schema/logo/image/","url":"https://vgi.krtk.hu/wp-content/uploads/2022/08/cropped-Group-960-1.png","contentUrl":"https://vgi.krtk.hu/wp-content/uploads/2022/08/cropped-Group-960-1.png","width":199,"height":57,"caption":"VGI"},"image":{"@id":"https://vgi.krtk.hu/#/schema/logo/image/"}}]}</script>
<!-- / Yoast SEO plugin. -->

Éltető, A., Shimbov, B., Alguacil, M.: Global value chain participation and the technology structure of exports: experience from the Central and Southeast European countries. - VGI

Global value chain participation and the technology structure of exports: experience from the Central and Southeast European countries. Authors: Andrea Éltető, Bojan Shimbov, Maite Alguacil In: Journal of Applied Economics, 28(1). DOI: https://doi.org/10.1080/15140326.2025.2564968 &nbsp; Abstract This paper examines the relationship between global value chain (GVC) participation and technology absorption in Central and Southeast European countries from [&hellip;]

Világgazdasági Intézet
