{"id":11809,"date":"2025-12-03T09:53:11","date_gmt":"2025-12-03T09:53:11","guid":{"rendered":"https:\/\/vgi.krtk.hu\/?post_type=publikacio&#038;p=11809"},"modified":"2025-12-03T09:57:54","modified_gmt":"2025-12-03T09:57:54","slug":"lakocai-cs-quality-of-life-in-the-eu-countries-and-regions-before-and-during-the-covid-19-pandemic-years","status":"publish","type":"publikacio","link":"https:\/\/vgi.krtk.hu\/en\/publikacio\/lakocai-cs-quality-of-life-in-the-eu-countries-and-regions-before-and-during-the-covid-19-pandemic-years\/","title":{"rendered":"Lak\u00f3cai Cs.: Quality of life in the EU countries and regions before and during the COVID-19 pandemic years"},"content":{"rendered":"<h1>Quality of life in the EU countries and regions before and during the COVID-19 pandemic years<\/h1>\n<p>Author: <a href=\"https:\/\/vgi.krtk.hu\/en\/colleague\/lakocai-csaba\/\">Csaba Lak\u00f3cai<\/a><\/p>\n<p>In: <em>Bulletin of Geography. Socio-economic Series. <\/em>Online. 2 December 2025. No.\u00a070, pp.\u00a0125-135.<\/p>\n<p>DOI\u00a010.12775\/bgss-2025-0043<\/p>\n<p>&nbsp;<\/p>\n<h1>Abstract<\/h1>\n<p>The latest pandemic had disparate impacts on the quality of life of individuals around the world. The primary hypothesis guiding this research is that the impacts on quality of life during the pandemic years are associated with the pre-pandemic social and environmental conditions. However, the effects varied across certain groups of countries and regions, as well as across different years. In order to substantiate this assumption, an analysis will be conducted on the 27 member states of the European Union at the national and NUTS2 regional levels. The regression analysis demonstrates that life expectancy in 2021 decreased more where it was lower before the pandemic. In 2020 and 2022, there were no significant differences in terms of life expectancy changes across the countries. However, we get a more nuanced picture at the regional level. In terms of life satisfaction, a convergence between the EU countries is observed by 2022.<\/p>\n","protected":false},"excerpt":{"rendered":"<p>Quality of life in the EU countries and regions before and during the COVID-19 pandemic years Author: Csaba Lak\u00f3cai In: Bulletin of Geography. Socio-economic Series. Online. 2 December 2025. No.\u00a070, pp.\u00a0125-135. DOI\u00a010.12775\/bgss-2025-0043 &nbsp; Abstract The latest pandemic had disparate impacts on the quality of life of individuals around the world. The primary hypothesis guiding this [&hellip;]<\/p>\n","protected":false},"featured_media":11808,"template":"","meta":{"_acf_changed":false,"inline_featured_image":false,"_links_to":"","_links_to_target":""},"categories":[104,100],"tags":[896,282,895,897,898],"class_list":["post-11809","publikacio","type-publikacio","status-publish","has-post-thumbnail","hentry","category-external-publications","category-publications","tag-covid-19-en","tag-eu","tag-pandemic-en","tag-quality-of-life-en","tag-regression-analysis-en"],"acf":[],"yoast_head":"<!-- This site is optimized with the Yoast SEO plugin v25.1 - https:\/\/yoast.com\/wordpress\/plugins\/seo\/ -->\n<title>Lak\u00f3cai Cs.: Quality of life in the EU countries and regions before and during the COVID-19 pandemic years - VGI<\/title>\n<meta name=\"robots\" content=\"index, follow, max-snippet:-1, max-image-preview:large, max-video-preview:-1\" \/>\n<link rel=\"canonical\" href=\"https:\/\/vgi.krtk.hu\/en\/publikacio\/lakocai-cs-quality-of-life-in-the-eu-countries-and-regions-before-and-during-the-covid-19-pandemic-years\/\" \/>\n<meta property=\"og:locale\" content=\"en_US\" \/>\n<meta property=\"og:type\" content=\"article\" \/>\n<meta property=\"og:title\" content=\"Lak\u00f3cai Cs.: Quality of life in the EU countries and regions before and during the COVID-19 pandemic years - VGI\" \/>\n<meta property=\"og:description\" content=\"Quality of life in the EU countries and regions before and during the COVID-19 pandemic years Author: Csaba Lak\u00f3cai In: Bulletin of Geography. Socio-economic Series. Online. 2 December 2025. No.\u00a070, pp.\u00a0125-135. DOI\u00a010.12775\/bgss-2025-0043 &nbsp; Abstract The latest pandemic had disparate impacts on the quality of life of individuals around the world. The primary hypothesis guiding this [&hellip;]\" \/>\n<meta property=\"og:url\" content=\"https:\/\/vgi.krtk.hu\/en\/publikacio\/lakocai-cs-quality-of-life-in-the-eu-countries-and-regions-before-and-during-the-covid-19-pandemic-years\/\" \/>\n<meta property=\"og:site_name\" content=\"VGI\" \/>\n<meta property=\"article:modified_time\" content=\"2025-12-03T09:57:54+00:00\" \/>\n<meta property=\"og:image\" content=\"https:\/\/vgi.krtk.hu\/wp-content\/uploads\/2025\/12\/bulletin-of-geography_lakocai.jpg\" \/>\n\t<meta property=\"og:image:width\" content=\"206\" \/>\n\t<meta property=\"og:image:height\" content=\"300\" \/>\n\t<meta property=\"og:image:type\" content=\"image\/jpeg\" \/>\n<meta name=\"twitter:card\" content=\"summary_large_image\" \/>\n<meta name=\"twitter:label1\" content=\"Est. reading time\" \/>\n\t<meta name=\"twitter:data1\" content=\"2 minutes\" \/>\n<script type=\"application\/ld+json\" class=\"yoast-schema-graph\">{\"@context\":\"https:\/\/schema.org\",\"@graph\":[{\"@type\":\"WebPage\",\"@id\":\"https:\/\/vgi.krtk.hu\/en\/publikacio\/lakocai-cs-quality-of-life-in-the-eu-countries-and-regions-before-and-during-the-covid-19-pandemic-years\/\",\"url\":\"https:\/\/vgi.krtk.hu\/en\/publikacio\/lakocai-cs-quality-of-life-in-the-eu-countries-and-regions-before-and-during-the-covid-19-pandemic-years\/\",\"name\":\"Lak\u00f3cai Cs.: Quality of life in the EU countries and regions before and during the COVID-19 pandemic years - VGI\",\"isPartOf\":{\"@id\":\"https:\/\/vgi.krtk.hu\/#website\"},\"primaryImageOfPage\":{\"@id\":\"https:\/\/vgi.krtk.hu\/en\/publikacio\/lakocai-cs-quality-of-life-in-the-eu-countries-and-regions-before-and-during-the-covid-19-pandemic-years\/#primaryimage\"},\"image\":{\"@id\":\"https:\/\/vgi.krtk.hu\/en\/publikacio\/lakocai-cs-quality-of-life-in-the-eu-countries-and-regions-before-and-during-the-covid-19-pandemic-years\/#primaryimage\"},\"thumbnailUrl\":\"https:\/\/vgi.krtk.hu\/wp-content\/uploads\/2025\/12\/bulletin-of-geography_lakocai.jpg\",\"datePublished\":\"2025-12-03T09:53:11+00:00\",\"dateModified\":\"2025-12-03T09:57:54+00:00\",\"inLanguage\":\"en-US\",\"potentialAction\":[{\"@type\":\"ReadAction\",\"target\":[\"https:\/\/vgi.krtk.hu\/en\/publikacio\/lakocai-cs-quality-of-life-in-the-eu-countries-and-regions-before-and-during-the-covid-19-pandemic-years\/\"]}]},{\"@type\":\"ImageObject\",\"inLanguage\":\"en-US\",\"@id\":\"https:\/\/vgi.krtk.hu\/en\/publikacio\/lakocai-cs-quality-of-life-in-the-eu-countries-and-regions-before-and-during-the-covid-19-pandemic-years\/#primaryimage\",\"url\":\"https:\/\/vgi.krtk.hu\/wp-content\/uploads\/2025\/12\/bulletin-of-geography_lakocai.jpg\",\"contentUrl\":\"https:\/\/vgi.krtk.hu\/wp-content\/uploads\/2025\/12\/bulletin-of-geography_lakocai.jpg\",\"width\":206,\"height\":300},{\"@type\":\"WebSite\",\"@id\":\"https:\/\/vgi.krtk.hu\/#website\",\"url\":\"https:\/\/vgi.krtk.hu\/\",\"name\":\"VGI\",\"description\":\"Vil\u00e1ggazdas\u00e1gi Int\u00e9zet\",\"publisher\":{\"@id\":\"https:\/\/vgi.krtk.hu\/#organization\"},\"potentialAction\":[{\"@type\":\"SearchAction\",\"target\":{\"@type\":\"EntryPoint\",\"urlTemplate\":\"https:\/\/vgi.krtk.hu\/?s={search_term_string}\"},\"query-input\":{\"@type\":\"PropertyValueSpecification\",\"valueRequired\":true,\"valueName\":\"search_term_string\"}}],\"inLanguage\":\"en-US\"},{\"@type\":\"Organization\",\"@id\":\"https:\/\/vgi.krtk.hu\/#organization\",\"name\":\"VGI\",\"url\":\"https:\/\/vgi.krtk.hu\/\",\"logo\":{\"@type\":\"ImageObject\",\"inLanguage\":\"en-US\",\"@id\":\"https:\/\/vgi.krtk.hu\/#\/schema\/logo\/image\/\",\"url\":\"https:\/\/vgi.krtk.hu\/wp-content\/uploads\/2022\/08\/cropped-Group-960-1.png\",\"contentUrl\":\"https:\/\/vgi.krtk.hu\/wp-content\/uploads\/2022\/08\/cropped-Group-960-1.png\",\"width\":199,\"height\":57,\"caption\":\"VGI\"},\"image\":{\"@id\":\"https:\/\/vgi.krtk.hu\/#\/schema\/logo\/image\/\"}}]}<\/script>\n<!-- \/ Yoast SEO plugin. -->","yoast_head_json":{"title":"Lak\u00f3cai Cs.: Quality of life in the EU countries and regions before and during the COVID-19 pandemic years - VGI","robots":{"index":"index","follow":"follow","max-snippet":"max-snippet:-1","max-image-preview":"max-image-preview:large","max-video-preview":"max-video-preview:-1"},"canonical":"https:\/\/vgi.krtk.hu\/en\/publikacio\/lakocai-cs-quality-of-life-in-the-eu-countries-and-regions-before-and-during-the-covid-19-pandemic-years\/","og_locale":"en_US","og_type":"article","og_title":"Lak\u00f3cai Cs.: Quality of life in the EU countries and regions before and during the COVID-19 pandemic years - VGI","og_description":"Quality of life in the EU countries and regions before and during the COVID-19 pandemic years Author: Csaba Lak\u00f3cai In: Bulletin of Geography. Socio-economic Series. Online. 2 December 2025. No.\u00a070, pp.\u00a0125-135. DOI\u00a010.12775\/bgss-2025-0043 &nbsp; Abstract The latest pandemic had disparate impacts on the quality of life of individuals around the world. The primary hypothesis guiding this [&hellip;]","og_url":"https:\/\/vgi.krtk.hu\/en\/publikacio\/lakocai-cs-quality-of-life-in-the-eu-countries-and-regions-before-and-during-the-covid-19-pandemic-years\/","og_site_name":"VGI","article_modified_time":"2025-12-03T09:57:54+00:00","og_image":[{"width":206,"height":300,"url":"https:\/\/vgi.krtk.hu\/wp-content\/uploads\/2025\/12\/bulletin-of-geography_lakocai.jpg","type":"image\/jpeg"}],"twitter_card":"summary_large_image","twitter_misc":{"Est. reading time":"2 minutes"},"schema":{"@context":"https:\/\/schema.org","@graph":[{"@type":"WebPage","@id":"https:\/\/vgi.krtk.hu\/en\/publikacio\/lakocai-cs-quality-of-life-in-the-eu-countries-and-regions-before-and-during-the-covid-19-pandemic-years\/","url":"https:\/\/vgi.krtk.hu\/en\/publikacio\/lakocai-cs-quality-of-life-in-the-eu-countries-and-regions-before-and-during-the-covid-19-pandemic-years\/","name":"Lak\u00f3cai Cs.: Quality of life in the EU countries and regions before and during the COVID-19 pandemic years - VGI","isPartOf":{"@id":"https:\/\/vgi.krtk.hu\/#website"},"primaryImageOfPage":{"@id":"https:\/\/vgi.krtk.hu\/en\/publikacio\/lakocai-cs-quality-of-life-in-the-eu-countries-and-regions-before-and-during-the-covid-19-pandemic-years\/#primaryimage"},"image":{"@id":"https:\/\/vgi.krtk.hu\/en\/publikacio\/lakocai-cs-quality-of-life-in-the-eu-countries-and-regions-before-and-during-the-covid-19-pandemic-years\/#primaryimage"},"thumbnailUrl":"https:\/\/vgi.krtk.hu\/wp-content\/uploads\/2025\/12\/bulletin-of-geography_lakocai.jpg","datePublished":"2025-12-03T09:53:11+00:00","dateModified":"2025-12-03T09:57:54+00:00","inLanguage":"en-US","potentialAction":[{"@type":"ReadAction","target":["https:\/\/vgi.krtk.hu\/en\/publikacio\/lakocai-cs-quality-of-life-in-the-eu-countries-and-regions-before-and-during-the-covid-19-pandemic-years\/"]}]},{"@type":"ImageObject","inLanguage":"en-US","@id":"https:\/\/vgi.krtk.hu\/en\/publikacio\/lakocai-cs-quality-of-life-in-the-eu-countries-and-regions-before-and-during-the-covid-19-pandemic-years\/#primaryimage","url":"https:\/\/vgi.krtk.hu\/wp-content\/uploads\/2025\/12\/bulletin-of-geography_lakocai.jpg","contentUrl":"https:\/\/vgi.krtk.hu\/wp-content\/uploads\/2025\/12\/bulletin-of-geography_lakocai.jpg","width":206,"height":300},{"@type":"WebSite","@id":"https:\/\/vgi.krtk.hu\/#website","url":"https:\/\/vgi.krtk.hu\/","name":"VGI","description":"Vil\u00e1ggazdas\u00e1gi Int\u00e9zet","publisher":{"@id":"https:\/\/vgi.krtk.hu\/#organization"},"potentialAction":[{"@type":"SearchAction","target":{"@type":"EntryPoint","urlTemplate":"https:\/\/vgi.krtk.hu\/?s={search_term_string}"},"query-input":{"@type":"PropertyValueSpecification","valueRequired":true,"valueName":"search_term_string"}}],"inLanguage":"en-US"},{"@type":"Organization","@id":"https:\/\/vgi.krtk.hu\/#organization","name":"VGI","url":"https:\/\/vgi.krtk.hu\/","logo":{"@type":"ImageObject","inLanguage":"en-US","@id":"https:\/\/vgi.krtk.hu\/#\/schema\/logo\/image\/","url":"https:\/\/vgi.krtk.hu\/wp-content\/uploads\/2022\/08\/cropped-Group-960-1.png","contentUrl":"https:\/\/vgi.krtk.hu\/wp-content\/uploads\/2022\/08\/cropped-Group-960-1.png","width":199,"height":57,"caption":"VGI"},"image":{"@id":"https:\/\/vgi.krtk.hu\/#\/schema\/logo\/image\/"}}]}},"_links":{"self":[{"href":"https:\/\/vgi.krtk.hu\/en\/wp-json\/wp\/v2\/publikacio\/11809","targetHints":{"allow":["GET"]}}],"collection":[{"href":"https:\/\/vgi.krtk.hu\/en\/wp-json\/wp\/v2\/publikacio"}],"about":[{"href":"https:\/\/vgi.krtk.hu\/en\/wp-json\/wp\/v2\/types\/publikacio"}],"wp:featuredmedia":[{"embeddable":true,"href":"https:\/\/vgi.krtk.hu\/en\/wp-json\/wp\/v2\/media\/11808"}],"wp:attachment":[{"href":"https:\/\/vgi.krtk.hu\/en\/wp-json\/wp\/v2\/media?parent=11809"}],"wp:term":[{"taxonomy":"category","embeddable":true,"href":"https:\/\/vgi.krtk.hu\/en\/wp-json\/wp\/v2\/categories?post=11809"},{"taxonomy":"post_tag","embeddable":true,"href":"https:\/\/vgi.krtk.hu\/en\/wp-json\/wp\/v2\/tags?post=11809"}],"curies":[{"name":"wp","href":"https:\/\/api.w.org\/{rel}","templated":true}]}}

Lakócai Cs.: Quality of life in the EU countries and regions before and during the COVID-19 pandemic years

<h1>Quality of life in the EU countries and regions before and during the COVID-19 pandemic years</h1>
<p>Author: <a href="https://vgi.krtk.hu/en/colleague/lakocai-csaba/">Csaba Lakócai</a></p>
<p>In: <em>Bulletin of Geography. Socio-economic Series. </em>Online. 2 December 2025. No. 70, pp. 125-135.</p>
<p>DOI 10.12775/bgss-2025-0043</p>
<p>&nbsp;</p>
<h1>Abstract</h1>
<p>The latest pandemic had disparate impacts on the quality of life of individuals around the world. The primary hypothesis guiding this research is that the impacts on quality of life during the pandemic years are associated with the pre-pandemic social and environmental conditions. However, the effects varied across certain groups of countries and regions, as well as across different years. In order to substantiate this assumption, an analysis will be conducted on the 27 member states of the European Union at the national and NUTS2 regional levels. The regression analysis demonstrates that life expectancy in 2021 decreased more where it was lower before the pandemic. In 2020 and 2022, there were no significant differences in terms of life expectancy changes across the countries. However, we get a more nuanced picture at the regional level. In terms of life satisfaction, a convergence between the EU countries is observed by 2022.</p>

<p>Quality of life in the EU countries and regions before and during the COVID-19 pandemic years Author: Csaba Lakócai In: Bulletin of Geography. Socio-economic Series. Online. 2 December 2025. No. 70, pp. 125-135. DOI 10.12775/bgss-2025-0043 &nbsp; Abstract The latest pandemic had disparate impacts on the quality of life of individuals around the world. The primary hypothesis guiding this [&hellip;]</p>

<!-- This site is optimized with the Yoast SEO plugin v25.1 - https://yoast.com/wordpress/plugins/seo/ -->
<title>Lakócai Cs.: Quality of life in the EU countries and regions before and during the COVID-19 pandemic years - VGI</title>
<meta name="robots" content="index, follow, max-snippet:-1, max-image-preview:large, max-video-preview:-1" />
<link rel="canonical" href="https://vgi.krtk.hu/en/publikacio/lakocai-cs-quality-of-life-in-the-eu-countries-and-regions-before-and-during-the-covid-19-pandemic-years/" />
<meta property="og:locale" content="en_US" />
<meta property="og:type" content="article" />
<meta property="og:title" content="Lakócai Cs.: Quality of life in the EU countries and regions before and during the COVID-19 pandemic years - VGI" />
<meta property="og:description" content="Quality of life in the EU countries and regions before and during the COVID-19 pandemic years Author: Csaba Lakócai In: Bulletin of Geography. Socio-economic Series. Online. 2 December 2025. No. 70, pp. 125-135. DOI 10.12775/bgss-2025-0043 &nbsp; Abstract The latest pandemic had disparate impacts on the quality of life of individuals around the world. The primary hypothesis guiding this [&hellip;]" />
<meta property="og:url" content="https://vgi.krtk.hu/en/publikacio/lakocai-cs-quality-of-life-in-the-eu-countries-and-regions-before-and-during-the-covid-19-pandemic-years/" />
<meta property="og:site_name" content="VGI" />
<meta property="article:modified_time" content="2025-12-03T09:57:54+00:00" />
<meta property="og:image" content="https://vgi.krtk.hu/wp-content/uploads/2025/12/bulletin-of-geography_lakocai.jpg" />
	<meta property="og:image:width" content="206" />
	<meta property="og:image:height" content="300" />
	<meta property="og:image:type" content="image/jpeg" />
<meta name="twitter:card" content="summary_large_image" />
<meta name="twitter:label1" content="Est. reading time" />
	<meta name="twitter:data1" content="2 minutes" />
<script type="application/ld+json" class="yoast-schema-graph">{"@context":"https://schema.org","@graph":[{"@type":"WebPage","@id":"https://vgi.krtk.hu/en/publikacio/lakocai-cs-quality-of-life-in-the-eu-countries-and-regions-before-and-during-the-covid-19-pandemic-years/","url":"https://vgi.krtk.hu/en/publikacio/lakocai-cs-quality-of-life-in-the-eu-countries-and-regions-before-and-during-the-covid-19-pandemic-years/","name":"Lakócai Cs.: Quality of life in the EU countries and regions before and during the COVID-19 pandemic years - VGI","isPartOf":{"@id":"https://vgi.krtk.hu/#website"},"primaryImageOfPage":{"@id":"https://vgi.krtk.hu/en/publikacio/lakocai-cs-quality-of-life-in-the-eu-countries-and-regions-before-and-during-the-covid-19-pandemic-years/#primaryimage"},"image":{"@id":"https://vgi.krtk.hu/en/publikacio/lakocai-cs-quality-of-life-in-the-eu-countries-and-regions-before-and-during-the-covid-19-pandemic-years/#primaryimage"},"thumbnailUrl":"https://vgi.krtk.hu/wp-content/uploads/2025/12/bulletin-of-geography_lakocai.jpg","datePublished":"2025-12-03T09:53:11+00:00","dateModified":"2025-12-03T09:57:54+00:00","inLanguage":"en-US","potentialAction":[{"@type":"ReadAction","target":["https://vgi.krtk.hu/en/publikacio/lakocai-cs-quality-of-life-in-the-eu-countries-and-regions-before-and-during-the-covid-19-pandemic-years/"]}]},{"@type":"ImageObject","inLanguage":"en-US","@id":"https://vgi.krtk.hu/en/publikacio/lakocai-cs-quality-of-life-in-the-eu-countries-and-regions-before-and-during-the-covid-19-pandemic-years/#primaryimage","url":"https://vgi.krtk.hu/wp-content/uploads/2025/12/bulletin-of-geography_lakocai.jpg","contentUrl":"https://vgi.krtk.hu/wp-content/uploads/2025/12/bulletin-of-geography_lakocai.jpg","width":206,"height":300},{"@type":"WebSite","@id":"https://vgi.krtk.hu/#website","url":"https://vgi.krtk.hu/","name":"VGI","description":"Világgazdasági Intézet","publisher":{"@id":"https://vgi.krtk.hu/#organization"},"potentialAction":[{"@type":"SearchAction","target":{"@type":"EntryPoint","urlTemplate":"https://vgi.krtk.hu/?s={search_term_string}"},"query-input":{"@type":"PropertyValueSpecification","valueRequired":true,"valueName":"search_term_string"}}],"inLanguage":"en-US"},{"@type":"Organization","@id":"https://vgi.krtk.hu/#organization","name":"VGI","url":"https://vgi.krtk.hu/","logo":{"@type":"ImageObject","inLanguage":"en-US","@id":"https://vgi.krtk.hu/#/schema/logo/image/","url":"https://vgi.krtk.hu/wp-content/uploads/2022/08/cropped-Group-960-1.png","contentUrl":"https://vgi.krtk.hu/wp-content/uploads/2022/08/cropped-Group-960-1.png","width":199,"height":57,"caption":"VGI"},"image":{"@id":"https://vgi.krtk.hu/#/schema/logo/image/"}}]}</script>
<!-- / Yoast SEO plugin. -->

Lakócai Cs.: Quality of life in the EU countries and regions before and during the COVID-19 pandemic years - VGI

Quality of life in the EU countries and regions before and during the COVID-19 pandemic years Author: Csaba Lakócai In: Bulletin of Geography. Socio-economic Series. Online. 2 December 2025. No. 70, pp. 125-135. DOI 10.12775/bgss-2025-0043 &nbsp; Abstract The latest pandemic had disparate impacts on the quality of life of individuals around the world. The primary hypothesis guiding this [&hellip;]

Világgazdasági Intézet
