{"id":12182,"date":"2026-08-31T21:18:39","date_gmt":"2026-08-31T21:18:39","guid":{"rendered":"https:\/\/vgi.krtk.hu\/?post_type=publikacio&#038;p=12182"},"modified":"2026-08-31T21:29:46","modified_gmt":"2026-08-31T21:29:46","slug":"elteto-a-green-competitive-or-autonomous-the-contradictions-in-the-eus-industrial-policy","status":"publish","type":"publikacio","link":"https:\/\/vgi.krtk.hu\/en\/publikacio\/elteto-a-green-competitive-or-autonomous-the-contradictions-in-the-eus-industrial-policy\/","title":{"rendered":"\u00c9ltet\u0151, A.: Green, competitive or autonomous? The contradictions in the EU\u2019s industrial policy"},"content":{"rendered":"<h1>Green, competitive or autonomous? The contradictions in the EU\u2019s industrial policy<\/h1>\n<p>&nbsp;<\/p>\n<p>Author: <a href=\"https:\/\/vgi.krtk.hu\/en\/colleague\/andrea-elteto\/\">Andrea \u00c9ltet\u0151<\/a><\/p>\n<p>In: HUN-REN CERS, Institute of World Economics, Working Paper Nr. 284 (2026) September 2026<\/p>\n<p>&nbsp;<\/p>\n<h1>Abstract<\/h1>\n<p style=\"text-align: justify;\">Since 2019, the European Union\u2019s industrial policy has been guided by the European Green Deal, which aims to achieve climate neutrality. However, the green and digital transitions have sharply intensified the EU\u2019s dependence on critical raw materials and technologies from third countries, most notably China. The EU is attempting to resolve this tension by enhancing strategic autonomy, encouraging domestic mining, supporting urban mining and the circular economy, and building a European battery manufacturing capacity. This study argues that reconciling environmental sustainability, competitiveness and strategic autonomy represents a theoretical \u2018wicked problem\u2019 (Rittel &amp; Webber, 1973). The paper examines current EU industrial instruments, the intense local and environmental conflicts surrounding European mining projects, the structural limits of recycling, and the struggles of the European battery industry. The paper highlights that an industrial strategy relying purely on technological substitution whilst ignoring absolute demand reduction deepens existing socio-ecological trade-offs, concluding that managing this wicked problem requires flexible, adaptive, and truly collaborative governance frameworks.<\/p>\n","protected":false},"excerpt":{"rendered":"<p>Working Paper Nr. 284<\/p>\n","protected":false},"featured_media":12183,"template":"","meta":{"_acf_changed":false,"inline_featured_image":false,"_links_to":"","_links_to_target":""},"categories":[100,110],"tags":[999,996,439,247,995,278,1000,997,998],"class_list":["post-12182","publikacio","type-publikacio","status-publish","has-post-thumbnail","hentry","category-publications","category-working-papers-en","tag-battery-manufacturing-en","tag-critical-raw-materials-en","tag-elteto-andrea-en","tag-european-union","tag-green-transition-en","tag-industrial-policy-en","tag-local-opposition-en","tag-strategic-autonomy-en","tag-wicked-problems-en"],"acf":[],"yoast_head":"<!-- This site is optimized with the Yoast SEO plugin v25.1 - https:\/\/yoast.com\/wordpress\/plugins\/seo\/ -->\n<title>\u00c9ltet\u0151, A.: Green, competitive or autonomous? The contradictions in the EU\u2019s industrial policy - VGI<\/title>\n<meta name=\"robots\" content=\"index, follow, max-snippet:-1, max-image-preview:large, max-video-preview:-1\" \/>\n<link rel=\"canonical\" href=\"https:\/\/vgi.krtk.hu\/en\/publikacio\/elteto-a-green-competitive-or-autonomous-the-contradictions-in-the-eus-industrial-policy\/\" \/>\n<meta property=\"og:locale\" content=\"en_US\" \/>\n<meta property=\"og:type\" content=\"article\" \/>\n<meta property=\"og:title\" content=\"\u00c9ltet\u0151, A.: Green, competitive or autonomous? The contradictions in the EU\u2019s industrial policy - VGI\" \/>\n<meta property=\"og:description\" content=\"Working Paper Nr. 284\" \/>\n<meta property=\"og:url\" content=\"https:\/\/vgi.krtk.hu\/en\/publikacio\/elteto-a-green-competitive-or-autonomous-the-contradictions-in-the-eus-industrial-policy\/\" \/>\n<meta property=\"og:site_name\" content=\"VGI\" \/>\n<meta property=\"article:modified_time\" content=\"2026-08-31T21:29:46+00:00\" \/>\n<meta property=\"og:image\" content=\"https:\/\/vgi.krtk.hu\/wp-content\/uploads\/2026\/08\/EltetoWP284.png\" \/>\n\t<meta property=\"og:image:width\" content=\"395\" \/>\n\t<meta property=\"og:image:height\" content=\"528\" \/>\n\t<meta property=\"og:image:type\" content=\"image\/png\" \/>\n<meta name=\"twitter:card\" content=\"summary_large_image\" \/>\n<meta name=\"twitter:label1\" content=\"Est. reading time\" \/>\n\t<meta name=\"twitter:data1\" content=\"2 minutes\" \/>\n<script type=\"application\/ld+json\" class=\"yoast-schema-graph\">{\"@context\":\"https:\/\/schema.org\",\"@graph\":[{\"@type\":\"WebPage\",\"@id\":\"https:\/\/vgi.krtk.hu\/en\/publikacio\/elteto-a-green-competitive-or-autonomous-the-contradictions-in-the-eus-industrial-policy\/\",\"url\":\"https:\/\/vgi.krtk.hu\/en\/publikacio\/elteto-a-green-competitive-or-autonomous-the-contradictions-in-the-eus-industrial-policy\/\",\"name\":\"\u00c9ltet\u0151, A.: Green, competitive or autonomous? The contradictions in the EU\u2019s industrial policy - VGI\",\"isPartOf\":{\"@id\":\"https:\/\/vgi.krtk.hu\/#website\"},\"primaryImageOfPage\":{\"@id\":\"https:\/\/vgi.krtk.hu\/en\/publikacio\/elteto-a-green-competitive-or-autonomous-the-contradictions-in-the-eus-industrial-policy\/#primaryimage\"},\"image\":{\"@id\":\"https:\/\/vgi.krtk.hu\/en\/publikacio\/elteto-a-green-competitive-or-autonomous-the-contradictions-in-the-eus-industrial-policy\/#primaryimage\"},\"thumbnailUrl\":\"https:\/\/vgi.krtk.hu\/wp-content\/uploads\/2026\/08\/EltetoWP284.png\",\"datePublished\":\"2026-08-31T21:18:39+00:00\",\"dateModified\":\"2026-08-31T21:29:46+00:00\",\"inLanguage\":\"en-US\",\"potentialAction\":[{\"@type\":\"ReadAction\",\"target\":[\"https:\/\/vgi.krtk.hu\/en\/publikacio\/elteto-a-green-competitive-or-autonomous-the-contradictions-in-the-eus-industrial-policy\/\"]}]},{\"@type\":\"ImageObject\",\"inLanguage\":\"en-US\",\"@id\":\"https:\/\/vgi.krtk.hu\/en\/publikacio\/elteto-a-green-competitive-or-autonomous-the-contradictions-in-the-eus-industrial-policy\/#primaryimage\",\"url\":\"https:\/\/vgi.krtk.hu\/wp-content\/uploads\/2026\/08\/EltetoWP284.png\",\"contentUrl\":\"https:\/\/vgi.krtk.hu\/wp-content\/uploads\/2026\/08\/EltetoWP284.png\",\"width\":395,\"height\":528},{\"@type\":\"WebSite\",\"@id\":\"https:\/\/vgi.krtk.hu\/#website\",\"url\":\"https:\/\/vgi.krtk.hu\/\",\"name\":\"VGI\",\"description\":\"Vil\u00e1ggazdas\u00e1gi Int\u00e9zet\",\"publisher\":{\"@id\":\"https:\/\/vgi.krtk.hu\/#organization\"},\"potentialAction\":[{\"@type\":\"SearchAction\",\"target\":{\"@type\":\"EntryPoint\",\"urlTemplate\":\"https:\/\/vgi.krtk.hu\/?s={search_term_string}\"},\"query-input\":{\"@type\":\"PropertyValueSpecification\",\"valueRequired\":true,\"valueName\":\"search_term_string\"}}],\"inLanguage\":\"en-US\"},{\"@type\":\"Organization\",\"@id\":\"https:\/\/vgi.krtk.hu\/#organization\",\"name\":\"VGI\",\"url\":\"https:\/\/vgi.krtk.hu\/\",\"logo\":{\"@type\":\"ImageObject\",\"inLanguage\":\"en-US\",\"@id\":\"https:\/\/vgi.krtk.hu\/#\/schema\/logo\/image\/\",\"url\":\"https:\/\/vgi.krtk.hu\/wp-content\/uploads\/2022\/08\/cropped-Group-960-1.png\",\"contentUrl\":\"https:\/\/vgi.krtk.hu\/wp-content\/uploads\/2022\/08\/cropped-Group-960-1.png\",\"width\":199,\"height\":57,\"caption\":\"VGI\"},\"image\":{\"@id\":\"https:\/\/vgi.krtk.hu\/#\/schema\/logo\/image\/\"}}]}<\/script>\n<!-- \/ Yoast SEO plugin. -->","yoast_head_json":{"title":"\u00c9ltet\u0151, A.: Green, competitive or autonomous? The contradictions in the EU\u2019s industrial policy - VGI","robots":{"index":"index","follow":"follow","max-snippet":"max-snippet:-1","max-image-preview":"max-image-preview:large","max-video-preview":"max-video-preview:-1"},"canonical":"https:\/\/vgi.krtk.hu\/en\/publikacio\/elteto-a-green-competitive-or-autonomous-the-contradictions-in-the-eus-industrial-policy\/","og_locale":"en_US","og_type":"article","og_title":"\u00c9ltet\u0151, A.: Green, competitive or autonomous? The contradictions in the EU\u2019s industrial policy - VGI","og_description":"Working Paper Nr. 284","og_url":"https:\/\/vgi.krtk.hu\/en\/publikacio\/elteto-a-green-competitive-or-autonomous-the-contradictions-in-the-eus-industrial-policy\/","og_site_name":"VGI","article_modified_time":"2026-08-31T21:29:46+00:00","og_image":[{"width":395,"height":528,"url":"https:\/\/vgi.krtk.hu\/wp-content\/uploads\/2026\/08\/EltetoWP284.png","type":"image\/png"}],"twitter_card":"summary_large_image","twitter_misc":{"Est. reading time":"2 minutes"},"schema":{"@context":"https:\/\/schema.org","@graph":[{"@type":"WebPage","@id":"https:\/\/vgi.krtk.hu\/en\/publikacio\/elteto-a-green-competitive-or-autonomous-the-contradictions-in-the-eus-industrial-policy\/","url":"https:\/\/vgi.krtk.hu\/en\/publikacio\/elteto-a-green-competitive-or-autonomous-the-contradictions-in-the-eus-industrial-policy\/","name":"\u00c9ltet\u0151, A.: Green, competitive or autonomous? The contradictions in the EU\u2019s industrial policy - VGI","isPartOf":{"@id":"https:\/\/vgi.krtk.hu\/#website"},"primaryImageOfPage":{"@id":"https:\/\/vgi.krtk.hu\/en\/publikacio\/elteto-a-green-competitive-or-autonomous-the-contradictions-in-the-eus-industrial-policy\/#primaryimage"},"image":{"@id":"https:\/\/vgi.krtk.hu\/en\/publikacio\/elteto-a-green-competitive-or-autonomous-the-contradictions-in-the-eus-industrial-policy\/#primaryimage"},"thumbnailUrl":"https:\/\/vgi.krtk.hu\/wp-content\/uploads\/2026\/08\/EltetoWP284.png","datePublished":"2026-08-31T21:18:39+00:00","dateModified":"2026-08-31T21:29:46+00:00","inLanguage":"en-US","potentialAction":[{"@type":"ReadAction","target":["https:\/\/vgi.krtk.hu\/en\/publikacio\/elteto-a-green-competitive-or-autonomous-the-contradictions-in-the-eus-industrial-policy\/"]}]},{"@type":"ImageObject","inLanguage":"en-US","@id":"https:\/\/vgi.krtk.hu\/en\/publikacio\/elteto-a-green-competitive-or-autonomous-the-contradictions-in-the-eus-industrial-policy\/#primaryimage","url":"https:\/\/vgi.krtk.hu\/wp-content\/uploads\/2026\/08\/EltetoWP284.png","contentUrl":"https:\/\/vgi.krtk.hu\/wp-content\/uploads\/2026\/08\/EltetoWP284.png","width":395,"height":528},{"@type":"WebSite","@id":"https:\/\/vgi.krtk.hu\/#website","url":"https:\/\/vgi.krtk.hu\/","name":"VGI","description":"Vil\u00e1ggazdas\u00e1gi Int\u00e9zet","publisher":{"@id":"https:\/\/vgi.krtk.hu\/#organization"},"potentialAction":[{"@type":"SearchAction","target":{"@type":"EntryPoint","urlTemplate":"https:\/\/vgi.krtk.hu\/?s={search_term_string}"},"query-input":{"@type":"PropertyValueSpecification","valueRequired":true,"valueName":"search_term_string"}}],"inLanguage":"en-US"},{"@type":"Organization","@id":"https:\/\/vgi.krtk.hu\/#organization","name":"VGI","url":"https:\/\/vgi.krtk.hu\/","logo":{"@type":"ImageObject","inLanguage":"en-US","@id":"https:\/\/vgi.krtk.hu\/#\/schema\/logo\/image\/","url":"https:\/\/vgi.krtk.hu\/wp-content\/uploads\/2022\/08\/cropped-Group-960-1.png","contentUrl":"https:\/\/vgi.krtk.hu\/wp-content\/uploads\/2022\/08\/cropped-Group-960-1.png","width":199,"height":57,"caption":"VGI"},"image":{"@id":"https:\/\/vgi.krtk.hu\/#\/schema\/logo\/image\/"}}]}},"_links":{"self":[{"href":"https:\/\/vgi.krtk.hu\/en\/wp-json\/wp\/v2\/publikacio\/12182","targetHints":{"allow":["GET"]}}],"collection":[{"href":"https:\/\/vgi.krtk.hu\/en\/wp-json\/wp\/v2\/publikacio"}],"about":[{"href":"https:\/\/vgi.krtk.hu\/en\/wp-json\/wp\/v2\/types\/publikacio"}],"wp:featuredmedia":[{"embeddable":true,"href":"https:\/\/vgi.krtk.hu\/en\/wp-json\/wp\/v2\/media\/12183"}],"wp:attachment":[{"href":"https:\/\/vgi.krtk.hu\/en\/wp-json\/wp\/v2\/media?parent=12182"}],"wp:term":[{"taxonomy":"category","embeddable":true,"href":"https:\/\/vgi.krtk.hu\/en\/wp-json\/wp\/v2\/categories?post=12182"},{"taxonomy":"post_tag","embeddable":true,"href":"https:\/\/vgi.krtk.hu\/en\/wp-json\/wp\/v2\/tags?post=12182"}],"curies":[{"name":"wp","href":"https:\/\/api.w.org\/{rel}","templated":true}]}}

Éltető, A.: Green, competitive or autonomous? The contradictions in the EU’s industrial policy

<h1>Green, competitive or autonomous? The contradictions in the EU’s industrial policy</h1>
<p>&nbsp;</p>
<p>Author: <a href="https://vgi.krtk.hu/en/colleague/andrea-elteto/">Andrea Éltető</a></p>
<p>In: HUN-REN CERS, Institute of World Economics, Working Paper Nr. 284 (2026) September 2026</p>
<p>&nbsp;</p>
<h1>Abstract</h1>
<p style="text-align: justify;">Since 2019, the European Union’s industrial policy has been guided by the European Green Deal, which aims to achieve climate neutrality. However, the green and digital transitions have sharply intensified the EU’s dependence on critical raw materials and technologies from third countries, most notably China. The EU is attempting to resolve this tension by enhancing strategic autonomy, encouraging domestic mining, supporting urban mining and the circular economy, and building a European battery manufacturing capacity. This study argues that reconciling environmental sustainability, competitiveness and strategic autonomy represents a theoretical ‘wicked problem’ (Rittel &amp; Webber, 1973). The paper examines current EU industrial instruments, the intense local and environmental conflicts surrounding European mining projects, the structural limits of recycling, and the struggles of the European battery industry. The paper highlights that an industrial strategy relying purely on technological substitution whilst ignoring absolute demand reduction deepens existing socio-ecological trade-offs, concluding that managing this wicked problem requires flexible, adaptive, and truly collaborative governance frameworks.</p>

<!-- This site is optimized with the Yoast SEO plugin v25.1 - https://yoast.com/wordpress/plugins/seo/ -->
<title>Éltető, A.: Green, competitive or autonomous? The contradictions in the EU’s industrial policy - VGI</title>
<meta name="robots" content="index, follow, max-snippet:-1, max-image-preview:large, max-video-preview:-1" />
<link rel="canonical" href="https://vgi.krtk.hu/en/publikacio/elteto-a-green-competitive-or-autonomous-the-contradictions-in-the-eus-industrial-policy/" />
<meta property="og:locale" content="en_US" />
<meta property="og:type" content="article" />
<meta property="og:title" content="Éltető, A.: Green, competitive or autonomous? The contradictions in the EU’s industrial policy - VGI" />
<meta property="og:description" content="Working Paper Nr. 284" />
<meta property="og:url" content="https://vgi.krtk.hu/en/publikacio/elteto-a-green-competitive-or-autonomous-the-contradictions-in-the-eus-industrial-policy/" />
<meta property="og:site_name" content="VGI" />
<meta property="article:modified_time" content="2026-08-31T21:29:46+00:00" />
<meta property="og:image" content="https://vgi.krtk.hu/wp-content/uploads/2026/08/EltetoWP284.png" />
	<meta property="og:image:width" content="395" />
	<meta property="og:image:height" content="528" />
	<meta property="og:image:type" content="image/png" />
<meta name="twitter:card" content="summary_large_image" />
<meta name="twitter:label1" content="Est. reading time" />
	<meta name="twitter:data1" content="2 minutes" />
<script type="application/ld+json" class="yoast-schema-graph">{"@context":"https://schema.org","@graph":[{"@type":"WebPage","@id":"https://vgi.krtk.hu/en/publikacio/elteto-a-green-competitive-or-autonomous-the-contradictions-in-the-eus-industrial-policy/","url":"https://vgi.krtk.hu/en/publikacio/elteto-a-green-competitive-or-autonomous-the-contradictions-in-the-eus-industrial-policy/","name":"Éltető, A.: Green, competitive or autonomous? The contradictions in the EU’s industrial policy - VGI","isPartOf":{"@id":"https://vgi.krtk.hu/#website"},"primaryImageOfPage":{"@id":"https://vgi.krtk.hu/en/publikacio/elteto-a-green-competitive-or-autonomous-the-contradictions-in-the-eus-industrial-policy/#primaryimage"},"image":{"@id":"https://vgi.krtk.hu/en/publikacio/elteto-a-green-competitive-or-autonomous-the-contradictions-in-the-eus-industrial-policy/#primaryimage"},"thumbnailUrl":"https://vgi.krtk.hu/wp-content/uploads/2026/08/EltetoWP284.png","datePublished":"2026-08-31T21:18:39+00:00","dateModified":"2026-08-31T21:29:46+00:00","inLanguage":"en-US","potentialAction":[{"@type":"ReadAction","target":["https://vgi.krtk.hu/en/publikacio/elteto-a-green-competitive-or-autonomous-the-contradictions-in-the-eus-industrial-policy/"]}]},{"@type":"ImageObject","inLanguage":"en-US","@id":"https://vgi.krtk.hu/en/publikacio/elteto-a-green-competitive-or-autonomous-the-contradictions-in-the-eus-industrial-policy/#primaryimage","url":"https://vgi.krtk.hu/wp-content/uploads/2026/08/EltetoWP284.png","contentUrl":"https://vgi.krtk.hu/wp-content/uploads/2026/08/EltetoWP284.png","width":395,"height":528},{"@type":"WebSite","@id":"https://vgi.krtk.hu/#website","url":"https://vgi.krtk.hu/","name":"VGI","description":"Világgazdasági Intézet","publisher":{"@id":"https://vgi.krtk.hu/#organization"},"potentialAction":[{"@type":"SearchAction","target":{"@type":"EntryPoint","urlTemplate":"https://vgi.krtk.hu/?s={search_term_string}"},"query-input":{"@type":"PropertyValueSpecification","valueRequired":true,"valueName":"search_term_string"}}],"inLanguage":"en-US"},{"@type":"Organization","@id":"https://vgi.krtk.hu/#organization","name":"VGI","url":"https://vgi.krtk.hu/","logo":{"@type":"ImageObject","inLanguage":"en-US","@id":"https://vgi.krtk.hu/#/schema/logo/image/","url":"https://vgi.krtk.hu/wp-content/uploads/2022/08/cropped-Group-960-1.png","contentUrl":"https://vgi.krtk.hu/wp-content/uploads/2022/08/cropped-Group-960-1.png","width":199,"height":57,"caption":"VGI"},"image":{"@id":"https://vgi.krtk.hu/#/schema/logo/image/"}}]}</script>
<!-- / Yoast SEO plugin. -->

Éltető, A.: Green, competitive or autonomous? The contradictions in the EU’s industrial policy - VGI

Világgazdasági Intézet
