{"id":5817,"date":"2016-03-03T18:46:00","date_gmt":"2016-03-03T18:46:00","guid":{"rendered":"https:\/\/vki.stilldev2.work\/publikacio\/a-nemet-jarmuipar-globalis-terjeszkedesenek-hatasa-a-kelet-kozep-europai-felzarkozasra-2016-03\/"},"modified":"2016-03-03T18:46:00","modified_gmt":"2016-03-03T18:46:00","slug":"a-nemet-jarmuipar-globalis-terjeszkedesenek-hatasa-a-kelet-kozep-europai-felzarkozasra-2016-03","status":"publish","type":"publikacio","link":"https:\/\/vgi.krtk.hu\/en\/publikacio\/a-nemet-jarmuipar-globalis-terjeszkedesenek-hatasa-a-kelet-kozep-europai-felzarkozasra-2016-03\/","title":{"rendered":"A n\u00e9met j\u00e1rm\u0171ipar glob\u00e1lis terjeszked\u00e9s\u00e9nek hat\u00e1sa a kelet-k\u00f6z\u00e9p-eur\u00f3pai felz\u00e1rk\u00f3z\u00e1sra &#8211; 2016-03"},"content":{"rendered":"<p class='author'><span>Author: <\/span><a href='\/en\/colleague\/tamas-gerocs' target='_blank' rel=\"noopener\">Tam\u00e1s Ger\u0151cs<\/a><\/p>\n<div class=\"migrated-content\">Szerz\u0151: Ger\u0151cs Tam\u00e1s<\/p>\n<p>In:\u00a0K\u00fcl\u00fcgyi Szemle 2015\/3<\/p>\n<p>A tanulm\u00e1ny a k\u00f6vetkez\u0151 linkre katintva let\u00f6lthet\u0151:\u00a0<a href=\"http:\/\/kki.gov.hu\/download\/4\/bf\/41000\/Ger\u0151cs%20Tam\u00e1s.pdf\">http:\/\/kki.gov.hu\/download\/4\/bf\/41000\/Ger\u0151cs%20Tam\u00e1s.pdf<\/a><\/div>\n","protected":false},"excerpt":{"rendered":"<p>In: K\u00fcl\u00fcgyi Szemle<\/p>\n","protected":false},"featured_media":38,"template":"","meta":{"_acf_changed":false,"inline_featured_image":false,"_links_to":"","_links_to_target":""},"categories":[104],"tags":[],"class_list":["post-5817","publikacio","type-publikacio","status-publish","has-post-thumbnail","hentry","category-external-publications"],"acf":[],"yoast_head":"<!-- This site is optimized with the Yoast SEO plugin v25.1 - https:\/\/yoast.com\/wordpress\/plugins\/seo\/ -->\n<title>A n\u00e9met j\u00e1rm\u0171ipar glob\u00e1lis terjeszked\u00e9s\u00e9nek hat\u00e1sa a kelet-k\u00f6z\u00e9p-eur\u00f3pai felz\u00e1rk\u00f3z\u00e1sra - 2016-03 - VGI<\/title>\n<meta name=\"robots\" content=\"index, follow, max-snippet:-1, max-image-preview:large, max-video-preview:-1\" \/>\n<link rel=\"canonical\" href=\"https:\/\/vgi.krtk.hu\/en\/publikacio\/a-nemet-jarmuipar-globalis-terjeszkedesenek-hatasa-a-kelet-kozep-europai-felzarkozasra-2016-03\/\" \/>\n<meta property=\"og:locale\" content=\"en_US\" \/>\n<meta property=\"og:type\" content=\"article\" \/>\n<meta property=\"og:title\" content=\"A n\u00e9met j\u00e1rm\u0171ipar glob\u00e1lis terjeszked\u00e9s\u00e9nek hat\u00e1sa a kelet-k\u00f6z\u00e9p-eur\u00f3pai felz\u00e1rk\u00f3z\u00e1sra - 2016-03 - VGI\" \/>\n<meta property=\"og:description\" content=\"In: K\u00fcl\u00fcgyi Szemle\" \/>\n<meta property=\"og:url\" content=\"https:\/\/vgi.krtk.hu\/en\/publikacio\/a-nemet-jarmuipar-globalis-terjeszkedesenek-hatasa-a-kelet-kozep-europai-felzarkozasra-2016-03\/\" \/>\n<meta property=\"og:site_name\" content=\"VGI\" \/>\n<meta name=\"twitter:card\" content=\"summary_large_image\" \/>\n<script type=\"application\/ld+json\" class=\"yoast-schema-graph\">{\"@context\":\"https:\/\/schema.org\",\"@graph\":[{\"@type\":\"WebPage\",\"@id\":\"https:\/\/vgi.krtk.hu\/en\/publikacio\/a-nemet-jarmuipar-globalis-terjeszkedesenek-hatasa-a-kelet-kozep-europai-felzarkozasra-2016-03\/\",\"url\":\"https:\/\/vgi.krtk.hu\/en\/publikacio\/a-nemet-jarmuipar-globalis-terjeszkedesenek-hatasa-a-kelet-kozep-europai-felzarkozasra-2016-03\/\",\"name\":\"A n\u00e9met j\u00e1rm\u0171ipar glob\u00e1lis terjeszked\u00e9s\u00e9nek hat\u00e1sa a kelet-k\u00f6z\u00e9p-eur\u00f3pai felz\u00e1rk\u00f3z\u00e1sra - 2016-03 - VGI\",\"isPartOf\":{\"@id\":\"https:\/\/vgi.krtk.hu\/#website\"},\"primaryImageOfPage\":{\"@id\":\"https:\/\/vgi.krtk.hu\/en\/publikacio\/a-nemet-jarmuipar-globalis-terjeszkedesenek-hatasa-a-kelet-kozep-europai-felzarkozasra-2016-03\/#primaryimage\"},\"image\":{\"@id\":\"https:\/\/vgi.krtk.hu\/en\/publikacio\/a-nemet-jarmuipar-globalis-terjeszkedesenek-hatasa-a-kelet-kozep-europai-felzarkozasra-2016-03\/#primaryimage\"},\"thumbnailUrl\":\"https:\/\/vgi.krtk.hu\/wp-content\/uploads\/2022\/05\/placeholder.png\",\"datePublished\":\"2016-03-03T18:46:00+00:00\",\"inLanguage\":\"en-US\",\"potentialAction\":[{\"@type\":\"ReadAction\",\"target\":[\"https:\/\/vgi.krtk.hu\/en\/publikacio\/a-nemet-jarmuipar-globalis-terjeszkedesenek-hatasa-a-kelet-kozep-europai-felzarkozasra-2016-03\/\"]}]},{\"@type\":\"ImageObject\",\"inLanguage\":\"en-US\",\"@id\":\"https:\/\/vgi.krtk.hu\/en\/publikacio\/a-nemet-jarmuipar-globalis-terjeszkedesenek-hatasa-a-kelet-kozep-europai-felzarkozasra-2016-03\/#primaryimage\",\"url\":\"https:\/\/vgi.krtk.hu\/wp-content\/uploads\/2022\/05\/placeholder.png\",\"contentUrl\":\"https:\/\/vgi.krtk.hu\/wp-content\/uploads\/2022\/05\/placeholder.png\",\"width\":1200,\"height\":800},{\"@type\":\"WebSite\",\"@id\":\"https:\/\/vgi.krtk.hu\/#website\",\"url\":\"https:\/\/vgi.krtk.hu\/\",\"name\":\"VGI\",\"description\":\"Vil\u00e1ggazdas\u00e1gi Int\u00e9zet\",\"publisher\":{\"@id\":\"https:\/\/vgi.krtk.hu\/#organization\"},\"potentialAction\":[{\"@type\":\"SearchAction\",\"target\":{\"@type\":\"EntryPoint\",\"urlTemplate\":\"https:\/\/vgi.krtk.hu\/?s={search_term_string}\"},\"query-input\":{\"@type\":\"PropertyValueSpecification\",\"valueRequired\":true,\"valueName\":\"search_term_string\"}}],\"inLanguage\":\"en-US\"},{\"@type\":\"Organization\",\"@id\":\"https:\/\/vgi.krtk.hu\/#organization\",\"name\":\"VGI\",\"url\":\"https:\/\/vgi.krtk.hu\/\",\"logo\":{\"@type\":\"ImageObject\",\"inLanguage\":\"en-US\",\"@id\":\"https:\/\/vgi.krtk.hu\/#\/schema\/logo\/image\/\",\"url\":\"https:\/\/vgi.krtk.hu\/wp-content\/uploads\/2022\/08\/cropped-Group-960-1.png\",\"contentUrl\":\"https:\/\/vgi.krtk.hu\/wp-content\/uploads\/2022\/08\/cropped-Group-960-1.png\",\"width\":199,\"height\":57,\"caption\":\"VGI\"},\"image\":{\"@id\":\"https:\/\/vgi.krtk.hu\/#\/schema\/logo\/image\/\"}}]}<\/script>\n<!-- \/ Yoast SEO plugin. -->","yoast_head_json":{"title":"A n\u00e9met j\u00e1rm\u0171ipar glob\u00e1lis terjeszked\u00e9s\u00e9nek hat\u00e1sa a kelet-k\u00f6z\u00e9p-eur\u00f3pai felz\u00e1rk\u00f3z\u00e1sra - 2016-03 - VGI","robots":{"index":"index","follow":"follow","max-snippet":"max-snippet:-1","max-image-preview":"max-image-preview:large","max-video-preview":"max-video-preview:-1"},"canonical":"https:\/\/vgi.krtk.hu\/en\/publikacio\/a-nemet-jarmuipar-globalis-terjeszkedesenek-hatasa-a-kelet-kozep-europai-felzarkozasra-2016-03\/","og_locale":"en_US","og_type":"article","og_title":"A n\u00e9met j\u00e1rm\u0171ipar glob\u00e1lis terjeszked\u00e9s\u00e9nek hat\u00e1sa a kelet-k\u00f6z\u00e9p-eur\u00f3pai felz\u00e1rk\u00f3z\u00e1sra - 2016-03 - VGI","og_description":"In: K\u00fcl\u00fcgyi Szemle","og_url":"https:\/\/vgi.krtk.hu\/en\/publikacio\/a-nemet-jarmuipar-globalis-terjeszkedesenek-hatasa-a-kelet-kozep-europai-felzarkozasra-2016-03\/","og_site_name":"VGI","twitter_card":"summary_large_image","schema":{"@context":"https:\/\/schema.org","@graph":[{"@type":"WebPage","@id":"https:\/\/vgi.krtk.hu\/en\/publikacio\/a-nemet-jarmuipar-globalis-terjeszkedesenek-hatasa-a-kelet-kozep-europai-felzarkozasra-2016-03\/","url":"https:\/\/vgi.krtk.hu\/en\/publikacio\/a-nemet-jarmuipar-globalis-terjeszkedesenek-hatasa-a-kelet-kozep-europai-felzarkozasra-2016-03\/","name":"A n\u00e9met j\u00e1rm\u0171ipar glob\u00e1lis terjeszked\u00e9s\u00e9nek hat\u00e1sa a kelet-k\u00f6z\u00e9p-eur\u00f3pai felz\u00e1rk\u00f3z\u00e1sra - 2016-03 - VGI","isPartOf":{"@id":"https:\/\/vgi.krtk.hu\/#website"},"primaryImageOfPage":{"@id":"https:\/\/vgi.krtk.hu\/en\/publikacio\/a-nemet-jarmuipar-globalis-terjeszkedesenek-hatasa-a-kelet-kozep-europai-felzarkozasra-2016-03\/#primaryimage"},"image":{"@id":"https:\/\/vgi.krtk.hu\/en\/publikacio\/a-nemet-jarmuipar-globalis-terjeszkedesenek-hatasa-a-kelet-kozep-europai-felzarkozasra-2016-03\/#primaryimage"},"thumbnailUrl":"https:\/\/vgi.krtk.hu\/wp-content\/uploads\/2022\/05\/placeholder.png","datePublished":"2016-03-03T18:46:00+00:00","inLanguage":"en-US","potentialAction":[{"@type":"ReadAction","target":["https:\/\/vgi.krtk.hu\/en\/publikacio\/a-nemet-jarmuipar-globalis-terjeszkedesenek-hatasa-a-kelet-kozep-europai-felzarkozasra-2016-03\/"]}]},{"@type":"ImageObject","inLanguage":"en-US","@id":"https:\/\/vgi.krtk.hu\/en\/publikacio\/a-nemet-jarmuipar-globalis-terjeszkedesenek-hatasa-a-kelet-kozep-europai-felzarkozasra-2016-03\/#primaryimage","url":"https:\/\/vgi.krtk.hu\/wp-content\/uploads\/2022\/05\/placeholder.png","contentUrl":"https:\/\/vgi.krtk.hu\/wp-content\/uploads\/2022\/05\/placeholder.png","width":1200,"height":800},{"@type":"WebSite","@id":"https:\/\/vgi.krtk.hu\/#website","url":"https:\/\/vgi.krtk.hu\/","name":"VGI","description":"Vil\u00e1ggazdas\u00e1gi Int\u00e9zet","publisher":{"@id":"https:\/\/vgi.krtk.hu\/#organization"},"potentialAction":[{"@type":"SearchAction","target":{"@type":"EntryPoint","urlTemplate":"https:\/\/vgi.krtk.hu\/?s={search_term_string}"},"query-input":{"@type":"PropertyValueSpecification","valueRequired":true,"valueName":"search_term_string"}}],"inLanguage":"en-US"},{"@type":"Organization","@id":"https:\/\/vgi.krtk.hu\/#organization","name":"VGI","url":"https:\/\/vgi.krtk.hu\/","logo":{"@type":"ImageObject","inLanguage":"en-US","@id":"https:\/\/vgi.krtk.hu\/#\/schema\/logo\/image\/","url":"https:\/\/vgi.krtk.hu\/wp-content\/uploads\/2022\/08\/cropped-Group-960-1.png","contentUrl":"https:\/\/vgi.krtk.hu\/wp-content\/uploads\/2022\/08\/cropped-Group-960-1.png","width":199,"height":57,"caption":"VGI"},"image":{"@id":"https:\/\/vgi.krtk.hu\/#\/schema\/logo\/image\/"}}]}},"_links":{"self":[{"href":"https:\/\/vgi.krtk.hu\/en\/wp-json\/wp\/v2\/publikacio\/5817","targetHints":{"allow":["GET"]}}],"collection":[{"href":"https:\/\/vgi.krtk.hu\/en\/wp-json\/wp\/v2\/publikacio"}],"about":[{"href":"https:\/\/vgi.krtk.hu\/en\/wp-json\/wp\/v2\/types\/publikacio"}],"wp:featuredmedia":[{"embeddable":true,"href":"https:\/\/vgi.krtk.hu\/en\/wp-json\/wp\/v2\/media\/38"}],"wp:attachment":[{"href":"https:\/\/vgi.krtk.hu\/en\/wp-json\/wp\/v2\/media?parent=5817"}],"wp:term":[{"taxonomy":"category","embeddable":true,"href":"https:\/\/vgi.krtk.hu\/en\/wp-json\/wp\/v2\/categories?post=5817"},{"taxonomy":"post_tag","embeddable":true,"href":"https:\/\/vgi.krtk.hu\/en\/wp-json\/wp\/v2\/tags?post=5817"}],"curies":[{"name":"wp","href":"https:\/\/api.w.org\/{rel}","templated":true}]}}

A német járműipar globális terjeszkedésének hatása a kelet-közép-európai felzárkózásra &#8211; 2016-03

<p class='author'><span>Author: </span><a href='/en/colleague/tamas-gerocs' target='_blank' rel="noopener">Tamás Gerőcs</a></p>
<div class="migrated-content">Szerző: Gerőcs Tamás</p>
<p>In: Külügyi Szemle 2015/3</p>
<p>A tanulmány a következő linkre katintva letölthető: <a href="http://kki.gov.hu/download/4/bf/41000/Gerőcs%20Tamás.pdf">http://kki.gov.hu/download/4/bf/41000/Gerőcs%20Tamás.pdf</a></div>

<p>In: Külügyi Szemle</p>

<!-- This site is optimized with the Yoast SEO plugin v25.1 - https://yoast.com/wordpress/plugins/seo/ -->
<title>A német járműipar globális terjeszkedésének hatása a kelet-közép-európai felzárkózásra - 2016-03 - VGI</title>
<meta name="robots" content="index, follow, max-snippet:-1, max-image-preview:large, max-video-preview:-1" />
<link rel="canonical" href="https://vgi.krtk.hu/en/publikacio/a-nemet-jarmuipar-globalis-terjeszkedesenek-hatasa-a-kelet-kozep-europai-felzarkozasra-2016-03/" />
<meta property="og:locale" content="en_US" />
<meta property="og:type" content="article" />
<meta property="og:title" content="A német járműipar globális terjeszkedésének hatása a kelet-közép-európai felzárkózásra - 2016-03 - VGI" />
<meta property="og:description" content="In: Külügyi Szemle" />
<meta property="og:url" content="https://vgi.krtk.hu/en/publikacio/a-nemet-jarmuipar-globalis-terjeszkedesenek-hatasa-a-kelet-kozep-europai-felzarkozasra-2016-03/" />
<meta property="og:site_name" content="VGI" />
<meta name="twitter:card" content="summary_large_image" />
<script type="application/ld+json" class="yoast-schema-graph">{"@context":"https://schema.org","@graph":[{"@type":"WebPage","@id":"https://vgi.krtk.hu/en/publikacio/a-nemet-jarmuipar-globalis-terjeszkedesenek-hatasa-a-kelet-kozep-europai-felzarkozasra-2016-03/","url":"https://vgi.krtk.hu/en/publikacio/a-nemet-jarmuipar-globalis-terjeszkedesenek-hatasa-a-kelet-kozep-europai-felzarkozasra-2016-03/","name":"A német járműipar globális terjeszkedésének hatása a kelet-közép-európai felzárkózásra - 2016-03 - VGI","isPartOf":{"@id":"https://vgi.krtk.hu/#website"},"primaryImageOfPage":{"@id":"https://vgi.krtk.hu/en/publikacio/a-nemet-jarmuipar-globalis-terjeszkedesenek-hatasa-a-kelet-kozep-europai-felzarkozasra-2016-03/#primaryimage"},"image":{"@id":"https://vgi.krtk.hu/en/publikacio/a-nemet-jarmuipar-globalis-terjeszkedesenek-hatasa-a-kelet-kozep-europai-felzarkozasra-2016-03/#primaryimage"},"thumbnailUrl":"https://vgi.krtk.hu/wp-content/uploads/2022/05/placeholder.png","datePublished":"2016-03-03T18:46:00+00:00","inLanguage":"en-US","potentialAction":[{"@type":"ReadAction","target":["https://vgi.krtk.hu/en/publikacio/a-nemet-jarmuipar-globalis-terjeszkedesenek-hatasa-a-kelet-kozep-europai-felzarkozasra-2016-03/"]}]},{"@type":"ImageObject","inLanguage":"en-US","@id":"https://vgi.krtk.hu/en/publikacio/a-nemet-jarmuipar-globalis-terjeszkedesenek-hatasa-a-kelet-kozep-europai-felzarkozasra-2016-03/#primaryimage","url":"https://vgi.krtk.hu/wp-content/uploads/2022/05/placeholder.png","contentUrl":"https://vgi.krtk.hu/wp-content/uploads/2022/05/placeholder.png","width":1200,"height":800},{"@type":"WebSite","@id":"https://vgi.krtk.hu/#website","url":"https://vgi.krtk.hu/","name":"VGI","description":"Világgazdasági Intézet","publisher":{"@id":"https://vgi.krtk.hu/#organization"},"potentialAction":[{"@type":"SearchAction","target":{"@type":"EntryPoint","urlTemplate":"https://vgi.krtk.hu/?s={search_term_string}"},"query-input":{"@type":"PropertyValueSpecification","valueRequired":true,"valueName":"search_term_string"}}],"inLanguage":"en-US"},{"@type":"Organization","@id":"https://vgi.krtk.hu/#organization","name":"VGI","url":"https://vgi.krtk.hu/","logo":{"@type":"ImageObject","inLanguage":"en-US","@id":"https://vgi.krtk.hu/#/schema/logo/image/","url":"https://vgi.krtk.hu/wp-content/uploads/2022/08/cropped-Group-960-1.png","contentUrl":"https://vgi.krtk.hu/wp-content/uploads/2022/08/cropped-Group-960-1.png","width":199,"height":57,"caption":"VGI"},"image":{"@id":"https://vgi.krtk.hu/#/schema/logo/image/"}}]}</script>
<!-- / Yoast SEO plugin. -->

A német járműipar globális terjeszkedésének hatása a kelet-közép-európai felzárkózásra - 2016-03 - VGI

In: Külügyi Szemle

Világgazdasági Intézet
