{"id":9105,"date":"2023-05-15T07:00:47","date_gmt":"2023-05-15T07:00:47","guid":{"rendered":"https:\/\/vgi.krtk.hu\/?post_type=publikacio&#038;p=9105"},"modified":"2023-05-15T07:03:21","modified_gmt":"2023-05-15T07:03:21","slug":"szigetvari-t-centralization-in-the-hungarian-administrative-system","status":"publish","type":"publikacio","link":"https:\/\/vgi.krtk.hu\/en\/publikacio\/szigetvari-t-centralization-in-the-hungarian-administrative-system\/","title":{"rendered":"Szigetv\u00e1ri, T.: Centralization in the Hungarian Administrative System"},"content":{"rendered":"<h1>Centralization in the Hungarian Administrative System<\/h1>\n<p>&nbsp;<\/p>\n<p>Author: <a href=\"https:\/\/vgi.krtk.hu\/en\/colleague\/tamas-szigetvari\/\">Tam\u00e1s Szigetv\u00e1ri<\/a><\/p>\n<p>In: Adam E. Nir (ed.): Centralization: Costs and Benefits. New York: Nova Science Publishers, 2023, pp. 167-189.<\/p>\n<p>&nbsp;<\/p>\n<h2>Book abstract<\/h2>\n<p style=\"text-align: justify;\">The book brings an array of viewpoints coming from different contexts and disciplinary perspectives testifying to the benefit and drawbacks of centralized administration and control. Some of the chapters focus on particular national contexts attempting to assess the impact of centralized government in terms of benefits and limitations for national development and prosperity. Other chapters focus on the impact of centralization on specific issues such as crisis management, educational policy or public administration, discussing the extent to which centralized control may promote or undermine their effective management.<\/p>\n<p>&nbsp;<\/p>\n","protected":false},"excerpt":{"rendered":"<p>Centralization in the Hungarian Administrative System &nbsp; Author: Tam\u00e1s Szigetv\u00e1ri In: Adam E. Nir (ed.): Centralization: Costs and Benefits. New York: Nova Science Publishers, 2023, pp. 167-189. &nbsp; Book abstract The book brings an array of viewpoints coming from different contexts and disciplinary perspectives testifying to the benefit and drawbacks of centralized administration and control. [&hellip;]<\/p>\n","protected":false},"featured_media":9104,"template":"","meta":{"_acf_changed":false,"inline_featured_image":false,"_links_to":"","_links_to_target":""},"categories":[104,100],"tags":[],"class_list":["post-9105","publikacio","type-publikacio","status-publish","has-post-thumbnail","hentry","category-external-publications","category-publications"],"acf":[],"yoast_head":"<!-- This site is optimized with the Yoast SEO plugin v25.1 - https:\/\/yoast.com\/wordpress\/plugins\/seo\/ -->\n<title>Szigetv\u00e1ri, T.: Centralization in the Hungarian Administrative System - VGI<\/title>\n<meta name=\"robots\" content=\"index, follow, max-snippet:-1, max-image-preview:large, max-video-preview:-1\" \/>\n<link rel=\"canonical\" href=\"https:\/\/vgi.krtk.hu\/en\/publikacio\/szigetvari-t-centralization-in-the-hungarian-administrative-system\/\" \/>\n<meta property=\"og:locale\" content=\"en_US\" \/>\n<meta property=\"og:type\" content=\"article\" \/>\n<meta property=\"og:title\" content=\"Szigetv\u00e1ri, T.: Centralization in the Hungarian Administrative System - VGI\" \/>\n<meta property=\"og:description\" content=\"Centralization in the Hungarian Administrative System &nbsp; Author: Tam\u00e1s Szigetv\u00e1ri In: Adam E. Nir (ed.): Centralization: Costs and Benefits. New York: Nova Science Publishers, 2023, pp. 167-189. &nbsp; Book abstract The book brings an array of viewpoints coming from different contexts and disciplinary perspectives testifying to the benefit and drawbacks of centralized administration and control. [&hellip;]\" \/>\n<meta property=\"og:url\" content=\"https:\/\/vgi.krtk.hu\/en\/publikacio\/szigetvari-t-centralization-in-the-hungarian-administrative-system\/\" \/>\n<meta property=\"og:site_name\" content=\"VGI\" \/>\n<meta property=\"article:modified_time\" content=\"2023-05-15T07:03:21+00:00\" \/>\n<meta property=\"og:image\" content=\"https:\/\/vgi.krtk.hu\/wp-content\/uploads\/2023\/05\/Szigetvari_Nova.gif\" \/>\n\t<meta property=\"og:image:width\" content=\"823\" \/>\n\t<meta property=\"og:image:height\" content=\"1100\" \/>\n\t<meta property=\"og:image:type\" content=\"image\/gif\" \/>\n<meta name=\"twitter:card\" content=\"summary_large_image\" \/>\n<meta name=\"twitter:label1\" content=\"Est. reading time\" \/>\n\t<meta name=\"twitter:data1\" content=\"1 minute\" \/>\n<script type=\"application\/ld+json\" class=\"yoast-schema-graph\">{\"@context\":\"https:\/\/schema.org\",\"@graph\":[{\"@type\":\"WebPage\",\"@id\":\"https:\/\/vgi.krtk.hu\/en\/publikacio\/szigetvari-t-centralization-in-the-hungarian-administrative-system\/\",\"url\":\"https:\/\/vgi.krtk.hu\/en\/publikacio\/szigetvari-t-centralization-in-the-hungarian-administrative-system\/\",\"name\":\"Szigetv\u00e1ri, T.: Centralization in the Hungarian Administrative System - VGI\",\"isPartOf\":{\"@id\":\"https:\/\/vgi.krtk.hu\/#website\"},\"primaryImageOfPage\":{\"@id\":\"https:\/\/vgi.krtk.hu\/en\/publikacio\/szigetvari-t-centralization-in-the-hungarian-administrative-system\/#primaryimage\"},\"image\":{\"@id\":\"https:\/\/vgi.krtk.hu\/en\/publikacio\/szigetvari-t-centralization-in-the-hungarian-administrative-system\/#primaryimage\"},\"thumbnailUrl\":\"https:\/\/vgi.krtk.hu\/wp-content\/uploads\/2023\/05\/Szigetvari_Nova.gif\",\"datePublished\":\"2023-05-15T07:00:47+00:00\",\"dateModified\":\"2023-05-15T07:03:21+00:00\",\"inLanguage\":\"en-US\",\"potentialAction\":[{\"@type\":\"ReadAction\",\"target\":[\"https:\/\/vgi.krtk.hu\/en\/publikacio\/szigetvari-t-centralization-in-the-hungarian-administrative-system\/\"]}]},{\"@type\":\"ImageObject\",\"inLanguage\":\"en-US\",\"@id\":\"https:\/\/vgi.krtk.hu\/en\/publikacio\/szigetvari-t-centralization-in-the-hungarian-administrative-system\/#primaryimage\",\"url\":\"https:\/\/vgi.krtk.hu\/wp-content\/uploads\/2023\/05\/Szigetvari_Nova.gif\",\"contentUrl\":\"https:\/\/vgi.krtk.hu\/wp-content\/uploads\/2023\/05\/Szigetvari_Nova.gif\",\"width\":823,\"height\":1100},{\"@type\":\"WebSite\",\"@id\":\"https:\/\/vgi.krtk.hu\/#website\",\"url\":\"https:\/\/vgi.krtk.hu\/\",\"name\":\"VGI\",\"description\":\"Vil\u00e1ggazdas\u00e1gi Int\u00e9zet\",\"publisher\":{\"@id\":\"https:\/\/vgi.krtk.hu\/#organization\"},\"potentialAction\":[{\"@type\":\"SearchAction\",\"target\":{\"@type\":\"EntryPoint\",\"urlTemplate\":\"https:\/\/vgi.krtk.hu\/?s={search_term_string}\"},\"query-input\":{\"@type\":\"PropertyValueSpecification\",\"valueRequired\":true,\"valueName\":\"search_term_string\"}}],\"inLanguage\":\"en-US\"},{\"@type\":\"Organization\",\"@id\":\"https:\/\/vgi.krtk.hu\/#organization\",\"name\":\"VGI\",\"url\":\"https:\/\/vgi.krtk.hu\/\",\"logo\":{\"@type\":\"ImageObject\",\"inLanguage\":\"en-US\",\"@id\":\"https:\/\/vgi.krtk.hu\/#\/schema\/logo\/image\/\",\"url\":\"https:\/\/vgi.krtk.hu\/wp-content\/uploads\/2022\/08\/cropped-Group-960-1.png\",\"contentUrl\":\"https:\/\/vgi.krtk.hu\/wp-content\/uploads\/2022\/08\/cropped-Group-960-1.png\",\"width\":199,\"height\":57,\"caption\":\"VGI\"},\"image\":{\"@id\":\"https:\/\/vgi.krtk.hu\/#\/schema\/logo\/image\/\"}}]}<\/script>\n<!-- \/ Yoast SEO plugin. -->","yoast_head_json":{"title":"Szigetv\u00e1ri, T.: Centralization in the Hungarian Administrative System - VGI","robots":{"index":"index","follow":"follow","max-snippet":"max-snippet:-1","max-image-preview":"max-image-preview:large","max-video-preview":"max-video-preview:-1"},"canonical":"https:\/\/vgi.krtk.hu\/en\/publikacio\/szigetvari-t-centralization-in-the-hungarian-administrative-system\/","og_locale":"en_US","og_type":"article","og_title":"Szigetv\u00e1ri, T.: Centralization in the Hungarian Administrative System - VGI","og_description":"Centralization in the Hungarian Administrative System &nbsp; Author: Tam\u00e1s Szigetv\u00e1ri In: Adam E. Nir (ed.): Centralization: Costs and Benefits. New York: Nova Science Publishers, 2023, pp. 167-189. &nbsp; Book abstract The book brings an array of viewpoints coming from different contexts and disciplinary perspectives testifying to the benefit and drawbacks of centralized administration and control. [&hellip;]","og_url":"https:\/\/vgi.krtk.hu\/en\/publikacio\/szigetvari-t-centralization-in-the-hungarian-administrative-system\/","og_site_name":"VGI","article_modified_time":"2023-05-15T07:03:21+00:00","og_image":[{"width":823,"height":1100,"url":"https:\/\/vgi.krtk.hu\/wp-content\/uploads\/2023\/05\/Szigetvari_Nova.gif","type":"image\/gif"}],"twitter_card":"summary_large_image","twitter_misc":{"Est. reading time":"1 minute"},"schema":{"@context":"https:\/\/schema.org","@graph":[{"@type":"WebPage","@id":"https:\/\/vgi.krtk.hu\/en\/publikacio\/szigetvari-t-centralization-in-the-hungarian-administrative-system\/","url":"https:\/\/vgi.krtk.hu\/en\/publikacio\/szigetvari-t-centralization-in-the-hungarian-administrative-system\/","name":"Szigetv\u00e1ri, T.: Centralization in the Hungarian Administrative System - VGI","isPartOf":{"@id":"https:\/\/vgi.krtk.hu\/#website"},"primaryImageOfPage":{"@id":"https:\/\/vgi.krtk.hu\/en\/publikacio\/szigetvari-t-centralization-in-the-hungarian-administrative-system\/#primaryimage"},"image":{"@id":"https:\/\/vgi.krtk.hu\/en\/publikacio\/szigetvari-t-centralization-in-the-hungarian-administrative-system\/#primaryimage"},"thumbnailUrl":"https:\/\/vgi.krtk.hu\/wp-content\/uploads\/2023\/05\/Szigetvari_Nova.gif","datePublished":"2023-05-15T07:00:47+00:00","dateModified":"2023-05-15T07:03:21+00:00","inLanguage":"en-US","potentialAction":[{"@type":"ReadAction","target":["https:\/\/vgi.krtk.hu\/en\/publikacio\/szigetvari-t-centralization-in-the-hungarian-administrative-system\/"]}]},{"@type":"ImageObject","inLanguage":"en-US","@id":"https:\/\/vgi.krtk.hu\/en\/publikacio\/szigetvari-t-centralization-in-the-hungarian-administrative-system\/#primaryimage","url":"https:\/\/vgi.krtk.hu\/wp-content\/uploads\/2023\/05\/Szigetvari_Nova.gif","contentUrl":"https:\/\/vgi.krtk.hu\/wp-content\/uploads\/2023\/05\/Szigetvari_Nova.gif","width":823,"height":1100},{"@type":"WebSite","@id":"https:\/\/vgi.krtk.hu\/#website","url":"https:\/\/vgi.krtk.hu\/","name":"VGI","description":"Vil\u00e1ggazdas\u00e1gi Int\u00e9zet","publisher":{"@id":"https:\/\/vgi.krtk.hu\/#organization"},"potentialAction":[{"@type":"SearchAction","target":{"@type":"EntryPoint","urlTemplate":"https:\/\/vgi.krtk.hu\/?s={search_term_string}"},"query-input":{"@type":"PropertyValueSpecification","valueRequired":true,"valueName":"search_term_string"}}],"inLanguage":"en-US"},{"@type":"Organization","@id":"https:\/\/vgi.krtk.hu\/#organization","name":"VGI","url":"https:\/\/vgi.krtk.hu\/","logo":{"@type":"ImageObject","inLanguage":"en-US","@id":"https:\/\/vgi.krtk.hu\/#\/schema\/logo\/image\/","url":"https:\/\/vgi.krtk.hu\/wp-content\/uploads\/2022\/08\/cropped-Group-960-1.png","contentUrl":"https:\/\/vgi.krtk.hu\/wp-content\/uploads\/2022\/08\/cropped-Group-960-1.png","width":199,"height":57,"caption":"VGI"},"image":{"@id":"https:\/\/vgi.krtk.hu\/#\/schema\/logo\/image\/"}}]}},"_links":{"self":[{"href":"https:\/\/vgi.krtk.hu\/en\/wp-json\/wp\/v2\/publikacio\/9105","targetHints":{"allow":["GET"]}}],"collection":[{"href":"https:\/\/vgi.krtk.hu\/en\/wp-json\/wp\/v2\/publikacio"}],"about":[{"href":"https:\/\/vgi.krtk.hu\/en\/wp-json\/wp\/v2\/types\/publikacio"}],"wp:featuredmedia":[{"embeddable":true,"href":"https:\/\/vgi.krtk.hu\/en\/wp-json\/wp\/v2\/media\/9104"}],"wp:attachment":[{"href":"https:\/\/vgi.krtk.hu\/en\/wp-json\/wp\/v2\/media?parent=9105"}],"wp:term":[{"taxonomy":"category","embeddable":true,"href":"https:\/\/vgi.krtk.hu\/en\/wp-json\/wp\/v2\/categories?post=9105"},{"taxonomy":"post_tag","embeddable":true,"href":"https:\/\/vgi.krtk.hu\/en\/wp-json\/wp\/v2\/tags?post=9105"}],"curies":[{"name":"wp","href":"https:\/\/api.w.org\/{rel}","templated":true}]}}

Szigetvári, T.: Centralization in the Hungarian Administrative System

<h1>Centralization in the Hungarian Administrative System</h1>
<p>&nbsp;</p>
<p>Author: <a href="https://vgi.krtk.hu/en/colleague/tamas-szigetvari/">Tamás Szigetvári</a></p>
<p>In: Adam E. Nir (ed.): Centralization: Costs and Benefits. New York: Nova Science Publishers, 2023, pp. 167-189.</p>
<p>&nbsp;</p>
<h2>Book abstract</h2>
<p style="text-align: justify;">The book brings an array of viewpoints coming from different contexts and disciplinary perspectives testifying to the benefit and drawbacks of centralized administration and control. Some of the chapters focus on particular national contexts attempting to assess the impact of centralized government in terms of benefits and limitations for national development and prosperity. Other chapters focus on the impact of centralization on specific issues such as crisis management, educational policy or public administration, discussing the extent to which centralized control may promote or undermine their effective management.</p>
<p>&nbsp;</p>

<p>Centralization in the Hungarian Administrative System &nbsp; Author: Tamás Szigetvári In: Adam E. Nir (ed.): Centralization: Costs and Benefits. New York: Nova Science Publishers, 2023, pp. 167-189. &nbsp; Book abstract The book brings an array of viewpoints coming from different contexts and disciplinary perspectives testifying to the benefit and drawbacks of centralized administration and control. [&hellip;]</p>

<!-- This site is optimized with the Yoast SEO plugin v25.1 - https://yoast.com/wordpress/plugins/seo/ -->
<title>Szigetvári, T.: Centralization in the Hungarian Administrative System - VGI</title>
<meta name="robots" content="index, follow, max-snippet:-1, max-image-preview:large, max-video-preview:-1" />
<link rel="canonical" href="https://vgi.krtk.hu/en/publikacio/szigetvari-t-centralization-in-the-hungarian-administrative-system/" />
<meta property="og:locale" content="en_US" />
<meta property="og:type" content="article" />
<meta property="og:title" content="Szigetvári, T.: Centralization in the Hungarian Administrative System - VGI" />
<meta property="og:description" content="Centralization in the Hungarian Administrative System &nbsp; Author: Tamás Szigetvári In: Adam E. Nir (ed.): Centralization: Costs and Benefits. New York: Nova Science Publishers, 2023, pp. 167-189. &nbsp; Book abstract The book brings an array of viewpoints coming from different contexts and disciplinary perspectives testifying to the benefit and drawbacks of centralized administration and control. [&hellip;]" />
<meta property="og:url" content="https://vgi.krtk.hu/en/publikacio/szigetvari-t-centralization-in-the-hungarian-administrative-system/" />
<meta property="og:site_name" content="VGI" />
<meta property="article:modified_time" content="2023-05-15T07:03:21+00:00" />
<meta property="og:image" content="https://vgi.krtk.hu/wp-content/uploads/2023/05/Szigetvari_Nova.gif" />
	<meta property="og:image:width" content="823" />
	<meta property="og:image:height" content="1100" />
	<meta property="og:image:type" content="image/gif" />
<meta name="twitter:card" content="summary_large_image" />
<meta name="twitter:label1" content="Est. reading time" />
	<meta name="twitter:data1" content="1 minute" />
<script type="application/ld+json" class="yoast-schema-graph">{"@context":"https://schema.org","@graph":[{"@type":"WebPage","@id":"https://vgi.krtk.hu/en/publikacio/szigetvari-t-centralization-in-the-hungarian-administrative-system/","url":"https://vgi.krtk.hu/en/publikacio/szigetvari-t-centralization-in-the-hungarian-administrative-system/","name":"Szigetvári, T.: Centralization in the Hungarian Administrative System - VGI","isPartOf":{"@id":"https://vgi.krtk.hu/#website"},"primaryImageOfPage":{"@id":"https://vgi.krtk.hu/en/publikacio/szigetvari-t-centralization-in-the-hungarian-administrative-system/#primaryimage"},"image":{"@id":"https://vgi.krtk.hu/en/publikacio/szigetvari-t-centralization-in-the-hungarian-administrative-system/#primaryimage"},"thumbnailUrl":"https://vgi.krtk.hu/wp-content/uploads/2023/05/Szigetvari_Nova.gif","datePublished":"2023-05-15T07:00:47+00:00","dateModified":"2023-05-15T07:03:21+00:00","inLanguage":"en-US","potentialAction":[{"@type":"ReadAction","target":["https://vgi.krtk.hu/en/publikacio/szigetvari-t-centralization-in-the-hungarian-administrative-system/"]}]},{"@type":"ImageObject","inLanguage":"en-US","@id":"https://vgi.krtk.hu/en/publikacio/szigetvari-t-centralization-in-the-hungarian-administrative-system/#primaryimage","url":"https://vgi.krtk.hu/wp-content/uploads/2023/05/Szigetvari_Nova.gif","contentUrl":"https://vgi.krtk.hu/wp-content/uploads/2023/05/Szigetvari_Nova.gif","width":823,"height":1100},{"@type":"WebSite","@id":"https://vgi.krtk.hu/#website","url":"https://vgi.krtk.hu/","name":"VGI","description":"Világgazdasági Intézet","publisher":{"@id":"https://vgi.krtk.hu/#organization"},"potentialAction":[{"@type":"SearchAction","target":{"@type":"EntryPoint","urlTemplate":"https://vgi.krtk.hu/?s={search_term_string}"},"query-input":{"@type":"PropertyValueSpecification","valueRequired":true,"valueName":"search_term_string"}}],"inLanguage":"en-US"},{"@type":"Organization","@id":"https://vgi.krtk.hu/#organization","name":"VGI","url":"https://vgi.krtk.hu/","logo":{"@type":"ImageObject","inLanguage":"en-US","@id":"https://vgi.krtk.hu/#/schema/logo/image/","url":"https://vgi.krtk.hu/wp-content/uploads/2022/08/cropped-Group-960-1.png","contentUrl":"https://vgi.krtk.hu/wp-content/uploads/2022/08/cropped-Group-960-1.png","width":199,"height":57,"caption":"VGI"},"image":{"@id":"https://vgi.krtk.hu/#/schema/logo/image/"}}]}</script>
<!-- / Yoast SEO plugin. -->

Szigetvári, T.: Centralization in the Hungarian Administrative System - VGI

Centralization in the Hungarian Administrative System &nbsp; Author: Tamás Szigetvári In: Adam E. Nir (ed.): Centralization: Costs and Benefits. New York: Nova Science Publishers, 2023, pp. 167-189. &nbsp; Book abstract The book brings an array of viewpoints coming from different contexts and disciplinary perspectives testifying to the benefit and drawbacks of centralized administration and control. [&hellip;]

Világgazdasági Intézet
