{"id":9585,"date":"2024-01-10T09:51:01","date_gmt":"2024-01-10T09:51:01","guid":{"rendered":"https:\/\/vgi.krtk.hu\/?post_type=publikacio&#038;p=9585"},"modified":"2024-01-10T09:57:35","modified_gmt":"2024-01-10T09:57:35","slug":"czina-v-szigetvari-t-tury-g-enlargement-at-all-costs-a-view-from-hungary","status":"publish","type":"publikacio","link":"https:\/\/vgi.krtk.hu\/en\/publikacio\/czina-v-szigetvari-t-tury-g-enlargement-at-all-costs-a-view-from-hungary\/","title":{"rendered":"Czina, V., Szigetv\u00e1ri, T., T\u00fary, G.: Enlargement at All Costs? A View from Hungary"},"content":{"rendered":"<h1>Enlargement at All Costs? A View from Hungary<\/h1>\n<p>&nbsp;<\/p>\n<p>Authors: <a href=\"https:\/\/vgi.krtk.hu\/en\/colleague\/veronika-czina\/\">Veronika Czina<\/a>, <a href=\"https:\/\/vgi.krtk.hu\/en\/colleague\/tamas-szigetvari\/\">Tam\u00e1s Szigetv\u00e1ri<\/a>, <a href=\"https:\/\/vgi.krtk.hu\/en\/colleague\/tury-gabor\/\">G\u00e1bor T\u00fary<\/a><\/p>\n<p>In: Kaeding, M., Pollak, J., Schmidt, P. (eds) <em>Enlargement and the Future of Europe<\/em>. Springer, Cham, (2023). pp. 55-59.<\/p>\n<p>DOI: <a href=\"https:\/\/doi.org\/10.1007\/978-3-031-43234-7_13\">https:\/\/doi.org\/10.1007\/978-3-031-43234-7_13<\/a><\/p>\n<p>&nbsp;<\/p>\n<h1>Abstract<\/h1>\n<p style=\"text-align: justify;\">The current Hungarian foreign policy is committed to the\u00a0integration of the Western Balkan countries and has been supportive in this regard ever since the country first gained European Union (EU) Membership in 2004. Hungary borders the Western Balkans and hence the region\u2019s stability is crucial in both political and economic senses. However, compared to its previous strategy, the EU is now more cautious, preferring a stricter conditionality and slower accession for (potential) candidate countries. By contrast, Hungary is keen to speed up enlargement and would not only want to accelerate the process, but would also prefer to ease accession conditions. Nevertheless, it is recognised that rapid enlargement could undermine the entire European integration project\u2019s internal cohesion and thus do more harm than good.<\/p>\n","protected":false},"excerpt":{"rendered":"<p>Enlargement at All Costs? A View from Hungary &nbsp; Authors: Veronika Czina, Tam\u00e1s Szigetv\u00e1ri, G\u00e1bor T\u00fary In: Kaeding, M., Pollak, J., Schmidt, P. (eds) Enlargement and the Future of Europe. Springer, Cham, (2023). pp. 55-59. DOI: https:\/\/doi.org\/10.1007\/978-3-031-43234-7_13 &nbsp; Abstract The current Hungarian foreign policy is committed to the\u00a0integration of the Western Balkan countries and has [&hellip;]<\/p>\n","protected":false},"featured_media":9584,"template":"","meta":{"_acf_changed":false,"inline_featured_image":false,"_links_to":"","_links_to_target":""},"categories":[104,100],"tags":[280,281,282,247,176,160,217,218,175,279,289],"class_list":["post-9585","publikacio","type-publikacio","status-publish","has-post-thumbnail","hentry","category-external-publications","category-publications","tag-czina","tag-enlargement","tag-eu","tag-european-union","tag-gabor-tury-en","tag-hungary-en","tag-szigetvari-en","tag-tamas-szigetvari-en","tag-tury-en","tag-veronika-czina","tag-western-balkan-en"],"acf":[],"yoast_head":"<!-- This site is optimized with the Yoast SEO plugin v25.1 - https:\/\/yoast.com\/wordpress\/plugins\/seo\/ -->\n<title>Czina, V., Szigetv\u00e1ri, T., T\u00fary, G.: Enlargement at All Costs? A View from Hungary - VGI<\/title>\n<meta name=\"robots\" content=\"index, follow, max-snippet:-1, max-image-preview:large, max-video-preview:-1\" \/>\n<link rel=\"canonical\" href=\"https:\/\/vgi.krtk.hu\/en\/publikacio\/czina-v-szigetvari-t-tury-g-enlargement-at-all-costs-a-view-from-hungary\/\" \/>\n<meta property=\"og:locale\" content=\"en_US\" \/>\n<meta property=\"og:type\" content=\"article\" \/>\n<meta property=\"og:title\" content=\"Czina, V., Szigetv\u00e1ri, T., T\u00fary, G.: Enlargement at All Costs? A View from Hungary - VGI\" \/>\n<meta property=\"og:description\" content=\"Enlargement at All Costs? A View from Hungary &nbsp; Authors: Veronika Czina, Tam\u00e1s Szigetv\u00e1ri, G\u00e1bor T\u00fary In: Kaeding, M., Pollak, J., Schmidt, P. (eds) Enlargement and the Future of Europe. Springer, Cham, (2023). pp. 55-59. DOI: https:\/\/doi.org\/10.1007\/978-3-031-43234-7_13 &nbsp; Abstract The current Hungarian foreign policy is committed to the\u00a0integration of the Western Balkan countries and has [&hellip;]\" \/>\n<meta property=\"og:url\" content=\"https:\/\/vgi.krtk.hu\/en\/publikacio\/czina-v-szigetvari-t-tury-g-enlargement-at-all-costs-a-view-from-hungary\/\" \/>\n<meta property=\"og:site_name\" content=\"VGI\" \/>\n<meta property=\"article:modified_time\" content=\"2024-01-10T09:57:35+00:00\" \/>\n<meta property=\"og:image\" content=\"https:\/\/vgi.krtk.hu\/wp-content\/uploads\/2024\/01\/EnlargementandtheFutureofEurope.gif\" \/>\n\t<meta property=\"og:image:width\" content=\"823\" \/>\n\t<meta property=\"og:image:height\" content=\"1100\" \/>\n\t<meta property=\"og:image:type\" content=\"image\/gif\" \/>\n<meta name=\"twitter:card\" content=\"summary_large_image\" \/>\n<meta name=\"twitter:label1\" content=\"Est. reading time\" \/>\n\t<meta name=\"twitter:data1\" content=\"1 minute\" \/>\n<script type=\"application\/ld+json\" class=\"yoast-schema-graph\">{\"@context\":\"https:\/\/schema.org\",\"@graph\":[{\"@type\":\"WebPage\",\"@id\":\"https:\/\/vgi.krtk.hu\/en\/publikacio\/czina-v-szigetvari-t-tury-g-enlargement-at-all-costs-a-view-from-hungary\/\",\"url\":\"https:\/\/vgi.krtk.hu\/en\/publikacio\/czina-v-szigetvari-t-tury-g-enlargement-at-all-costs-a-view-from-hungary\/\",\"name\":\"Czina, V., Szigetv\u00e1ri, T., T\u00fary, G.: Enlargement at All Costs? A View from Hungary - VGI\",\"isPartOf\":{\"@id\":\"https:\/\/vgi.krtk.hu\/#website\"},\"primaryImageOfPage\":{\"@id\":\"https:\/\/vgi.krtk.hu\/en\/publikacio\/czina-v-szigetvari-t-tury-g-enlargement-at-all-costs-a-view-from-hungary\/#primaryimage\"},\"image\":{\"@id\":\"https:\/\/vgi.krtk.hu\/en\/publikacio\/czina-v-szigetvari-t-tury-g-enlargement-at-all-costs-a-view-from-hungary\/#primaryimage\"},\"thumbnailUrl\":\"https:\/\/vgi.krtk.hu\/wp-content\/uploads\/2024\/01\/EnlargementandtheFutureofEurope.gif\",\"datePublished\":\"2024-01-10T09:51:01+00:00\",\"dateModified\":\"2024-01-10T09:57:35+00:00\",\"inLanguage\":\"en-US\",\"potentialAction\":[{\"@type\":\"ReadAction\",\"target\":[\"https:\/\/vgi.krtk.hu\/en\/publikacio\/czina-v-szigetvari-t-tury-g-enlargement-at-all-costs-a-view-from-hungary\/\"]}]},{\"@type\":\"ImageObject\",\"inLanguage\":\"en-US\",\"@id\":\"https:\/\/vgi.krtk.hu\/en\/publikacio\/czina-v-szigetvari-t-tury-g-enlargement-at-all-costs-a-view-from-hungary\/#primaryimage\",\"url\":\"https:\/\/vgi.krtk.hu\/wp-content\/uploads\/2024\/01\/EnlargementandtheFutureofEurope.gif\",\"contentUrl\":\"https:\/\/vgi.krtk.hu\/wp-content\/uploads\/2024\/01\/EnlargementandtheFutureofEurope.gif\",\"width\":823,\"height\":1100},{\"@type\":\"WebSite\",\"@id\":\"https:\/\/vgi.krtk.hu\/#website\",\"url\":\"https:\/\/vgi.krtk.hu\/\",\"name\":\"VGI\",\"description\":\"Vil\u00e1ggazdas\u00e1gi Int\u00e9zet\",\"publisher\":{\"@id\":\"https:\/\/vgi.krtk.hu\/#organization\"},\"potentialAction\":[{\"@type\":\"SearchAction\",\"target\":{\"@type\":\"EntryPoint\",\"urlTemplate\":\"https:\/\/vgi.krtk.hu\/?s={search_term_string}\"},\"query-input\":{\"@type\":\"PropertyValueSpecification\",\"valueRequired\":true,\"valueName\":\"search_term_string\"}}],\"inLanguage\":\"en-US\"},{\"@type\":\"Organization\",\"@id\":\"https:\/\/vgi.krtk.hu\/#organization\",\"name\":\"VGI\",\"url\":\"https:\/\/vgi.krtk.hu\/\",\"logo\":{\"@type\":\"ImageObject\",\"inLanguage\":\"en-US\",\"@id\":\"https:\/\/vgi.krtk.hu\/#\/schema\/logo\/image\/\",\"url\":\"https:\/\/vgi.krtk.hu\/wp-content\/uploads\/2022\/08\/cropped-Group-960-1.png\",\"contentUrl\":\"https:\/\/vgi.krtk.hu\/wp-content\/uploads\/2022\/08\/cropped-Group-960-1.png\",\"width\":199,\"height\":57,\"caption\":\"VGI\"},\"image\":{\"@id\":\"https:\/\/vgi.krtk.hu\/#\/schema\/logo\/image\/\"}}]}<\/script>\n<!-- \/ Yoast SEO plugin. -->","yoast_head_json":{"title":"Czina, V., Szigetv\u00e1ri, T., T\u00fary, G.: Enlargement at All Costs? A View from Hungary - VGI","robots":{"index":"index","follow":"follow","max-snippet":"max-snippet:-1","max-image-preview":"max-image-preview:large","max-video-preview":"max-video-preview:-1"},"canonical":"https:\/\/vgi.krtk.hu\/en\/publikacio\/czina-v-szigetvari-t-tury-g-enlargement-at-all-costs-a-view-from-hungary\/","og_locale":"en_US","og_type":"article","og_title":"Czina, V., Szigetv\u00e1ri, T., T\u00fary, G.: Enlargement at All Costs? A View from Hungary - VGI","og_description":"Enlargement at All Costs? A View from Hungary &nbsp; Authors: Veronika Czina, Tam\u00e1s Szigetv\u00e1ri, G\u00e1bor T\u00fary In: Kaeding, M., Pollak, J., Schmidt, P. (eds) Enlargement and the Future of Europe. Springer, Cham, (2023). pp. 55-59. DOI: https:\/\/doi.org\/10.1007\/978-3-031-43234-7_13 &nbsp; Abstract The current Hungarian foreign policy is committed to the\u00a0integration of the Western Balkan countries and has [&hellip;]","og_url":"https:\/\/vgi.krtk.hu\/en\/publikacio\/czina-v-szigetvari-t-tury-g-enlargement-at-all-costs-a-view-from-hungary\/","og_site_name":"VGI","article_modified_time":"2024-01-10T09:57:35+00:00","og_image":[{"width":823,"height":1100,"url":"https:\/\/vgi.krtk.hu\/wp-content\/uploads\/2024\/01\/EnlargementandtheFutureofEurope.gif","type":"image\/gif"}],"twitter_card":"summary_large_image","twitter_misc":{"Est. reading time":"1 minute"},"schema":{"@context":"https:\/\/schema.org","@graph":[{"@type":"WebPage","@id":"https:\/\/vgi.krtk.hu\/en\/publikacio\/czina-v-szigetvari-t-tury-g-enlargement-at-all-costs-a-view-from-hungary\/","url":"https:\/\/vgi.krtk.hu\/en\/publikacio\/czina-v-szigetvari-t-tury-g-enlargement-at-all-costs-a-view-from-hungary\/","name":"Czina, V., Szigetv\u00e1ri, T., T\u00fary, G.: Enlargement at All Costs? A View from Hungary - VGI","isPartOf":{"@id":"https:\/\/vgi.krtk.hu\/#website"},"primaryImageOfPage":{"@id":"https:\/\/vgi.krtk.hu\/en\/publikacio\/czina-v-szigetvari-t-tury-g-enlargement-at-all-costs-a-view-from-hungary\/#primaryimage"},"image":{"@id":"https:\/\/vgi.krtk.hu\/en\/publikacio\/czina-v-szigetvari-t-tury-g-enlargement-at-all-costs-a-view-from-hungary\/#primaryimage"},"thumbnailUrl":"https:\/\/vgi.krtk.hu\/wp-content\/uploads\/2024\/01\/EnlargementandtheFutureofEurope.gif","datePublished":"2024-01-10T09:51:01+00:00","dateModified":"2024-01-10T09:57:35+00:00","inLanguage":"en-US","potentialAction":[{"@type":"ReadAction","target":["https:\/\/vgi.krtk.hu\/en\/publikacio\/czina-v-szigetvari-t-tury-g-enlargement-at-all-costs-a-view-from-hungary\/"]}]},{"@type":"ImageObject","inLanguage":"en-US","@id":"https:\/\/vgi.krtk.hu\/en\/publikacio\/czina-v-szigetvari-t-tury-g-enlargement-at-all-costs-a-view-from-hungary\/#primaryimage","url":"https:\/\/vgi.krtk.hu\/wp-content\/uploads\/2024\/01\/EnlargementandtheFutureofEurope.gif","contentUrl":"https:\/\/vgi.krtk.hu\/wp-content\/uploads\/2024\/01\/EnlargementandtheFutureofEurope.gif","width":823,"height":1100},{"@type":"WebSite","@id":"https:\/\/vgi.krtk.hu\/#website","url":"https:\/\/vgi.krtk.hu\/","name":"VGI","description":"Vil\u00e1ggazdas\u00e1gi Int\u00e9zet","publisher":{"@id":"https:\/\/vgi.krtk.hu\/#organization"},"potentialAction":[{"@type":"SearchAction","target":{"@type":"EntryPoint","urlTemplate":"https:\/\/vgi.krtk.hu\/?s={search_term_string}"},"query-input":{"@type":"PropertyValueSpecification","valueRequired":true,"valueName":"search_term_string"}}],"inLanguage":"en-US"},{"@type":"Organization","@id":"https:\/\/vgi.krtk.hu\/#organization","name":"VGI","url":"https:\/\/vgi.krtk.hu\/","logo":{"@type":"ImageObject","inLanguage":"en-US","@id":"https:\/\/vgi.krtk.hu\/#\/schema\/logo\/image\/","url":"https:\/\/vgi.krtk.hu\/wp-content\/uploads\/2022\/08\/cropped-Group-960-1.png","contentUrl":"https:\/\/vgi.krtk.hu\/wp-content\/uploads\/2022\/08\/cropped-Group-960-1.png","width":199,"height":57,"caption":"VGI"},"image":{"@id":"https:\/\/vgi.krtk.hu\/#\/schema\/logo\/image\/"}}]}},"_links":{"self":[{"href":"https:\/\/vgi.krtk.hu\/en\/wp-json\/wp\/v2\/publikacio\/9585","targetHints":{"allow":["GET"]}}],"collection":[{"href":"https:\/\/vgi.krtk.hu\/en\/wp-json\/wp\/v2\/publikacio"}],"about":[{"href":"https:\/\/vgi.krtk.hu\/en\/wp-json\/wp\/v2\/types\/publikacio"}],"wp:featuredmedia":[{"embeddable":true,"href":"https:\/\/vgi.krtk.hu\/en\/wp-json\/wp\/v2\/media\/9584"}],"wp:attachment":[{"href":"https:\/\/vgi.krtk.hu\/en\/wp-json\/wp\/v2\/media?parent=9585"}],"wp:term":[{"taxonomy":"category","embeddable":true,"href":"https:\/\/vgi.krtk.hu\/en\/wp-json\/wp\/v2\/categories?post=9585"},{"taxonomy":"post_tag","embeddable":true,"href":"https:\/\/vgi.krtk.hu\/en\/wp-json\/wp\/v2\/tags?post=9585"}],"curies":[{"name":"wp","href":"https:\/\/api.w.org\/{rel}","templated":true}]}}

Czina, V., Szigetvári, T., Túry, G.: Enlargement at All Costs? A View from Hungary

<h1>Enlargement at All Costs? A View from Hungary</h1>
<p>&nbsp;</p>
<p>Authors: <a href="https://vgi.krtk.hu/en/colleague/veronika-czina/">Veronika Czina</a>, <a href="https://vgi.krtk.hu/en/colleague/tamas-szigetvari/">Tamás Szigetvári</a>, <a href="https://vgi.krtk.hu/en/colleague/tury-gabor/">Gábor Túry</a></p>
<p>In: Kaeding, M., Pollak, J., Schmidt, P. (eds) <em>Enlargement and the Future of Europe</em>. Springer, Cham, (2023). pp. 55-59.</p>
<p>DOI: <a href="https://doi.org/10.1007/978-3-031-43234-7_13">https://doi.org/10.1007/978-3-031-43234-7_13</a></p>
<p>&nbsp;</p>
<h1>Abstract</h1>
<p style="text-align: justify;">The current Hungarian foreign policy is committed to the integration of the Western Balkan countries and has been supportive in this regard ever since the country first gained European Union (EU) Membership in 2004. Hungary borders the Western Balkans and hence the region’s stability is crucial in both political and economic senses. However, compared to its previous strategy, the EU is now more cautious, preferring a stricter conditionality and slower accession for (potential) candidate countries. By contrast, Hungary is keen to speed up enlargement and would not only want to accelerate the process, but would also prefer to ease accession conditions. Nevertheless, it is recognised that rapid enlargement could undermine the entire European integration project’s internal cohesion and thus do more harm than good.</p>

<p>Enlargement at All Costs? A View from Hungary &nbsp; Authors: Veronika Czina, Tamás Szigetvári, Gábor Túry In: Kaeding, M., Pollak, J., Schmidt, P. (eds) Enlargement and the Future of Europe. Springer, Cham, (2023). pp. 55-59. DOI: https://doi.org/10.1007/978-3-031-43234-7_13 &nbsp; Abstract The current Hungarian foreign policy is committed to the integration of the Western Balkan countries and has [&hellip;]</p>

<!-- This site is optimized with the Yoast SEO plugin v25.1 - https://yoast.com/wordpress/plugins/seo/ -->
<title>Czina, V., Szigetvári, T., Túry, G.: Enlargement at All Costs? A View from Hungary - VGI</title>
<meta name="robots" content="index, follow, max-snippet:-1, max-image-preview:large, max-video-preview:-1" />
<link rel="canonical" href="https://vgi.krtk.hu/en/publikacio/czina-v-szigetvari-t-tury-g-enlargement-at-all-costs-a-view-from-hungary/" />
<meta property="og:locale" content="en_US" />
<meta property="og:type" content="article" />
<meta property="og:title" content="Czina, V., Szigetvári, T., Túry, G.: Enlargement at All Costs? A View from Hungary - VGI" />
<meta property="og:description" content="Enlargement at All Costs? A View from Hungary &nbsp; Authors: Veronika Czina, Tamás Szigetvári, Gábor Túry In: Kaeding, M., Pollak, J., Schmidt, P. (eds) Enlargement and the Future of Europe. Springer, Cham, (2023). pp. 55-59. DOI: https://doi.org/10.1007/978-3-031-43234-7_13 &nbsp; Abstract The current Hungarian foreign policy is committed to the integration of the Western Balkan countries and has [&hellip;]" />
<meta property="og:url" content="https://vgi.krtk.hu/en/publikacio/czina-v-szigetvari-t-tury-g-enlargement-at-all-costs-a-view-from-hungary/" />
<meta property="og:site_name" content="VGI" />
<meta property="article:modified_time" content="2024-01-10T09:57:35+00:00" />
<meta property="og:image" content="https://vgi.krtk.hu/wp-content/uploads/2024/01/EnlargementandtheFutureofEurope.gif" />
	<meta property="og:image:width" content="823" />
	<meta property="og:image:height" content="1100" />
	<meta property="og:image:type" content="image/gif" />
<meta name="twitter:card" content="summary_large_image" />
<meta name="twitter:label1" content="Est. reading time" />
	<meta name="twitter:data1" content="1 minute" />
<script type="application/ld+json" class="yoast-schema-graph">{"@context":"https://schema.org","@graph":[{"@type":"WebPage","@id":"https://vgi.krtk.hu/en/publikacio/czina-v-szigetvari-t-tury-g-enlargement-at-all-costs-a-view-from-hungary/","url":"https://vgi.krtk.hu/en/publikacio/czina-v-szigetvari-t-tury-g-enlargement-at-all-costs-a-view-from-hungary/","name":"Czina, V., Szigetvári, T., Túry, G.: Enlargement at All Costs? A View from Hungary - VGI","isPartOf":{"@id":"https://vgi.krtk.hu/#website"},"primaryImageOfPage":{"@id":"https://vgi.krtk.hu/en/publikacio/czina-v-szigetvari-t-tury-g-enlargement-at-all-costs-a-view-from-hungary/#primaryimage"},"image":{"@id":"https://vgi.krtk.hu/en/publikacio/czina-v-szigetvari-t-tury-g-enlargement-at-all-costs-a-view-from-hungary/#primaryimage"},"thumbnailUrl":"https://vgi.krtk.hu/wp-content/uploads/2024/01/EnlargementandtheFutureofEurope.gif","datePublished":"2024-01-10T09:51:01+00:00","dateModified":"2024-01-10T09:57:35+00:00","inLanguage":"en-US","potentialAction":[{"@type":"ReadAction","target":["https://vgi.krtk.hu/en/publikacio/czina-v-szigetvari-t-tury-g-enlargement-at-all-costs-a-view-from-hungary/"]}]},{"@type":"ImageObject","inLanguage":"en-US","@id":"https://vgi.krtk.hu/en/publikacio/czina-v-szigetvari-t-tury-g-enlargement-at-all-costs-a-view-from-hungary/#primaryimage","url":"https://vgi.krtk.hu/wp-content/uploads/2024/01/EnlargementandtheFutureofEurope.gif","contentUrl":"https://vgi.krtk.hu/wp-content/uploads/2024/01/EnlargementandtheFutureofEurope.gif","width":823,"height":1100},{"@type":"WebSite","@id":"https://vgi.krtk.hu/#website","url":"https://vgi.krtk.hu/","name":"VGI","description":"Világgazdasági Intézet","publisher":{"@id":"https://vgi.krtk.hu/#organization"},"potentialAction":[{"@type":"SearchAction","target":{"@type":"EntryPoint","urlTemplate":"https://vgi.krtk.hu/?s={search_term_string}"},"query-input":{"@type":"PropertyValueSpecification","valueRequired":true,"valueName":"search_term_string"}}],"inLanguage":"en-US"},{"@type":"Organization","@id":"https://vgi.krtk.hu/#organization","name":"VGI","url":"https://vgi.krtk.hu/","logo":{"@type":"ImageObject","inLanguage":"en-US","@id":"https://vgi.krtk.hu/#/schema/logo/image/","url":"https://vgi.krtk.hu/wp-content/uploads/2022/08/cropped-Group-960-1.png","contentUrl":"https://vgi.krtk.hu/wp-content/uploads/2022/08/cropped-Group-960-1.png","width":199,"height":57,"caption":"VGI"},"image":{"@id":"https://vgi.krtk.hu/#/schema/logo/image/"}}]}</script>
<!-- / Yoast SEO plugin. -->

Czina, V., Szigetvári, T., Túry, G.: Enlargement at All Costs? A View from Hungary - VGI

Enlargement at All Costs? A View from Hungary &nbsp; Authors: Veronika Czina, Tamás Szigetvári, Gábor Túry In: Kaeding, M., Pollak, J., Schmidt, P. (eds) Enlargement and the Future of Europe. Springer, Cham, (2023). pp. 55-59. DOI: https://doi.org/10.1007/978-3-031-43234-7_13 &nbsp; Abstract The current Hungarian foreign policy is committed to the integration of the Western Balkan countries and has [&hellip;]

Világgazdasági Intézet
