{"id":9656,"date":"2024-02-08T08:18:11","date_gmt":"2024-02-08T08:18:11","guid":{"rendered":"https:\/\/vgi.krtk.hu\/?post_type=publikacio&#038;p=9656"},"modified":"2024-02-08T08:20:21","modified_gmt":"2024-02-08T08:20:21","slug":"medve-balint-g-elteto-a-economic-nationalists-regional-investment-aid-and-the-stability-of-fdi-led-growth-in-east-central-europe","status":"publish","type":"publikacio","link":"https:\/\/vgi.krtk.hu\/en\/publikacio\/medve-balint-g-elteto-a-economic-nationalists-regional-investment-aid-and-the-stability-of-fdi-led-growth-in-east-central-europe\/","title":{"rendered":"Medve-B\u00e1lint, G., \u00c9ltet\u0151, A.: Economic nationalists, regional investment aid, and the stability of FDI-led growth in East Central Europe"},"content":{"rendered":"<h1>Economic nationalists, regional investment aid, and the stability of FDI-led growth in East Central Europe<\/h1>\n<p>&nbsp;<\/p>\n<p>Authors: Gerg\u0151 Medve-B\u00e1lint, <a href=\"https:\/\/vgi.krtk.hu\/en\/colleague\/andrea-elteto\/\">Andrea \u00c9ltet\u0151<\/a><\/p>\n<p>In: <em>Journal of European Public Policy<\/em>, 2024<\/p>\n<p>DOI: <a href=\"https:\/\/doi.org\/10.1080\/13501763.2024.2305834\">10.1080\/13501763.2024.2305834<\/a><\/p>\n<p>&nbsp;<\/p>\n<h1>Abstract<\/h1>\n<p style=\"text-align: justify;\">Although economic nationalist governments in East Central Europe (ECE) have strongly challenged FDI-dependence, FDI-led growth has remained stable across the region. The political economy literature explains this puzzle with enduring business-state elite interactions and the disciplining role of the EU. Instead, we show that the EU\u2019s regional investment aid rules, which provide central governments in relatively backward member states with considerable policy space, serve as the main policy tool for reinforcing FDI-dependence. Using a unique dataset on regional investment aid granted between 2004 and 2022 in the Visegr\u00e1d countries (V4), we show that each government, regardless of its ideological background, granted the vast majority of this type of aid to foreign firms. In addition, contrary to their political rhetoric, economic nationalist governments in Hungary and Poland outperformed their non-nationalist counterparts in granting aid to foreign firms. This suggests an instrumental use of this transnationally rooted policy opportunity: as their European political isolation grew, economic nationalists increasingly resorted to the promotion of foreign firms because the continued inflow of foreign capital has a legitimising effect both at home and abroad.<\/p>\n","protected":false},"excerpt":{"rendered":"<p>Economic nationalists, regional investment aid, and the stability of FDI-led growth in East Central Europe &nbsp; Authors: Gerg\u0151 Medve-B\u00e1lint, Andrea \u00c9ltet\u0151 In: Journal of European Public Policy, 2024 DOI: 10.1080\/13501763.2024.2305834 &nbsp; Abstract Although economic nationalist governments in East Central Europe (ECE) have strongly challenged FDI-dependence, FDI-led growth has remained stable across the region. The political [&hellip;]<\/p>\n","protected":false},"featured_media":9654,"template":"","meta":{"_acf_changed":false,"inline_featured_image":false,"_links_to":"","_links_to_target":""},"categories":[104,100],"tags":[249,319,320,321,322,250,323,324],"class_list":["post-9656","publikacio","type-publikacio","status-publish","has-post-thumbnail","hentry","category-external-publications","category-publications","tag-andrea-elteto-en","tag-autocratic-hedging-en","tag-dependent-market-economy-en","tag-east-west-divide-en","tag-economic-nationalism-en","tag-elteto-en","tag-eu-state-aid-regime-en","tag-regional-investment-aid-en"],"acf":[],"yoast_head":"<!-- This site is optimized with the Yoast SEO plugin v25.1 - https:\/\/yoast.com\/wordpress\/plugins\/seo\/ -->\n<title>Medve-B\u00e1lint, G., \u00c9ltet\u0151, A.: Economic nationalists, regional investment aid, and the stability of FDI-led growth in East Central Europe - VGI<\/title>\n<meta name=\"robots\" content=\"index, follow, max-snippet:-1, max-image-preview:large, max-video-preview:-1\" \/>\n<link rel=\"canonical\" href=\"https:\/\/vgi.krtk.hu\/en\/publikacio\/medve-balint-g-elteto-a-economic-nationalists-regional-investment-aid-and-the-stability-of-fdi-led-growth-in-east-central-europe\/\" \/>\n<meta property=\"og:locale\" content=\"en_US\" \/>\n<meta property=\"og:type\" content=\"article\" \/>\n<meta property=\"og:title\" content=\"Medve-B\u00e1lint, G., \u00c9ltet\u0151, A.: Economic nationalists, regional investment aid, and the stability of FDI-led growth in East Central Europe - VGI\" \/>\n<meta property=\"og:description\" content=\"Economic nationalists, regional investment aid, and the stability of FDI-led growth in East Central Europe &nbsp; Authors: Gerg\u0151 Medve-B\u00e1lint, Andrea \u00c9ltet\u0151 In: Journal of European Public Policy, 2024 DOI: 10.1080\/13501763.2024.2305834 &nbsp; Abstract Although economic nationalist governments in East Central Europe (ECE) have strongly challenged FDI-dependence, FDI-led growth has remained stable across the region. The political [&hellip;]\" \/>\n<meta property=\"og:url\" content=\"https:\/\/vgi.krtk.hu\/en\/publikacio\/medve-balint-g-elteto-a-economic-nationalists-regional-investment-aid-and-the-stability-of-fdi-led-growth-in-east-central-europe\/\" \/>\n<meta property=\"og:site_name\" content=\"VGI\" \/>\n<meta property=\"article:modified_time\" content=\"2024-02-08T08:20:21+00:00\" \/>\n<meta property=\"og:image\" content=\"https:\/\/vgi.krtk.hu\/wp-content\/uploads\/2024\/02\/JournalofEuropeanPublicPolicy.gif\" \/>\n\t<meta property=\"og:image:width\" content=\"823\" \/>\n\t<meta property=\"og:image:height\" content=\"1100\" \/>\n\t<meta property=\"og:image:type\" content=\"image\/gif\" \/>\n<meta name=\"twitter:card\" content=\"summary_large_image\" \/>\n<meta name=\"twitter:label1\" content=\"Est. reading time\" \/>\n\t<meta name=\"twitter:data1\" content=\"2 minutes\" \/>\n<script type=\"application\/ld+json\" class=\"yoast-schema-graph\">{\"@context\":\"https:\/\/schema.org\",\"@graph\":[{\"@type\":\"WebPage\",\"@id\":\"https:\/\/vgi.krtk.hu\/en\/publikacio\/medve-balint-g-elteto-a-economic-nationalists-regional-investment-aid-and-the-stability-of-fdi-led-growth-in-east-central-europe\/\",\"url\":\"https:\/\/vgi.krtk.hu\/en\/publikacio\/medve-balint-g-elteto-a-economic-nationalists-regional-investment-aid-and-the-stability-of-fdi-led-growth-in-east-central-europe\/\",\"name\":\"Medve-B\u00e1lint, G., \u00c9ltet\u0151, A.: Economic nationalists, regional investment aid, and the stability of FDI-led growth in East Central Europe - VGI\",\"isPartOf\":{\"@id\":\"https:\/\/vgi.krtk.hu\/#website\"},\"primaryImageOfPage\":{\"@id\":\"https:\/\/vgi.krtk.hu\/en\/publikacio\/medve-balint-g-elteto-a-economic-nationalists-regional-investment-aid-and-the-stability-of-fdi-led-growth-in-east-central-europe\/#primaryimage\"},\"image\":{\"@id\":\"https:\/\/vgi.krtk.hu\/en\/publikacio\/medve-balint-g-elteto-a-economic-nationalists-regional-investment-aid-and-the-stability-of-fdi-led-growth-in-east-central-europe\/#primaryimage\"},\"thumbnailUrl\":\"https:\/\/vgi.krtk.hu\/wp-content\/uploads\/2024\/02\/JournalofEuropeanPublicPolicy.gif\",\"datePublished\":\"2024-02-08T08:18:11+00:00\",\"dateModified\":\"2024-02-08T08:20:21+00:00\",\"inLanguage\":\"en-US\",\"potentialAction\":[{\"@type\":\"ReadAction\",\"target\":[\"https:\/\/vgi.krtk.hu\/en\/publikacio\/medve-balint-g-elteto-a-economic-nationalists-regional-investment-aid-and-the-stability-of-fdi-led-growth-in-east-central-europe\/\"]}]},{\"@type\":\"ImageObject\",\"inLanguage\":\"en-US\",\"@id\":\"https:\/\/vgi.krtk.hu\/en\/publikacio\/medve-balint-g-elteto-a-economic-nationalists-regional-investment-aid-and-the-stability-of-fdi-led-growth-in-east-central-europe\/#primaryimage\",\"url\":\"https:\/\/vgi.krtk.hu\/wp-content\/uploads\/2024\/02\/JournalofEuropeanPublicPolicy.gif\",\"contentUrl\":\"https:\/\/vgi.krtk.hu\/wp-content\/uploads\/2024\/02\/JournalofEuropeanPublicPolicy.gif\",\"width\":823,\"height\":1100},{\"@type\":\"WebSite\",\"@id\":\"https:\/\/vgi.krtk.hu\/#website\",\"url\":\"https:\/\/vgi.krtk.hu\/\",\"name\":\"VGI\",\"description\":\"Vil\u00e1ggazdas\u00e1gi Int\u00e9zet\",\"publisher\":{\"@id\":\"https:\/\/vgi.krtk.hu\/#organization\"},\"potentialAction\":[{\"@type\":\"SearchAction\",\"target\":{\"@type\":\"EntryPoint\",\"urlTemplate\":\"https:\/\/vgi.krtk.hu\/?s={search_term_string}\"},\"query-input\":{\"@type\":\"PropertyValueSpecification\",\"valueRequired\":true,\"valueName\":\"search_term_string\"}}],\"inLanguage\":\"en-US\"},{\"@type\":\"Organization\",\"@id\":\"https:\/\/vgi.krtk.hu\/#organization\",\"name\":\"VGI\",\"url\":\"https:\/\/vgi.krtk.hu\/\",\"logo\":{\"@type\":\"ImageObject\",\"inLanguage\":\"en-US\",\"@id\":\"https:\/\/vgi.krtk.hu\/#\/schema\/logo\/image\/\",\"url\":\"https:\/\/vgi.krtk.hu\/wp-content\/uploads\/2022\/08\/cropped-Group-960-1.png\",\"contentUrl\":\"https:\/\/vgi.krtk.hu\/wp-content\/uploads\/2022\/08\/cropped-Group-960-1.png\",\"width\":199,\"height\":57,\"caption\":\"VGI\"},\"image\":{\"@id\":\"https:\/\/vgi.krtk.hu\/#\/schema\/logo\/image\/\"}}]}<\/script>\n<!-- \/ Yoast SEO plugin. -->","yoast_head_json":{"title":"Medve-B\u00e1lint, G., \u00c9ltet\u0151, A.: Economic nationalists, regional investment aid, and the stability of FDI-led growth in East Central Europe - VGI","robots":{"index":"index","follow":"follow","max-snippet":"max-snippet:-1","max-image-preview":"max-image-preview:large","max-video-preview":"max-video-preview:-1"},"canonical":"https:\/\/vgi.krtk.hu\/en\/publikacio\/medve-balint-g-elteto-a-economic-nationalists-regional-investment-aid-and-the-stability-of-fdi-led-growth-in-east-central-europe\/","og_locale":"en_US","og_type":"article","og_title":"Medve-B\u00e1lint, G., \u00c9ltet\u0151, A.: Economic nationalists, regional investment aid, and the stability of FDI-led growth in East Central Europe - VGI","og_description":"Economic nationalists, regional investment aid, and the stability of FDI-led growth in East Central Europe &nbsp; Authors: Gerg\u0151 Medve-B\u00e1lint, Andrea \u00c9ltet\u0151 In: Journal of European Public Policy, 2024 DOI: 10.1080\/13501763.2024.2305834 &nbsp; Abstract Although economic nationalist governments in East Central Europe (ECE) have strongly challenged FDI-dependence, FDI-led growth has remained stable across the region. The political [&hellip;]","og_url":"https:\/\/vgi.krtk.hu\/en\/publikacio\/medve-balint-g-elteto-a-economic-nationalists-regional-investment-aid-and-the-stability-of-fdi-led-growth-in-east-central-europe\/","og_site_name":"VGI","article_modified_time":"2024-02-08T08:20:21+00:00","og_image":[{"width":823,"height":1100,"url":"https:\/\/vgi.krtk.hu\/wp-content\/uploads\/2024\/02\/JournalofEuropeanPublicPolicy.gif","type":"image\/gif"}],"twitter_card":"summary_large_image","twitter_misc":{"Est. reading time":"2 minutes"},"schema":{"@context":"https:\/\/schema.org","@graph":[{"@type":"WebPage","@id":"https:\/\/vgi.krtk.hu\/en\/publikacio\/medve-balint-g-elteto-a-economic-nationalists-regional-investment-aid-and-the-stability-of-fdi-led-growth-in-east-central-europe\/","url":"https:\/\/vgi.krtk.hu\/en\/publikacio\/medve-balint-g-elteto-a-economic-nationalists-regional-investment-aid-and-the-stability-of-fdi-led-growth-in-east-central-europe\/","name":"Medve-B\u00e1lint, G., \u00c9ltet\u0151, A.: Economic nationalists, regional investment aid, and the stability of FDI-led growth in East Central Europe - VGI","isPartOf":{"@id":"https:\/\/vgi.krtk.hu\/#website"},"primaryImageOfPage":{"@id":"https:\/\/vgi.krtk.hu\/en\/publikacio\/medve-balint-g-elteto-a-economic-nationalists-regional-investment-aid-and-the-stability-of-fdi-led-growth-in-east-central-europe\/#primaryimage"},"image":{"@id":"https:\/\/vgi.krtk.hu\/en\/publikacio\/medve-balint-g-elteto-a-economic-nationalists-regional-investment-aid-and-the-stability-of-fdi-led-growth-in-east-central-europe\/#primaryimage"},"thumbnailUrl":"https:\/\/vgi.krtk.hu\/wp-content\/uploads\/2024\/02\/JournalofEuropeanPublicPolicy.gif","datePublished":"2024-02-08T08:18:11+00:00","dateModified":"2024-02-08T08:20:21+00:00","inLanguage":"en-US","potentialAction":[{"@type":"ReadAction","target":["https:\/\/vgi.krtk.hu\/en\/publikacio\/medve-balint-g-elteto-a-economic-nationalists-regional-investment-aid-and-the-stability-of-fdi-led-growth-in-east-central-europe\/"]}]},{"@type":"ImageObject","inLanguage":"en-US","@id":"https:\/\/vgi.krtk.hu\/en\/publikacio\/medve-balint-g-elteto-a-economic-nationalists-regional-investment-aid-and-the-stability-of-fdi-led-growth-in-east-central-europe\/#primaryimage","url":"https:\/\/vgi.krtk.hu\/wp-content\/uploads\/2024\/02\/JournalofEuropeanPublicPolicy.gif","contentUrl":"https:\/\/vgi.krtk.hu\/wp-content\/uploads\/2024\/02\/JournalofEuropeanPublicPolicy.gif","width":823,"height":1100},{"@type":"WebSite","@id":"https:\/\/vgi.krtk.hu\/#website","url":"https:\/\/vgi.krtk.hu\/","name":"VGI","description":"Vil\u00e1ggazdas\u00e1gi Int\u00e9zet","publisher":{"@id":"https:\/\/vgi.krtk.hu\/#organization"},"potentialAction":[{"@type":"SearchAction","target":{"@type":"EntryPoint","urlTemplate":"https:\/\/vgi.krtk.hu\/?s={search_term_string}"},"query-input":{"@type":"PropertyValueSpecification","valueRequired":true,"valueName":"search_term_string"}}],"inLanguage":"en-US"},{"@type":"Organization","@id":"https:\/\/vgi.krtk.hu\/#organization","name":"VGI","url":"https:\/\/vgi.krtk.hu\/","logo":{"@type":"ImageObject","inLanguage":"en-US","@id":"https:\/\/vgi.krtk.hu\/#\/schema\/logo\/image\/","url":"https:\/\/vgi.krtk.hu\/wp-content\/uploads\/2022\/08\/cropped-Group-960-1.png","contentUrl":"https:\/\/vgi.krtk.hu\/wp-content\/uploads\/2022\/08\/cropped-Group-960-1.png","width":199,"height":57,"caption":"VGI"},"image":{"@id":"https:\/\/vgi.krtk.hu\/#\/schema\/logo\/image\/"}}]}},"_links":{"self":[{"href":"https:\/\/vgi.krtk.hu\/en\/wp-json\/wp\/v2\/publikacio\/9656","targetHints":{"allow":["GET"]}}],"collection":[{"href":"https:\/\/vgi.krtk.hu\/en\/wp-json\/wp\/v2\/publikacio"}],"about":[{"href":"https:\/\/vgi.krtk.hu\/en\/wp-json\/wp\/v2\/types\/publikacio"}],"wp:featuredmedia":[{"embeddable":true,"href":"https:\/\/vgi.krtk.hu\/en\/wp-json\/wp\/v2\/media\/9654"}],"wp:attachment":[{"href":"https:\/\/vgi.krtk.hu\/en\/wp-json\/wp\/v2\/media?parent=9656"}],"wp:term":[{"taxonomy":"category","embeddable":true,"href":"https:\/\/vgi.krtk.hu\/en\/wp-json\/wp\/v2\/categories?post=9656"},{"taxonomy":"post_tag","embeddable":true,"href":"https:\/\/vgi.krtk.hu\/en\/wp-json\/wp\/v2\/tags?post=9656"}],"curies":[{"name":"wp","href":"https:\/\/api.w.org\/{rel}","templated":true}]}}

Medve-Bálint, G., Éltető, A.: Economic nationalists, regional investment aid, and the stability of FDI-led growth in East Central Europe

<h1>Economic nationalists, regional investment aid, and the stability of FDI-led growth in East Central Europe</h1>
<p>&nbsp;</p>
<p>Authors: Gergő Medve-Bálint, <a href="https://vgi.krtk.hu/en/colleague/andrea-elteto/">Andrea Éltető</a></p>
<p>In: <em>Journal of European Public Policy</em>, 2024</p>
<p>DOI: <a href="https://doi.org/10.1080/13501763.2024.2305834">10.1080/13501763.2024.2305834</a></p>
<p>&nbsp;</p>
<h1>Abstract</h1>
<p style="text-align: justify;">Although economic nationalist governments in East Central Europe (ECE) have strongly challenged FDI-dependence, FDI-led growth has remained stable across the region. The political economy literature explains this puzzle with enduring business-state elite interactions and the disciplining role of the EU. Instead, we show that the EU’s regional investment aid rules, which provide central governments in relatively backward member states with considerable policy space, serve as the main policy tool for reinforcing FDI-dependence. Using a unique dataset on regional investment aid granted between 2004 and 2022 in the Visegrád countries (V4), we show that each government, regardless of its ideological background, granted the vast majority of this type of aid to foreign firms. In addition, contrary to their political rhetoric, economic nationalist governments in Hungary and Poland outperformed their non-nationalist counterparts in granting aid to foreign firms. This suggests an instrumental use of this transnationally rooted policy opportunity: as their European political isolation grew, economic nationalists increasingly resorted to the promotion of foreign firms because the continued inflow of foreign capital has a legitimising effect both at home and abroad.</p>

<p>Economic nationalists, regional investment aid, and the stability of FDI-led growth in East Central Europe &nbsp; Authors: Gergő Medve-Bálint, Andrea Éltető In: Journal of European Public Policy, 2024 DOI: 10.1080/13501763.2024.2305834 &nbsp; Abstract Although economic nationalist governments in East Central Europe (ECE) have strongly challenged FDI-dependence, FDI-led growth has remained stable across the region. The political [&hellip;]</p>

<!-- This site is optimized with the Yoast SEO plugin v25.1 - https://yoast.com/wordpress/plugins/seo/ -->
<title>Medve-Bálint, G., Éltető, A.: Economic nationalists, regional investment aid, and the stability of FDI-led growth in East Central Europe - VGI</title>
<meta name="robots" content="index, follow, max-snippet:-1, max-image-preview:large, max-video-preview:-1" />
<link rel="canonical" href="https://vgi.krtk.hu/en/publikacio/medve-balint-g-elteto-a-economic-nationalists-regional-investment-aid-and-the-stability-of-fdi-led-growth-in-east-central-europe/" />
<meta property="og:locale" content="en_US" />
<meta property="og:type" content="article" />
<meta property="og:title" content="Medve-Bálint, G., Éltető, A.: Economic nationalists, regional investment aid, and the stability of FDI-led growth in East Central Europe - VGI" />
<meta property="og:description" content="Economic nationalists, regional investment aid, and the stability of FDI-led growth in East Central Europe &nbsp; Authors: Gergő Medve-Bálint, Andrea Éltető In: Journal of European Public Policy, 2024 DOI: 10.1080/13501763.2024.2305834 &nbsp; Abstract Although economic nationalist governments in East Central Europe (ECE) have strongly challenged FDI-dependence, FDI-led growth has remained stable across the region. The political [&hellip;]" />
<meta property="og:url" content="https://vgi.krtk.hu/en/publikacio/medve-balint-g-elteto-a-economic-nationalists-regional-investment-aid-and-the-stability-of-fdi-led-growth-in-east-central-europe/" />
<meta property="og:site_name" content="VGI" />
<meta property="article:modified_time" content="2024-02-08T08:20:21+00:00" />
<meta property="og:image" content="https://vgi.krtk.hu/wp-content/uploads/2024/02/JournalofEuropeanPublicPolicy.gif" />
	<meta property="og:image:width" content="823" />
	<meta property="og:image:height" content="1100" />
	<meta property="og:image:type" content="image/gif" />
<meta name="twitter:card" content="summary_large_image" />
<meta name="twitter:label1" content="Est. reading time" />
	<meta name="twitter:data1" content="2 minutes" />
<script type="application/ld+json" class="yoast-schema-graph">{"@context":"https://schema.org","@graph":[{"@type":"WebPage","@id":"https://vgi.krtk.hu/en/publikacio/medve-balint-g-elteto-a-economic-nationalists-regional-investment-aid-and-the-stability-of-fdi-led-growth-in-east-central-europe/","url":"https://vgi.krtk.hu/en/publikacio/medve-balint-g-elteto-a-economic-nationalists-regional-investment-aid-and-the-stability-of-fdi-led-growth-in-east-central-europe/","name":"Medve-Bálint, G., Éltető, A.: Economic nationalists, regional investment aid, and the stability of FDI-led growth in East Central Europe - VGI","isPartOf":{"@id":"https://vgi.krtk.hu/#website"},"primaryImageOfPage":{"@id":"https://vgi.krtk.hu/en/publikacio/medve-balint-g-elteto-a-economic-nationalists-regional-investment-aid-and-the-stability-of-fdi-led-growth-in-east-central-europe/#primaryimage"},"image":{"@id":"https://vgi.krtk.hu/en/publikacio/medve-balint-g-elteto-a-economic-nationalists-regional-investment-aid-and-the-stability-of-fdi-led-growth-in-east-central-europe/#primaryimage"},"thumbnailUrl":"https://vgi.krtk.hu/wp-content/uploads/2024/02/JournalofEuropeanPublicPolicy.gif","datePublished":"2024-02-08T08:18:11+00:00","dateModified":"2024-02-08T08:20:21+00:00","inLanguage":"en-US","potentialAction":[{"@type":"ReadAction","target":["https://vgi.krtk.hu/en/publikacio/medve-balint-g-elteto-a-economic-nationalists-regional-investment-aid-and-the-stability-of-fdi-led-growth-in-east-central-europe/"]}]},{"@type":"ImageObject","inLanguage":"en-US","@id":"https://vgi.krtk.hu/en/publikacio/medve-balint-g-elteto-a-economic-nationalists-regional-investment-aid-and-the-stability-of-fdi-led-growth-in-east-central-europe/#primaryimage","url":"https://vgi.krtk.hu/wp-content/uploads/2024/02/JournalofEuropeanPublicPolicy.gif","contentUrl":"https://vgi.krtk.hu/wp-content/uploads/2024/02/JournalofEuropeanPublicPolicy.gif","width":823,"height":1100},{"@type":"WebSite","@id":"https://vgi.krtk.hu/#website","url":"https://vgi.krtk.hu/","name":"VGI","description":"Világgazdasági Intézet","publisher":{"@id":"https://vgi.krtk.hu/#organization"},"potentialAction":[{"@type":"SearchAction","target":{"@type":"EntryPoint","urlTemplate":"https://vgi.krtk.hu/?s={search_term_string}"},"query-input":{"@type":"PropertyValueSpecification","valueRequired":true,"valueName":"search_term_string"}}],"inLanguage":"en-US"},{"@type":"Organization","@id":"https://vgi.krtk.hu/#organization","name":"VGI","url":"https://vgi.krtk.hu/","logo":{"@type":"ImageObject","inLanguage":"en-US","@id":"https://vgi.krtk.hu/#/schema/logo/image/","url":"https://vgi.krtk.hu/wp-content/uploads/2022/08/cropped-Group-960-1.png","contentUrl":"https://vgi.krtk.hu/wp-content/uploads/2022/08/cropped-Group-960-1.png","width":199,"height":57,"caption":"VGI"},"image":{"@id":"https://vgi.krtk.hu/#/schema/logo/image/"}}]}</script>
<!-- / Yoast SEO plugin. -->

Medve-Bálint, G., Éltető, A.: Economic nationalists, regional investment aid, and the stability of FDI-led growth in East Central Europe - VGI

Economic nationalists, regional investment aid, and the stability of FDI-led growth in East Central Europe &nbsp; Authors: Gergő Medve-Bálint, Andrea Éltető In: Journal of European Public Policy, 2024 DOI: 10.1080/13501763.2024.2305834 &nbsp; Abstract Although economic nationalist governments in East Central Europe (ECE) have strongly challenged FDI-dependence, FDI-led growth has remained stable across the region. The political [&hellip;]

Világgazdasági Intézet
